597
CXUS51 KBTV 010800
CF6BTV
PRELIMINARY LOCAL CLIMATOLOGICAL DATA (WS FORM: F-6)
STATION: BURLINGTON VT
MONTH: OCTOBER
YEAR: 2020
LATITUDE: 44 28 N
LONGITUDE: 73 9 W
TEMPERATURE IN F: :PCPN: SNOW: WIND :SUNSHINE: SKY :PK WND
================================================================================
1 2 3 4 5 6A 6B 7 8 9 10 11 12 13 14 15 16 17 18
12Z AVG MX 2MIN
DY MAX MIN AVG DEP HDD CDD WTR SNW DPTH SPD SPD DIR MIN PSBL S-S WX SPD DR
================================================================================
1 69 51 60 6 5 0 0.00 0.0 0 8.4 18 200 M M 6 25 180
2 57 46 52 -1 13 0 0.56 0.0 0 2.9 18 290 M M 8 1 24 300
3 59 46 53 0 12 0 0.12 0.0 0 3.5 13 290 M M 9 1 16 290
4 62 44 53 0 12 0 0.00 0.0 0 4.7 16 170 M M 6 1 20 190
5 66 47 57 5 8 0 0.00 0.0 M 4.3 13 200 M M 8 17 240
6 67 51 59 7 6 0 0.00 0.0 0 11.6 23 190 M M 7 31 200
7 61 52 57 6 8 0 0.49 0.0 0 13.8 25 350 M M 9 3 37 320
8 53 35 44 -7 21 0 T 0.0 0 11.5 24 310 M M 7 8 32 320
9 59 30 45 -5 20 0 0.00 0.0 0 7.8 21 180 M M 3 28 180
10 74 53 64 14 1 0 0.41 0.0 0 17.5 28 190 M M 6 13 39 200
11 58 36 47 -3 18 0 0.00 0.0 0 8.4 23 330 M M 4 28 340
12 62 32 47 -2 18 0 0.00 0.0 0 6.5 17 130 M M 2 23 150
13 53 48 51 2 14 0 0.19 0.0 0 6.2 14 160 M M 9 1 19 150
14 67 43 55 6 10 0 0.00 0.0 0 3.4 17 310 M M 4 12 23 330
15 78 44 61 13 4 0 0.05 0.0 0 13.1 32 190 M M 5 1 45 200
16 55 47 51 3 14 0 0.72 0.0 0 2.9 12 20 M M 10 1 14 10
17 57 37 47 -1 18 0 0.00 0.0 0 4.3 14 320 M M 5 20 310
18 60 36 48 1 17 0 0.00 0.0 0 10.8 25 190 M M 6 37 200
19 58 54 56 9 9 0 0.26 0.0 0 11.5 26 190 M M 10 1 36 180
20 59 48 54 7 11 0 0.07 0.0 0 10.5 23 180 M M 10 1 31 200
21 68 47 58 12 7 0 0.21 0.0 0 8.3 23 180 M M 8 1 30 180
22 60 46 53 7 12 0 T 0.0 0 2.3 7 340 M M 7 8 80
23 76 53 65 19 0 0 T 0.0 0 14.0 25 190 M M 6 35 180
24 65 43 54 9 11 0 0.12 0.0 0 16.1 28 180 M M 8 1 41 170
25 45 34 40 -5 25 0 0.00 0.0 0 7.8 20 330 M M 9 25 330
26 47 39 43 -2 22 0 0.08 T 0 6.9 17 340 M M 10 1 21 190
27 45 33 39 -5 26 0 0.01 T 0 6.9 15 350 M M 9 1 19 350
28 52 35 44 0 21 0 T 0.0 0 6.8 17 190 M M 9 23 190
29 47 35 41 -3 24 0 0.14 0.0 0 5.4 16 360 M M 9 1 20 10
30 38 24 31 -13 34 0 0.00 0.0 0 8.4 16 340 M M 5 22 330
31 43 20 32 -11 33 0 0.00 0.0 0 7.0 20 190 M M 0 25 180
================================================================================
SM 1820 1289 454 0 3.43 T 253.5 M 214
================================================================================
AV 58.7 41.6 8.2 FASTST M M 7 MAX(MPH)
MISC ----> 32 190 45 200
================================================================================
NOTES:
# LAST OF SEVERAL OCCURRENCES
COLUMN 17 PEAK WIND IN M.P.H.
PRELIMINARY LOCAL CLIMATOLOGICAL DATA (WS FORM: F-6) , PAGE 2
STATION: BURLINGTON VT
MONTH: OCTOBER
YEAR: 2020
LATITUDE: 44 28 N
LONGITUDE: 73 9 W
[TEMPERATURE DATA] [PRECIPITATION DATA] SYMBOLS USED IN COLUMN 16
AVERAGE MONTHLY: 50.1 TOTAL FOR MONTH: 3.43 1 = FOG OR MIST
DPTR FM NORMAL: 2.0 DPTR FM NORMAL: -0.17 2 = FOG REDUCING VISIBILITY
HIGHEST: 78 ON 15 GRTST 24HR 0.77 ON 15-16 TO 1/4 MILE OR LESS
LOWEST: 20 ON 31 3 = THUNDER
SNOW, ICE PELLETS, HAIL 4 = ICE PELLETS
TOTAL MONTH: T 5 = HAIL
GRTST 24HR T ON 26-26 6 = FREEZING RAIN OR DRIZZLE
GRTST DEPTH: 0 7 = DUSTSTORM OR SANDSTORM:
VSBY 1/2 MILE OR LESS
8 = SMOKE OR HAZE
[NO. OF DAYS WITH] [WEATHER - DAYS WITH] 9 = BLOWING SNOW
X = TORNADO
MAX 32 OR BELOW: 0 0.01 INCH OR MORE: 14
MAX 90 OR ABOVE: 0 0.10 INCH OR MORE: 10
MIN 32 OR BELOW: 4 0.50 INCH OR MORE: 2
MIN 0 OR BELOW: 0 1.00 INCH OR MORE: 0
[HDD (BASE 65) ]
TOTAL THIS MO. 454 CLEAR (SCALE 0-3) 3
DPTR FM NORMAL -70 PTCLDY (SCALE 4-7) 15
TOTAL FM JUL 1 605 CLOUDY (SCALE 8-10) 13
DPTR FM NORMAL -135
[CDD (BASE 65) ]
TOTAL THIS MO. 0
DPTR FM NORMAL -2 [PRESSURE DATA]
TOTAL FM JAN 1 895 HIGHEST SLP 30.53 ON 31
DPTR FM NORMAL 404 LOWEST SLP 29.37 ON 7
[REMARKS]
#FINAL-10-20#