000
CXUS51 KBUF 010905
CF6BUF
PRELIMINARY LOCAL CLIMATOLOGICAL DATA (WS FORM: F-6)
STATION: BUFFALO NY
MONTH: JANUARY
YEAR: 2021
LATITUDE: 42 55 N
LONGITUDE: 78 44 W
TEMPERATURE IN F: :PCPN: SNOW: WIND :SUNSHINE: SKY :PK WND
================================================================================
1 2 3 4 5 6A 6B 7 8 9 10 11 12 13 14 15 16 17 18
12Z AVG MX 2MIN
DY MAX MIN AVG DEP HDD CDD WTR SNW DPTH SPD SPD DIR MIN PSBL S-S WX SPD DR
================================================================================
1 34 27 31 5 34 0 0.22 0.0 T 7.7 15 100 M M 9 16 19 100
2 36 32 34 8 31 0 0.53 T T 6.5 17 300 M M 10 1 22 280
3 37 32 35 9 30 0 0.02 0.2 T 6.5 15 270 M M 10 14 20 260
4 36 33 35 9 30 0 T T T 2.0 8 300 M M 10 18 10 360
5 37 33 35 9 30 0 T T T 3.9 10 40 M M 10 1 14 30
6 34 32 33 7 32 0 T T T 7.2 14 330 M M 10 1 18 350
7 33 27 30 5 35 0 T T T 5.4 13 350 M M 9 15 350
8 28 21 25 0 40 0 0.00 0.0 T 4.3 14 50 M M 8 15 50
9 39 19 29 4 36 0 0.00 0.0 T 3.8 12 300 M M 6 13 310
10 33 25 29 4 36 0 0.00 0.0 T 6.2 17 260 M M 8 25 270
11 39 27 33 8 32 0 0.01 T T 9.1 22 250 M M 8 1 30 240
12 33 29 31 6 34 0 0.10 0.3 0 11.0 22 260 M M 10 16 31 270
13 39 31 35 10 30 0 T T T 13.3 23 220 M M 8 1 29 210
14 41 36 39 14 26 0 0.00 0.0 T 7.1 15 240 M M 10 18 22 250
15 44 34 39 14 26 0 0.09 0.0 0 10.3 20 170 M M 9 1 25 170
16 38 32 35 10 30 0 0.01 T 0 9.4 24 270 M M 8 1 33 260
17 41 32 37 13 28 0 0.02 0.2 T 14.7 24 250 M M 9 1 34 260
18 34 30 32 8 33 0 0.07 0.8 T 7.3 17 260 M M 9 1 22 260
19 34 29 32 8 33 0 0.30 2.8 2 13.7 28 260 M M 9 1 36 240
20 30 22 26 2 39 0 0.02 0.2 2 11.2 21 190 M M 10 1 29 200
21 37 23 30 6 35 0 T T 2 17.9 29 250 M M 10 38 250
22 35 22 29 5 36 0 0.01 0.1 1 15.3 23 270 M M 10 1 29 290
23 25 19 22 -2 43 0 0.10 0.5 2 13.1 21 290 M M 8 28 310
24 27 20 24 0 41 0 T T 1 4.4 10 270 M M 9 13 260
25 36 21 29 5 36 0 0.00 0.0 1 4.1 13 50 M M 8 15 60
26 32 27 30 6 35 0 0.28 1.8 1 12.3 21 70 M M 9 1246 26 70
27 28 20 24 0 41 0 T 0.4 2 8.6 15 340 M M 9 16 19 310
28 20 14 17 -7 48 0 0.03 0.9 2 11.6 23 300 M M 8 18 32 290
29 20 13 17 -7 48 0 0.04 2.0 3 9.5 22 330 M M 10 1 26 320
30 28 11 20 -4 45 0 T T 4 3.6 10 340 M M 6 1 13 250
31 27 13 20 -4 45 0 0.00 0.0 4 14.7 22 70 M M 9 27 70
================================================================================
SM 1035 786 1098 0 1.85 10.2 275.7 M 276
================================================================================
AV 33.4 25.4 8.9 FASTST M M 9 MAX(MPH)
MISC ----> 29 250 38 250
================================================================================
NOTES:
# LAST OF SEVERAL OCCURRENCES
COLUMN 17 PEAK WIND IN M.P.H.
PRELIMINARY LOCAL CLIMATOLOGICAL DATA (WS FORM: F-6) , PAGE 2
STATION: BUFFALO NY
MONTH: JANUARY
YEAR: 2021
LATITUDE: 42 55 N
LONGITUDE: 78 44 W
[TEMPERATURE DATA] [PRECIPITATION DATA] SYMBOLS USED IN COLUMN 16
AVERAGE MONTHLY: 29.4 TOTAL FOR MONTH: 1.85 1 = FOG OR MIST
DPTR FM NORMAL: 4.5 DPTR FM NORMAL: -1.33 2 = FOG REDUCING VISIBILITY
HIGHEST: 44 ON 15 GRTST 24HR 0.62 ON 1- 2 TO 1/4 MILE OR LESS
LOWEST: 11 ON 30 3 = THUNDER
SNOW, ICE PELLETS, HAIL 4 = ICE PELLETS
TOTAL MONTH: 10.2 INCHES 5 = HAIL
GRTST 24HR 2.8 ON 19-19 6 = FREEZING RAIN OR DRIZZLE
GRTST DEPTH: 4 ON 31,30 7 = DUSTSTORM OR SANDSTORM:
VSBY 1/2 MILE OR LESS
8 = SMOKE OR HAZE
[NO. OF DAYS WITH] [WEATHER - DAYS WITH] 9 = BLOWING SNOW
X = TORNADO
MAX 32 OR BELOW: 10 0.01 INCH OR MORE: 16
MAX 90 OR ABOVE: 0 0.10 INCH OR MORE: 6
MIN 32 OR BELOW: 27 0.50 INCH OR MORE: 1
MIN 0 OR BELOW: 0 1.00 INCH OR MORE: 0
[HDD (BASE 65) ]
TOTAL THIS MO. 1098 CLEAR (SCALE 0-3) 0
DPTR FM NORMAL -146 PTCLDY (SCALE 4-7) 8
TOTAL FM JUL 1 3120 CLOUDY (SCALE 8-10) 23
DPTR FM NORMAL -543
[CDD (BASE 65) ]
TOTAL THIS MO. 0
DPTR FM NORMAL 0 [PRESSURE DATA]
TOTAL FM JAN 1 0 HIGHEST SLP 30.48 ON 1
DPTR FM NORMAL 0 LOWEST SLP 29.47 ON 16
[REMARKS]
#FINAL-01-21#