404
CXUS51 KBUF 010905
CF6BUF
PRELIMINARY LOCAL CLIMATOLOGICAL DATA (WS FORM: F-6)
STATION: BUFFALO NY
MONTH: JULY
YEAR: 2020
LATITUDE: 42 55 N
LONGITUDE: 78 44 W
TEMPERATURE IN F: :PCPN: SNOW: WIND :SUNSHINE: SKY :PK WND
================================================================================
1 2 3 4 5 6A 6B 7 8 9 10 11 12 13 14 15 16 17 18
12Z AVG MX 2MIN
DY MAX MIN AVG DEP HDD CDD WTR SNW DPTH SPD SPD DIR MIN PSBL S-S WX SPD DR
================================================================================
1 87 65 76 6 0 11 0.00 0.0 0 4.8 15 30 M M 3 19 30
2 87 68 78 8 0 13 0.00 0.0 0 9.1 20 240 M M 1 26 250
3 90 72 81 11 0 16 0.00 0.0 0 8.3 17 350 M M 5 3 26 350
4 90 70 80 10 0 15 0.00 0.0 0 5.1 15 50 M M 3 8 18 40
5 91 63 77 6 0 12 0.00 0.0 0 5.5 13 250 M M 5 8 18 230
6 94 67 81 10 0 16 0.00 0.0 0 5.8 15 50 M M 2 20 50
7 94 69 82 11 0 17 0.00 0.0 0 9.2 16 200 M M 2 20 230
8 92 76 84 13 0 19 0.00 0.0 0 9.3 16 230 M M 4 22 220
9 98 72 85 14 0 20 T 0.0 0 6.1 18 250 M M 3 3 26 90
10 97 76 87 16 0 22 T 0.0 0 8.0 22 230 M M 5 3 27 230
11 83 71 77 6 0 12 1.21 0.0 0 8.1 22 280 M M 8 13 28 290
12 81 68 75 4 0 10 T 0.0 0 10.4 20 250 M M M 24 220
13 77 64 71 0 0 6 0.47 0.0 0 7.6 20 210 M M 7 3 24 240
14 80 64 72 1 0 7 0.00 0.0 0 5.3 13 210 M M 6 16 240
15 88 64 76 5 0 11 0.00 0.0 0 5.0 14 200 M M 3 18 170
16 81 73 77 6 0 12 0.86 0.0 0 9.2 16 230 M M 9 13 21 230
17 82 71 77 6 0 12 0.03 0.0 0 10.1 17 230 M M 5 1 33 220
18 89 65 77 6 0 12 0.00 0.0 0 9.6 22 260 M M 4 27 250
19 89 73 81 10 0 16 0.21 0.0 0 13.0 33 270 M M 6 13 43 250
20 83 71 77 6 0 12 0.00 0.0 0 13.8 25 250 M M 5 34 250
21 84 66 75 4 0 10 0.00 0.0 0 4.8 12 40 M M 4 13 30
22 82 70 76 5 0 11 0.42 0.0 0 9.1 24 240 M M 8 13 28 240
23 83 71 77 6 0 12 T 0.0 0 5.8 14 320 M M 7 3 17 310
24 85 68 77 6 0 12 0.00 0.0 0 4.8 13 20 M M 4 16 40
25 87 68 78 7 0 13 0.00 0.0 0 5.3 14 210 M M 6 16 210
26 86 66 76 5 0 11 0.00 0.0 0 13.1 24 230 M M 4 34 230
27 85 74 80 9 0 15 0.03 0.0 0 16.2 29 250 M M 5 3 39 250
28 83 70 77 6 0 12 0.01 0.0 0 11.6 24 250 M M 3 32 240
29 82 68 75 4 0 10 0.18 0.0 0 10.6 26 240 M M 5 138 34 250
30 83 68 76 5 0 11 0.00 0.0 0 4.8 14 230 M M 5 18 310
31 85 64 75 4 0 10 0.00 0.0 0 5.0 16 30 M M 3 23 50
================================================================================
SM 2678 2135 0 398 3.42 0.0 254.4 M 140
================================================================================
AV 86.4 68.9 8.2 FASTST M M 5 MAX(MPH)
MISC ----> # 33 270 # 43 250
================================================================================
NOTES:
# LAST OF SEVERAL OCCURRENCES
COLUMN 17 PEAK WIND IN M.P.H.
PRELIMINARY LOCAL CLIMATOLOGICAL DATA (WS FORM: F-6) , PAGE 2
STATION: BUFFALO NY
MONTH: JULY
YEAR: 2020
LATITUDE: 42 55 N
LONGITUDE: 78 44 W
[TEMPERATURE DATA] [PRECIPITATION DATA] SYMBOLS USED IN COLUMN 16
AVERAGE MONTHLY: 77.6 TOTAL FOR MONTH: 3.42 1 = FOG OR MIST
DPTR FM NORMAL: 6.5 DPTR FM NORMAL: 0.19 2 = FOG REDUCING VISIBILITY
HIGHEST: 98 ON 9 GRTST 24HR 1.21 ON 11-11 TO 1/4 MILE OR LESS
LOWEST: 63 ON 5 3 = THUNDER
SNOW, ICE PELLETS, HAIL 4 = ICE PELLETS
TOTAL MONTH: 0.0 INCH 5 = HAIL
GRTST 24HR 0.0 6 = FREEZING RAIN OR DRIZZLE
GRTST DEPTH: 0 7 = DUSTSTORM OR SANDSTORM:
VSBY 1/2 MILE OR LESS
8 = SMOKE OR HAZE
[NO. OF DAYS WITH] [WEATHER - DAYS WITH] 9 = BLOWING SNOW
X = TORNADO
MAX 32 OR BELOW: 0 0.01 INCH OR MORE: 9
MAX 90 OR ABOVE: 8 0.10 INCH OR MORE: 6
MIN 32 OR BELOW: 0 0.50 INCH OR MORE: 2
MIN 0 OR BELOW: 0 1.00 INCH OR MORE: 1
[HDD (BASE 65) ]
TOTAL THIS MO. 0 CLEAR (SCALE 0-3) 7
DPTR FM NORMAL -9 PTCLDY (SCALE 4-7) 21
TOTAL FM JUL 1 0 CLOUDY (SCALE 8-10) 2
DPTR FM NORMAL -9
[CDD (BASE 65) ]
TOTAL THIS MO. 398
DPTR FM NORMAL 201 [PRESSURE DATA]
TOTAL FM JAN 1 586 HIGHEST SLP 30.15 ON 15
DPTR FM NORMAL 260 LOWEST SLP 29.57 ON 11
[REMARKS]
#FINAL-07-20#