000
CXUS56 KLOX 011155
CF6BUR
PRELIMINARY LOCAL CLIMATOLOGICAL DATA (WS FORM: F-6)
STATION: HOLLYWOOD/BURBANK AIRPORT CA
MONTH: OCTOBER
YEAR: 2023
LATITUDE: 34 12 N
LONGITUDE: 118 22 W
TEMPERATURE IN F: :PCPN: SNOW: WIND :SUNSHINE: SKY :PK WND
================================================================================
1 2 3 4 5 6A 6B 7 8 9 10 11 12 13 14 15 16 17 18
12Z AVG MX 2MIN
DY MAX MIN AVG DEP HDD CDD WTR SNW DPTH SPD SPD DIR MIN PSBL S-S WX SPD DR
================================================================================
1 68 56 62 -10 3 0 0.00 M M 5.8 16 140 M M 4 26 130
2 72 52 62 -9 3 0 0.00 M M 4.1 12 200 M M 0 18 230
3 83 56 70 -1 0 5 0.00 M M 3.5 13 180 M M 0 18 210
4 90 59 75 4 0 10 0.00 M M 3.9 12 160 M M 0 16 150
5 96 63 80 9 0 15 0.00 M M 3.5 13 190 M M 0 18 250
6 97 64 81 11 0 16 0.00 M M 3.5 12 190 M M 0 19 220
7 95 65 80 10 0 15 0.00 M M 3.8 10 120 M M 0 16 100
8 91 65 78 8 0 13 0.00 M M 3.4 10 170 M M 0 20 130
9 83 59 71 1 0 6 0.00 M M 5.4 13 140 M M 0 128 22 120
10 75 59 67 -3 0 2 0.00 M M 4.9 13 170 M M 2 8 20 160
11 77 60 69 -1 0 4 0.00 M M 6.1 18 280 M M 2 29 270
12 81 55 68 -1 0 3 0.00 M M 3.9 10 90 M M 0 17 50
13 82 57 70 1 0 5 0.00 M M 3.5 12 170 M M 0 18 170
14 83 56 70 1 0 5 0.00 M M 3.1 13 250 M M 0 15 260
15 93 57 75 6 0 10 0.00 M M 2.7 13 150 M M 0 16 140
16 90 59 75 7 0 10 0.00 M M 3.2 10 110 M M 0 19 230
17 85 59 72 4 0 7 0.00 M M 3.7 10 110 M M 0 17 80
18 93 59 76 8 0 11 0.00 M M 4.2 13 100 M M 0 25 110
19 93 62 78 10 0 13 0.00 M M 3.1 10 170 M M 0 15 150
20 95 65 80 12 0 15 0.00 M M 4.5 13 280 M M 0 25 140
21 87 63 75 8 0 10 0.00 M M 4.8 14 150 M M 0 21 110
22 75 57 66 -1 0 1 0.00 M M 6.0 14 170 M M 2 20 220
23 73 61 67 0 0 2 0.00 M M 5.0 12 150 M M 4 23 110
24 74 56 65 -2 0 0 0.00 M M 3.6 12 180 M M 2 1 30 50
25 69 61 65 -2 0 0 T M M 5.2 14 150 M M 10 1 19 170
26 73 58 66 0 0 1 0.00 M M 4.3 13 180 M M 2 18 170
27 73 54 64 -2 1 0 0.00 M M 2.8 13 190 M M 2 17 140
28 74 50 62 -4 3 0 0.00 M M 4.6 13 160 M M 0 17 150
29 78 52 65 -1 0 0 0.00 M M 13.5 33 20 M M 0 44 40
30 80 46 63 -3 2 0 0.00 M M 2.8 8 140 M M 0 14 150
31 83 49 66 1 0 1 0.00 M M 2.6 10 180 M M 0 18 200
================================================================================
SM 2561 1794 12 180 T M 135.0 M 30
================================================================================
AV 82.6 57.9 4.4 FASTST M M 1 MAX(MPH)
MISC ----> 33 20 44 40
================================================================================
NOTES:
# LAST OF SEVERAL OCCURRENCES
COLUMN 17 PEAK WIND IN M.P.H.
PRELIMINARY LOCAL CLIMATOLOGICAL DATA (WS FORM: F-6) , PAGE 2
STATION: HOLLYWOOD/BURBANK AIRPORT CA
MONTH: OCTOBER
YEAR: 2023
LATITUDE: 34 12 N
LONGITUDE: 118 22 W
[TEMPERATURE DATA] [PRECIPITATION DATA] SYMBOLS USED IN COLUMN 16
AVERAGE MONTHLY: 70.2 TOTAL FOR MONTH: T 1 = FOG OR MIST
DPTR FM NORMAL: 1.8 DPTR FM NORMAL: -0.60 2 = FOG REDUCING VISIBILITY
HIGHEST: 97 ON 6 GRTST 24HR T ON 30- 1 TO 1/4 MILE OR LESS
LOWEST: 46 ON 30 3 = THUNDER
SNOW, ICE PELLETS, HAIL 4 = ICE PELLETS
TOTAL MONTH: M 5 = HAIL
GRTST 24HR M ON M 6 = FREEZING RAIN OR DRIZZLE
GRTST DEPTH: M ON M 7 = DUSTSTORM OR SANDSTORM:
VSBY 1/2 MILE OR LESS
8 = SMOKE OR HAZE
[NO. OF DAYS WITH] [WEATHER - DAYS WITH] 9 = BLOWING SNOW
X = TORNADO
MAX 32 OR BELOW: 0 0.01 INCH OR MORE: 0
MAX 90 OR ABOVE: 10 0.10 INCH OR MORE: 0
MIN 32 OR BELOW: 0 0.50 INCH OR MORE: 0
MIN 0 OR BELOW: 0 1.00 INCH OR MORE: 0
[HDD (BASE 65) ]
TOTAL THIS MO. 12 CLEAR (SCALE 0-3) 28
DPTR FM NORMAL -22 PTCLDY (SCALE 4-7) 2
TOTAL FM JUL 1 13 CLOUDY (SCALE 8-10) 1
DPTR FM NORMAL -22
[CDD (BASE 65) ]
TOTAL THIS MO. 180
DPTR FM NORMAL 39 [PRESSURE DATA]
TOTAL FM JAN 1 1303 HIGHEST SLP 30.10 ON 30
DPTR FM NORMAL -147 LOWEST SLP 29.59 ON 11
[REMARKS]
#FINAL-10-23#