000
CXUS54 KTSA 011147
CF6BVO
PRELIMINARY LOCAL CLIMATOLOGICAL DATA (WS FORM: F-6)
STATION: BARTLESVILLE OKLAHOMA
MONTH: AUGUST
YEAR: 2021
LATITUDE: 36 45 N
LONGITUDE: 96 0 W
TEMPERATURE IN F: :PCPN: SNOW: WIND :SUNSHINE: SKY :PK WND
================================================================================
1 2 3 4 5 6A 6B 7 8 9 10 11 12 13 14 15 16 17 18
12Z AVG MX 2MIN
DY MAX MIN AVG DEP HDD CDD WTR SNW DPTH SPD SPD DIR MIN PSBL S-S WX SPD DR
================================================================================
1 84 64 74 -7 0 9 0.20 0.0 M 4.6 16 20 M M 2 138 22 360
2 86 62 74 -7 0 9 0.00 0.0 M 3.7 15 20 M M 1 18 19 30
3 86 61 74 -7 0 9 0.00 0.0 M 2.0 10 40 M M 0 18 14 20
4 86 58 72 -9 0 7 0.00 0.0 M 1.0 8 30 M M 0 18 11 20
5 87 63 75 -6 0 10 0.00 0.0 M 3.1 16 190 M M 1 1 30 170
6 91 60 76 -5 0 11 0.00 0.0 M 5.9 15 150 M M 0 1 20 130
7 94 69 82 1 0 17 0.00 0.0 M 8.3 20 160 M M 0 1 27 150
8 91 72 82 1 0 17 0.05 0.0 M 7.5 15 220 M M 3 3 26 190
9 92 75 84 4 0 19 0.00 0.0 M 9.3 17 170 M M 3 28 230
10 97 77 87 7 0 22 0.00 0.0 M 9.6 18 170 M M 0 27 200
11 96 75 86 6 0 21 0.00 0.0 M 8.1 17 200 M M 0 27 200
12 99 75 87 7 0 22 0.00 0.0 M 6.3 17 220 M M 0 25 230
13 85 70 78 -2 0 13 0.32 0.0 M 4.5 25 20 M M 3 13 32 30
14 89 70 80 0 0 15 0.00 0.0 M 3.8 13 70 M M 3 18 50
15 90 64 77 -3 0 12 0.00 0.0 M 2.5 12 120 M M 1 3 15 90
16 90 69 80 0 0 15 T 0.0 M 3.6 15 130 M M 1 138 21 130
17 89 66 78 -2 0 13 0.11 0.0 M 4.3 20 100 M M 1 1 26 100
18 90 66 78 -1 0 13 0.00 0.0 M 5.8 16 160 M M 4 12 20 160
19 90 74 82 3 0 17 T 0.0 M 5.7 15 170 M M 6 1 22 150
20 97 74 86 7 0 21 0.03 0.0 M 8.3 17 160 M M 4 13 24 200
21 89 70 80 1 0 15 0.18 0.0 M 3.1 13 360 M M 6 13 21 340
22 96 74 85 6 0 20 0.00 0.0 M 4.6 13 160 M M 1 19 160
23 100 72 86 8 0 21 0.00 0.0 M 5.7 17 200 M M 0 26 200
24 100 66 83 5 0 18 0.00 0.0 M 7.4 21 160 M M 0 1 31 170
25 100 70 85 7 0 20 0.00 0.0 M 6.5 17 160 M M 0 23 160
26 98 69 84 6 0 19 0.00 0.0 M 3.8 15 150 M M 0 1 20 170
27 97 69 83 6 0 18 0.00 0.0 M 6.4 18 160 M M 0 1 24 150
28 94 69 82 5 0 17 0.00 0.0 M 6.2 18 130 M M 0 26 170
29 94 67 81 4 0 16 0.00 0.0 M 2.3 14 140 M M 1 19 180
30 95 69 82 5 0 17 0.00 0.0 M 1.6 9 130 M M 0 13 70
31 97 67 82 6 0 17 0.00 0.0 M 3.1 13 60 M M 1 M M
================================================================================
SM 2869 2126 0 490 0.89 0.0 158.6 M 42
================================================================================
AV 92.5 68.6 5.1 FASTST M M 1 MAX(MPH)
MISC ----> 25 20 32 30
================================================================================
NOTES:
# LAST OF SEVERAL OCCURRENCES
COLUMN 17 PEAK WIND IN M.P.H.
PRELIMINARY LOCAL CLIMATOLOGICAL DATA (WS FORM: F-6) , PAGE 2
STATION: BARTLESVILLE OKLAHOMA
MONTH: AUGUST
YEAR: 2021
LATITUDE: 36 45 N
LONGITUDE: 96 0 W
[TEMPERATURE DATA] [PRECIPITATION DATA] SYMBOLS USED IN COLUMN 16
AVERAGE MONTHLY: 80.6 TOTAL FOR MONTH: 0.89 1 = FOG OR MIST
DPTR FM NORMAL: 1.3 DPTR FM NORMAL: -2.50 2 = FOG REDUCING VISIBILITY
HIGHEST: 100 ON 25,24 GRTST 24HR 0.32 ON 13-13 TO 1/4 MILE OR LESS
LOWEST: 58 ON 4 3 = THUNDER
SNOW, ICE PELLETS, HAIL 4 = ICE PELLETS
TOTAL MONTH: 0.0 INCH 5 = HAIL
GRTST 24HR 0.0 6 = FREEZING RAIN OR DRIZZLE
GRTST DEPTH: M ON M 7 = DUSTSTORM OR SANDSTORM:
VSBY 1/2 MILE OR LESS
8 = SMOKE OR HAZE
[NO. OF DAYS WITH] [WEATHER - DAYS WITH] 9 = BLOWING SNOW
X = TORNADO
MAX 32 OR BELOW: 0 0.01 INCH OR MORE: 6
MAX 90 OR ABOVE: 22 0.10 INCH OR MORE: 4
MIN 32 OR BELOW: 0 0.50 INCH OR MORE: 0
MIN 0 OR BELOW: 0 1.00 INCH OR MORE: 0
[HDD (BASE 65) ]
TOTAL THIS MO. 0 CLEAR (SCALE 0-3) 26
DPTR FM NORMAL 0 PTCLDY (SCALE 4-7) 5
TOTAL FM JUL 1 0 CLOUDY (SCALE 8-10) 0
DPTR FM NORMAL 0
[CDD (BASE 65) ]
TOTAL THIS MO. 490
DPTR FM NORMAL 47 [PRESSURE DATA]
TOTAL FM JAN 1 1378 HIGHEST SLP M ON M
DPTR FM NORMAL -55 LOWEST SLP 29.70 ON 20
[REMARKS]
#FINAL-08-21#