127
CXUS54 KTSA 011434
CF6BVO
PRELIMINARY LOCAL CLIMATOLOGICAL DATA (WS FORM: F-6)
STATION: BARTLESVILLE OKLAHOMA
MONTH: SEPTEMBER
YEAR: 2020
LATITUDE: 36 45 N
LONGITUDE: 96 0 W
TEMPERATURE IN F: :PCPN: SNOW: WIND :SUNSHINE: SKY :PK WND
================================================================================
1 2 3 4 5 6A 6B 7 8 9 10 11 12 13 14 15 16 17 18
12Z AVG MX 2MIN
DY MAX MIN AVG DEP HDD CDD WTR SNW DPTH SPD SPD DIR MIN PSBL S-S WX SPD DR
================================================================================
1 84 69 77 0 0 12 0.13 0.0 0 5.4 15 170 M M 5 13 21 160
2 82 68 75 -2 0 10 0.85 0.0 0 1.3 9 110 M M 6 12 14 120
3 93 67 80 4 0 15 0.00 0.0 0 2.8 13 20 M M 3 12 18 20
4 92 66 79 3 0 14 0.00 0.0 0 4.1 12 50 M M 2 15 170
5 93 65 79 3 0 14 0.00 0.0 0 3.5 14 210 M M 2 12 19 220
6 95 72 84 9 0 19 0.00 0.0 0 9.8 21 210 M M 0 33 170
7 97 70 84 9 0 19 0.00 0.0 0 9.2 23 220 M M 0 34 220
8 92 59 76 1 0 11 1.58 0.0 0 10.5 22 360 M M 4 13 35 20
9 63 55 59 -15 6 0 0.07 0.0 0 9.2 17 10 M M 9 13 23 20
10 62 54 58 -16 7 0 0.69 0.0 0 4.0 10 10 M M 10 1 17 20
11 66 58 62 -11 3 0 0.03 0.0 0 1.4 9 10 M M 10 1 13 10
12 77 59 68 -5 0 3 0.00 0.0 0 2.2 10 150 M M 5 1 14 150
13 80 57 69 -3 0 4 0.00 0.0 0 3.3 15 20 M M 1 1 18 20
14 79 53 66 -6 0 1 0.00 0.0 0 3.4 13 40 M M 0 1 16 40
15 84 60 72 0 0 7 0.00 0.0 0 0.9 9 20 M M 2 1 12 20
16 87 56 72 1 0 7 0.00 0.0 0 2.2 12 30 M M 1 1 16 60
17 81 59 70 -1 0 5 0.00 0.0 0 5.0 17 20 M M 0 26 360
18 78 53 66 -4 0 1 0.00 0.0 0 3.8 14 20 M M 0 19 30
19 78 51 65 -5 0 0 0.00 0.0 0 1.6 9 140 M M 0 1 13 190
20 79 47 63 -6 2 0 0.00 0.0 0 2.7 12 170 M M 0 1 16 160
21 82 50 66 -3 0 1 0.00 0.0 0 1.8 13 170 M M 2 12 18 170
22 70 64 67 -1 0 2 0.75 0.0 0 3.4 14 170 M M 9 1 16 160
23 77 57 67 -1 0 2 0.00 0.0 0 2.4 10 150 M M 7 1 16 140
24 81 51 66 -2 0 1 0.00 0.0 0 3.3 13 150 M M 2 12 16 210
25 84 54 69 2 0 4 0.00 0.0 0 8.3 20 160 M M 0 1 25 170
26 86 62 74 7 0 9 0.00 0.0 0 9.8 21 170 M M 0 1 31 170
27 76 55 66 0 0 1 0.20 0.0 0 9.8 29 10 M M 9 1 45 10
28 73 44 59 -7 6 0 0.00 0.0 0 3.5 14 350 M M 2 27 350
29 78 39 59 -6 6 0 0.00 0.0 0 2.6 10 250 M M 0 12 16 250
30 89 46 68 3 0 3 0.00 0.0 0 3.3 23 10 M M 0 29 360
================================================================================
SM 2438 1720 30 165 4.30 0.0 134.5 M 91
================================================================================
AV 81.3 57.3 4.5 FASTST M M 3 MAX(MPH)
MISC ----> 29 10 45 10
================================================================================
NOTES:
# LAST OF SEVERAL OCCURRENCES
COLUMN 17 PEAK WIND IN M.P.H.
PRELIMINARY LOCAL CLIMATOLOGICAL DATA (WS FORM: F-6) , PAGE 2
STATION: BARTLESVILLE OKLAHOMA
MONTH: SEPTEMBER
YEAR: 2020
LATITUDE: 36 45 N
LONGITUDE: 96 0 W
[TEMPERATURE DATA] [PRECIPITATION DATA] SYMBOLS USED IN COLUMN 16
AVERAGE MONTHLY: 69.3 TOTAL FOR MONTH: 4.30 1 = FOG OR MIST
DPTR FM NORMAL: -2.0 DPTR FM NORMAL: 0.46 2 = FOG REDUCING VISIBILITY
HIGHEST: 97 ON 7 GRTST 24HR 1.61 ON 8- 9 TO 1/4 MILE OR LESS
LOWEST: 39 ON 29 3 = THUNDER
SNOW, ICE PELLETS, HAIL 4 = ICE PELLETS
TOTAL MONTH: 0.0 INCH 5 = HAIL
GRTST 24HR 0.0 6 = FREEZING RAIN OR DRIZZLE
GRTST DEPTH: 0 7 = DUSTSTORM OR SANDSTORM:
VSBY 1/2 MILE OR LESS
8 = SMOKE OR HAZE
[NO. OF DAYS WITH] [WEATHER - DAYS WITH] 9 = BLOWING SNOW
X = TORNADO
MAX 32 OR BELOW: 0 0.01 INCH OR MORE: 8
MAX 90 OR ABOVE: 6 0.10 INCH OR MORE: 6
MIN 32 OR BELOW: 0 0.50 INCH OR MORE: 4
MIN 0 OR BELOW: 0 1.00 INCH OR MORE: 1
[HDD (BASE 65) ]
TOTAL THIS MO. 30 CLEAR (SCALE 0-3) 19
DPTR FM NORMAL -6 PTCLDY (SCALE 4-7) 6
TOTAL FM JUL 1 30 CLOUDY (SCALE 8-10) 5
DPTR FM NORMAL -4
[CDD (BASE 65) ]
TOTAL THIS MO. 165
DPTR FM NORMAL -58 [PRESSURE DATA]
TOTAL FM JAN 1 1558 HIGHEST SLP 30.28 ON 5
DPTR FM NORMAL -155 LOWEST SLP 29.68 ON 7
[REMARKS]
#FINAL-09-20#