992
CXUS53 KLMK 010810
CF6BWG
PRELIMINARY LOCAL CLIMATOLOGICAL DATA (WS FORM: F-6)
STATION: BOWLING GREEN KY
MONTH: DECEMBER
YEAR: 2020
LATITUDE: 36 58 N
LONGITUDE: 86 26 W
TEMPERATURE IN F: :PCPN: SNOW: WIND :SUNSHINE: SKY :PK WND
================================================================================
1 2 3 4 5 6A 6B 7 8 9 10 11 12 13 14 15 16 17 18
12Z AVG MX 2MIN
DY MAX MIN AVG DEP HDD CDD WTR SNW DPTH SPD SPD DIR MIN PSBL S-S WX SPD DR
================================================================================
1 39 26 33 -10 32 0 0.00 0.0 0 6.7 15 270 M M 3 21 280
2 47 22 35 -7 30 0 0.00 0.0 0 0.6 7 80 M M 0 9 80
3 53 26 40 -2 25 0 0.01 0.0 0 2.9 13 200 M M 6 18 200
4 46 36 41 -1 24 0 0.14 0.0 0 4.3 13 300 M M 8 1 22 300
5 53 32 43 2 22 0 0.00 0.0 0 2.6 7 290 M M 0 1 10 290
6 54 28 41 0 24 0 0.01 0.0 0 3.0 12 310 M M 5 18 18 340
7 40 31 36 -5 29 0 0.00 0.0 0 3.7 12 330 M M 9 20 340
8 42 31 37 -3 28 0 0.00 0.0 0 1.3 7 270 M M 8 10 220
9 62 32 47 7 18 0 0.00 0.0 0 5.7 18 220 M M 0 8 24 220
10 68 32 50 10 15 0 0.00 0.0 0 3.3 13 200 M M 0 18 190
11 65 35 50 11 15 0 T 0.0 0 6.9 18 190 M M 0 25 160
12 67 37 52 13 13 0 0.04 0.0 0 11.9 23 180 M M 5 35 170
13 49 35 42 3 23 0 0.61 0.0 0 2.4 9 310 M M 9 1 16 360
14 41 29 35 -4 30 0 0.24 0.0 0 6.6 13 330 M M 10 1 22 320
15 44 26 35 -3 30 0 T 0.0 0 7.8 18 80 M M 4 25 70
16 43 33 38 0 27 0 0.14 0.0 0 5.8 13 290 M M 10 18 19 280
17 38 26 32 -6 33 0 T T 0 3.9 10 280 M M 7 8 16 290
18 45 22 34 -4 31 0 0.00 0.0 0 2.0 9 140 M M 0 18 14 160
19 49 30 40 2 25 0 0.29 0.0 0 4.7 16 200 M M 6 1 20 200
20 49 31 40 3 25 0 0.11 0.0 0 4.3 9 240 M M 6 18 13 280
21 57 31 44 7 21 0 0.00 0.0 0 10.4 26 260 M M 5 18 39 260
22 53 32 43 6 22 0 0.00 0.0 0 2.5 10 290 M M 0 17 300
23 61 32 47 10 18 0 0.26 0.0 0 13.9 29 180 M M 5 1 42 180
24 50 23 37 0 28 0 0.15 T 0 9.4 20 240 M M 10 1 27 210
25 23 16 20 -16 45 0 T T 0 7.8 17 280 M M 7 8 24 290
26 47 16 32 -4 33 0 0.00 0.0 0 5.5 15 230 M M 0 20 220
27 59 27 43 7 22 0 0.00 0.0 0 11.3 22 190 M M 2 30 180
28 53 30 42 6 23 0 0.00 0.0 0 5.6 14 200 M M 5 21 190
29 46 24 35 -1 30 0 0.00 0.0 0 5.3 15 90 M M 0 18 20 80
30 65 34 50 14 15 0 0.41 0.0 0 11.6 28 190 M M 8 1 40 190
31 40 35 38 2 27 0 0.61 0.0 0 8.8 16 60 M M 10 1 25 50
================================================================================
SM 1548 900 783 0 3.02 T 182.5 M 148
================================================================================
AV 49.9 29.0 5.9 FASTST M M 5 MAX(MPH)
MISC ----> 29 180 42 180
================================================================================
NOTES:
# LAST OF SEVERAL OCCURRENCES
COLUMN 17 PEAK WIND IN M.P.H.
PRELIMINARY LOCAL CLIMATOLOGICAL DATA (WS FORM: F-6) , PAGE 2
STATION: BOWLING GREEN KY
MONTH: DECEMBER
YEAR: 2020
LATITUDE: 36 58 N
LONGITUDE: 86 26 W
[TEMPERATURE DATA] [PRECIPITATION DATA] SYMBOLS USED IN COLUMN 16
AVERAGE MONTHLY: 39.5 TOTAL FOR MONTH: 3.02 1 = FOG OR MIST
DPTR FM NORMAL: 0.9 DPTR FM NORMAL: -1.78 2 = FOG REDUCING VISIBILITY
HIGHEST: 68 ON 10 GRTST 24HR 1.01 ON 30-31 TO 1/4 MILE OR LESS
LOWEST: 16 ON 26,25 3 = THUNDER
SNOW, ICE PELLETS, HAIL 4 = ICE PELLETS
TOTAL MONTH: T 5 = HAIL
GRTST 24HR T ON 17-17 6 = FREEZING RAIN OR DRIZZLE
GRTST DEPTH: 0 7 = DUSTSTORM OR SANDSTORM:
VSBY 1/2 MILE OR LESS
8 = SMOKE OR HAZE
[NO. OF DAYS WITH] [WEATHER - DAYS WITH] 9 = BLOWING SNOW
X = TORNADO
MAX 32 OR BELOW: 1 0.01 INCH OR MORE: 13
MAX 90 OR ABOVE: 0 0.10 INCH OR MORE: 10
MIN 32 OR BELOW: 24 0.50 INCH OR MORE: 2
MIN 0 OR BELOW: 0 1.00 INCH OR MORE: 0
[HDD (BASE 65) ]
TOTAL THIS MO. 783 CLEAR (SCALE 0-3) 11
DPTR FM NORMAL -38 PTCLDY (SCALE 4-7) 13
TOTAL FM JUL 1 1402 CLOUDY (SCALE 8-10) 7
DPTR FM NORMAL -180
[CDD (BASE 65) ]
TOTAL THIS MO. 0
DPTR FM NORMAL -1 [PRESSURE DATA]
TOTAL FM JAN 1 1638 HIGHEST SLP M ON M
DPTR FM NORMAL 146 LOWEST SLP 29.75 ON 23
[REMARKS]
#FINAL-12-20#