000
CXUS53 KLMK 010857
CLMBWG
CLIMATE REPORT
NATIONAL WEATHER SERVICE LOUISVILLE KY
457 AM EDT FRI SEP 01 2023
...................................
...THE BOWLING GREEN KY CLIMATE SUMMARY FOR THE MONTH OF AUGUST 2023...
CLIMATE NORMAL PERIOD 1991 TO 2020
CLIMATE RECORD PERIOD 1870 TO 2023
WEATHER OBSERVED NORMAL DEPART LAST YEAR`S
VALUE DATE(S) VALUE FROM VALUE DATE(S)
NORMAL
................................................................
TEMPERATURE (F)
RECORD
HIGH 110 08/09/1930
08/13/1881
LOW 42 08/31/1946
HIGHEST 99 08/25 MM MM 96 08/28
LOWEST 59 08/19 MM MM 59 08/13
08/31
AVG. MAXIMUM 86.9 89.3 -2.4 89.0
AVG. MINIMUM 68.2 67.7 0.5 68.5
MEAN 77.5 78.5 -1.0 78.8
DAYS MAX >= 90 8 14.7 -6.7 15
DAYS MAX <= 32 0 0.0 0.0 0
DAYS MIN <= 32 0 0.0 0.0 0
DAYS MIN <= 0 0 0.0 0.0 0
PRECIPITATION (INCHES)
RECORD
MAXIMUM 11.33 2014
MINIMUM 0.70 1924
TOTALS 5.93 3.89 2.04 0.96
DAILY AVG. 0.19 0.13 0.06 0.03
DAYS >= .01 11 8.8 2.2 7
DAYS >= .10 9 5.7 3.3 4
DAYS >= .50 4 2.8 1.2 0
DAYS >= 1.00 2 1.4 0.6 0
GREATEST
24 HR. TOTAL 1.90 08/27 TO 08/27
SNOWFALL (INCHES)
RECORDS
TOTAL MM 5
TOTALS 0.0 0.0 0.0 0.0
SINCE 7/1 0.0 0.0 0.0 MM
SNOWDEPTH AVG. 0 0
DAYS >= 1.0 0 0.0 0.0 0
GREATEST
SNOW DEPTH 0 0 MM
DEGREE DAYS
HEATING TOTAL 0 0 0 0
SINCE 7/1 0 0 0 MM
COOLING TOTAL 396 419 -23 435
SINCE 1/1 1322 1409 -87 MM
................................................................
WIND (MPH)
AVERAGE WIND SPEED 4.8
HIGHEST WIND SPEED/DIRECTION 25/080 DATE 08/25
HIGHEST GUST SPEED/DIRECTION 40/100 DATE 08/25
SKY COVER
POSSIBLE SUNSHINE (PERCENT) MM
AVERAGE SKY COVER 0.26
NUMBER OF DAYS FAIR 20
NUMBER OF DAYS PC 11
NUMBER OF DAYS CLOUDY 0
AVERAGE RH (PERCENT) 73
WEATHER CONDITIONS. NUMBER OF DAYS WITH
THUNDERSTORM 11 MIXED PRECIP 0
HEAVY RAIN 8 RAIN 6
LIGHT RAIN 11 FREEZING RAIN 0
LT FREEZING RAIN 0 HAIL 0
HEAVY SNOW 0 SNOW 0
LIGHT SNOW 0 SLEET 0
FOG 20 FOG W/VIS <= 1/4 MILE 3
HAZE 5
- INDICATES NEGATIVE NUMBERS.
R INDICATES RECORD WAS SET OR TIED.
MM INDICATES DATA IS MISSING.
T INDICATES TRACE AMOUNT.
$$