000
CXUS51 KLWX 010815
CF6BWI
PRELIMINARY LOCAL CLIMATOLOGICAL DATA (WS FORM: F-6)
STATION: BALTIMORE MD
MONTH: MARCH
YEAR: 2023
LATITUDE: 39 10 N
LONGITUDE: 76 40 W
TEMPERATURE IN F: :PCPN: SNOW: WIND :SUNSHINE: SKY :PK WND
================================================================================
1 2 3 4 5 6A 6B 7 8 9 10 11 12 13 14 15 16 17 18
12Z AVG MX 2MIN
DY MAX MIN AVG DEP HDD CDD WTR SNW DPTH SPD SPD DIR MIN PSBL S-S WX SPD DR
================================================================================
1 56 30 43 3 22 0 0.00 0.0 0 5.5 16 150 M M 3 1 23 140
2 64 44 54 14 11 0 0.05 0.0 0 6.2 21 280 M M 9 1 31 300
3 50 40 45 5 20 0 0.52 0.0 0 12.2 24 90 M M 8 1 35 90
4 57 36 47 6 18 0 T 0.0 0 12.7 32 280 M M 5 1 46 280
5 63 29 46 5 19 0 0.00 0.0 0 6.0 26 300 M M 2 38 310
6 59 31 45 4 20 0 0.00 0.0 0 3.7 14 120 M M 3 20 360
7 54 39 47 5 18 0 0.00 0.0 0 14.1 29 290 M M 4 44 300
8 54 34 44 2 21 0 0.00 0.0 0 11.8 22 330 M M 1 32 360
9 56 35 46 4 19 0 0.00 0.0 0 7.1 17 330 M M 2 24 330
10 45 33 39 -3 26 0 0.17 0.0 0 6.8 14 280 M M 9 1 21 290
11 49 37 43 0 22 0 0.00 0.0 0 14.0 25 320 M M 7 36 310
12 44 31 38 -5 27 0 0.01 T 0 4.2 12 120 M M 8 14 17 10
13 48 39 44 1 21 0 T 0.0 0 7.2 16 290 M M 9 1 24 290
14 44 33 39 -5 26 0 T T 0 21.7 37 280 M M 5 52 280
15 52 32 42 -2 23 0 0.00 0.0 0 16.8 29 290 M M 2 42 290
16 66 31 49 5 16 0 0.00 0.0 0 5.7 17 260 M M 4 24 280
17 62 43 53 9 12 0 0.01 0.0 0 6.6 25 300 M M 9 8 34 290
18 53 40 47 2 18 0 T 0.0 0 14.3 24 290 M M 7 37 290
19 42 27 35 -10 30 0 0.00 0.0 0 14.2 28 290 M M 3 39 280
20 54 26 40 -6 25 0 0.00 0.0 0 5.2 14 260 M M 1 20 250
21 64 29 47 1 18 0 0.00 0.0 0 3.6 14 130 M M 4 18 120
22 69 39 54 8 11 0 0.00 0.0 0 5.2 17 230 M M 8 25 220
23 80 52 66 20 0 1 0.10 0.0 0 5.7 18 240 M M 8 13 25 240
24 64 44 54 7 11 0 0.35 0.0 0 4.2 17 60 M M 10 1 22 60
25 53 44 49 2 16 0 0.22 0.0 0 5.4 21 100 M M 10 128 28 100
26 68 45 57 9 8 0 0.00 0.0 0 9.5 24 270 M M 2 12 32 270
27 63 41 52 4 13 0 0.06 0.0 0 4.4 14 130 M M 6 1 21 140
28 58 43 51 3 14 0 0.00 0.0 0 7.8 21 330 M M 6 29 310
29 61 34 48 -1 17 0 0.00 0.0 0 5.3 22 310 M M 5 8 36 310
30 54 35 45 -4 20 0 0.00 0.0 0 7.5 22 330 M M 2 28 340
31 66 33 50 1 15 0 T 0.0 0 7.2 26 220 M M 8 42 220
================================================================================
SM 1772 1129 557 1 1.49 T 261.8 M 170
================================================================================
AV 57.2 36.4 8.4 FASTST M M 5 MAX(MPH)
MISC ----> 37 280 52 280
================================================================================
NOTES:
# LAST OF SEVERAL OCCURRENCES
COLUMN 17 PEAK WIND IN M.P.H.
PRELIMINARY LOCAL CLIMATOLOGICAL DATA (WS FORM: F-6) , PAGE 2
STATION: BALTIMORE MD
MONTH: MARCH
YEAR: 2023
LATITUDE: 39 10 N
LONGITUDE: 76 40 W
[TEMPERATURE DATA] [PRECIPITATION DATA] SYMBOLS USED IN COLUMN 16
AVERAGE MONTHLY: 46.8 TOTAL FOR MONTH: 1.49 1 = FOG OR MIST
DPTR FM NORMAL: 2.5 DPTR FM NORMAL: -2.52 2 = FOG REDUCING VISIBILITY
HIGHEST: 80 ON 23 GRTST 24HR 0.52 ON 3- 3 TO 1/4 MILE OR LESS
LOWEST: 26 ON 20 3 = THUNDER
SNOW, ICE PELLETS, HAIL 4 = ICE PELLETS
TOTAL MONTH: T 5 = HAIL
GRTST 24HR T ON 12-12 6 = FREEZING RAIN OR DRIZZLE
GRTST DEPTH: 0 7 = DUSTSTORM OR SANDSTORM:
VSBY 1/2 MILE OR LESS
8 = SMOKE OR HAZE
[NO. OF DAYS WITH] [WEATHER - DAYS WITH] 9 = BLOWING SNOW
X = TORNADO
MAX 32 OR BELOW: 0 0.01 INCH OR MORE: 9
MAX 90 OR ABOVE: 0 0.10 INCH OR MORE: 5
MIN 32 OR BELOW: 9 0.50 INCH OR MORE: 1
MIN 0 OR BELOW: 0 1.00 INCH OR MORE: 0
[HDD (BASE 65) ]
TOTAL THIS MO. 557 CLEAR (SCALE 0-3) 9
DPTR FM NORMAL -85 PTCLDY (SCALE 4-7) 15
TOTAL FM JUL 1 3363 CLOUDY (SCALE 8-10) 7
DPTR FM NORMAL -685
[CDD (BASE 65) ]
TOTAL THIS MO. 1
DPTR FM NORMAL -1 [PRESSURE DATA]
TOTAL FM JAN 1 1 HIGHEST SLP 30.44 ON 21
DPTR FM NORMAL -1 LOWEST SLP 29.26 ON 4
[REMARKS]
#FINAL-03-23#