000
CXUS56 KTFX 011110
CF6BZN
PRELIMINARY LOCAL CLIMATOLOGICAL DATA (WS FORM: F-6)
STATION: BOZEMAN/GALLATIN FIELD MT
MONTH: AUGUST
YEAR: 2021
LATITUDE: 45 46 N
LONGITUDE: 111 9 W
TEMPERATURE IN F: :PCPN: SNOW: WIND :SUNSHINE: SKY :PK WND
================================================================================
1 2 3 4 5 6A 6B 7 8 9 10 11 12 13 14 15 16 17 18
12Z AVG MX 2MIN
DY MAX MIN AVG DEP HDD CDD WTR SNW DPTH SPD SPD DIR MIN PSBL S-S WX SPD DR
================================================================================
1 95 59 77 8 0 12 0.00 0.0 0 4.8 16 160 M M 1 8 22 160
2 85 60 73 4 0 8 0.20 0.0 0 6.7 29 160 M M 5 13 36 160
3 86 61 74 5 0 9 0.00 0.0 0 4.6 10 180 M M 2 18 16 310
4 90 53 72 3 0 7 0.00 0.0 0 4.5 10 140 M M 0 18 13 80
5 89 55 72 3 0 7 0.02 0.0 0 5.6 33 200 M M 2 38 46 210
6 83 55 69 1 0 4 0.01 0.0 0 5.5 28 270 M M 4 3 38 260
7 88 50 69 1 0 4 0.00 0.0 0 6.6 20 240 M M 1 8 27 230
8 92 50 71 3 0 6 0.28 0.0 0 11.6 43 360 M M 3 138 56 360
9 75 43 59 -9 6 0 0.00 0.0 0 6.4 18 280 M M 4 12 29 300
10 85 42 64 -4 1 0 0.00 0.0 0 6.9 21 290 M M 0 27 290
11 93 51 72 5 0 7 0.00 0.0 0 8.2 21 290 M M 0 28 290
12 88 53 71 4 0 6 0.00 0.0 0 4.7 16 340 M M 0 20 330
13 89 50 70 3 0 5 0.00 0.0 0 3.5 14 320 M M 0 8 16 310
14 91 50 71 4 0 6 0.00 0.0 0 4.6 13 360 M M 1 8 17 330
15 91 49 70 4 0 5 0.00 0.0 0 5.6 12 160 M M 3 8 17 190
16 91 54 73 7 0 8 T 0.0 0 6.7 33 170 M M 2 8 45 230
17 93 51 72 6 0 7 0.00 0.0 0 9.6 51 310 M M 1 8 64 290
18 53 49 51 -14 14 0 0.25 0.0 0 5.4 14 270 M M 10 138 18 280
19 57 48 53 -12 12 0 0.84 0.0 0 3.3 9 190 M M 10 1 11 180
20 69 51 60 -5 5 0 0.24 0.0 0 4.0 9 80 M M 8 1 13 80
21 68 48 58 -6 7 0 0.01 0.0 0 3.6 26 260 M M 2 13 37 280
22 76 48 62 -2 3 0 0.00 0.0 0 9.4 22 240 M M 3 31 250
23 86 44 65 1 0 0 0.00 0.0 0 10.4 26 330 M M 1 8 36 320
24 74 40 57 -7 8 0 0.00 0.0 0 5.1 12 290 M M 0 14 310
25 76 45 61 -2 4 0 0.03 0.0 0 5.2 39 230 M M 2 3 54 240
26 74 46 60 -3 5 0 0.00 0.0 0 5.5 23 340 M M 1 29 330
27 71 46 59 -4 6 0 0.04 0.0 0 5.6 28 300 M M 5 138 38 290
28 72 41 57 -5 8 0 0.00 0.0 0 4.2 13 140 M M 2 15 320
29 81 39 60 -2 5 0 0.00 0.0 0 4.5 13 140 M M 0 17 350
30 89 41 65 3 0 0 T 0.0 0 4.9 47 270 M M 0 8 79 250
31 83 45 64 3 1 0 0.00 0.0 0 5.2 20 350 M M 0 8 28 360
================================================================================
SM 2533 1517 85 101 1.92 0.0 182.4 M 73
================================================================================
AV 81.7 48.9 5.9 FASTST M M 2 MAX(MPH)
MISC ----> 51 310 79 250
================================================================================
NOTES:
# LAST OF SEVERAL OCCURRENCES
COLUMN 17 PEAK WIND IN M.P.H.
PRELIMINARY LOCAL CLIMATOLOGICAL DATA (WS FORM: F-6) , PAGE 2
STATION: BOZEMAN/GALLATIN FIELD MT
MONTH: AUGUST
YEAR: 2021
LATITUDE: 45 46 N
LONGITUDE: 111 9 W
[TEMPERATURE DATA] [PRECIPITATION DATA] SYMBOLS USED IN COLUMN 16
AVERAGE MONTHLY: 65.3 TOTAL FOR MONTH: 1.92 1 = FOG OR MIST
DPTR FM NORMAL: -0.5 DPTR FM NORMAL: 0.98 2 = FOG REDUCING VISIBILITY
HIGHEST: 95 ON 1 GRTST 24HR 1.08 ON 19-20 TO 1/4 MILE OR LESS
LOWEST: 39 ON 29 3 = THUNDER
SNOW, ICE PELLETS, HAIL 4 = ICE PELLETS
TOTAL MONTH: 0.0 INCH 5 = HAIL
GRTST 24HR 0.0 6 = FREEZING RAIN OR DRIZZLE
GRTST DEPTH: 0 7 = DUSTSTORM OR SANDSTORM:
VSBY 1/2 MILE OR LESS
8 = SMOKE OR HAZE
[NO. OF DAYS WITH] [WEATHER - DAYS WITH] 9 = BLOWING SNOW
X = TORNADO
MAX 32 OR BELOW: 0 0.01 INCH OR MORE: 10
MAX 90 OR ABOVE: 8 0.10 INCH OR MORE: 5
MIN 32 OR BELOW: 0 0.50 INCH OR MORE: 1
MIN 0 OR BELOW: 0 1.00 INCH OR MORE: 0
[HDD (BASE 65) ]
TOTAL THIS MO. 85 CLEAR (SCALE 0-3) 24
DPTR FM NORMAL 21 PTCLDY (SCALE 4-7) 5
TOTAL FM JUL 1 85 CLOUDY (SCALE 8-10) 2
DPTR FM NORMAL -22
[CDD (BASE 65) ]
TOTAL THIS MO. 101
DPTR FM NORMAL 14 [PRESSURE DATA]
TOTAL FM JAN 1 442 HIGHEST SLP 30.25 ON 13
DPTR FM NORMAL 220 LOWEST SLP 29.42 ON 17
[REMARKS]
#FINAL-08-21#