000
CXUS56 KTFX 161541
CF6BZN
PRELIMINARY LOCAL CLIMATOLOGICAL DATA (WS FORM: F-6)
STATION: BOZEMAN/GALLATIN FIELD MT
MONTH: DECEMBER
YEAR: 2023
LATITUDE: 45 46 N
LONGITUDE: 111 9 W
TEMPERATURE IN F: :PCPN: SNOW: WIND :SUNSHINE: SKY :PK WND
================================================================================
1 2 3 4 5 6A 6B 7 8 9 10 11 12 13 14 15 16 17 18
12Z AVG MX 2MIN
DY MAX MIN AVG DEP HDD CDD WTR SNW DPTH SPD SPD DIR MIN PSBL S-S WX SPD DR
================================================================================
1 39 15 27 3 38 0 T T 0 5.2 20 250 M M 6 8 31 220
2 41 23 32 9 33 0 T T 0 8.6 28 250 M M 7 38 240
3 40 17 29 6 36 0 0.00 0.0 0 4.3 15 300 M M 6 19 290
4 50 36 43 20 22 0 0.00 0.0 0 6.5 22 270 M M 8 33 280
5 60 35 48 26 17 0 0.00 0.0 0 5.0 21 230 M M 3 30 220
6 52 30 41 19 24 0 0.00 0.0 0 4.4 15 60 M M 2 17 60
7 51 24 38 16 27 0 0.33 0.0 0 7.4 18 260 M M 6 1 28 210
8 33 20 27 5 38 0 T 0.5 0 4.9 13 300 M M 8 1 19 280
9 33 12 23 2 42 0 0.00 0.0 0 5.2 10 160 M M 4 14 260
10 38 26 32 11 33 0 0.03 0.1 0 2.7 10 60 M M 10 1 12 50
11 40 29 35 14 30 0 T T T 2.4 8 320 M M 9 1 9 320
12 36 22 29 8 36 0 T T 0 0.8 7 150 M M 9 1 7 140
13 34 13 24 4 41 0 0.00 0.0 0 2.3 9 180 M M 0 11 180
14 38 10 24 4 41 0 0.00 0.0 0 2.9 9 150 M M 0 11 150
15 40 16 28 8 37 0 0.00 0.0 0 2.2 9 180 M M 1 18 11 180
16 41 15 28 8 37 0 0.00 0.0 0 2.1 12 160 M M 0 12 160
17 47 19 33 13 32 0 0.00 0.0 0 3.5 10 150 M M 1 13 160
18 43 17 30 10 35 0 0.00 0.0 0 1.9 12 160 M M 3 13 160
19 52 26 39 19 26 0 0.00 0.0 0 4.3 12 160 M M 5 12 140
20 50 23 37 17 28 0 0.00 0.0 0 2.8 9 150 M M 6 8 10 160
21 53 22 38 18 27 0 0.00 0.0 0 4.1 10 160 M M 0 12 150
22 52 18 35 15 30 0 0.00 0.0 0 3.4 12 160 M M 2 14 130
23 36 20 28 8 37 0 0.23 3.0 T 4.6 21 330 M M 9 12 30 360
24 24 -6 9 -11 56 0 0.00 0.0 3 1.9 7 170 M M 8 128 7 180
25 20 -9 6 -14 59 0 0.00 0.0 3 2.1 9 160 M M 0 18 9 160
26 23 -9 7 -13 58 0 0.00 0.0 3 3.3 10 150 M M 4 8 11 150
27 27 -1 13 -7 52 0 0.00 0.0 3 2.5 8 180 M M 0 9 180
28 36 10 23 3 42 0 0.00 0.0 3 2.7 9 150 M M 4 9 140
29 35 8 22 2 43 0 0.00 0.0 3 2.0 9 200 M M 2 10 190
30 36 7 22 2 43 0 0.00 0.0 2 2.5 8 140 M M 0 9 140
31 37 11 24 4 41 0 0.00 0.0 2 2.2 9 150 M M 0 1 11 180
================================================================================
SM 1237 499 1141 0 0.59 3.6 110.7 M 123
================================================================================
AV 39.9 16.1 3.6 FASTST M M 4 MAX(MPH)
MISC ----> 28 250 38 240
================================================================================
NOTES:
# LAST OF SEVERAL OCCURRENCES
COLUMN 17 PEAK WIND IN M.P.H.
PRELIMINARY LOCAL CLIMATOLOGICAL DATA (WS FORM: F-6) , PAGE 2
STATION: BOZEMAN/GALLATIN FIELD MT
MONTH: DECEMBER
YEAR: 2023
LATITUDE: 45 46 N
LONGITUDE: 111 9 W
[TEMPERATURE DATA] [PRECIPITATION DATA] SYMBOLS USED IN COLUMN 16
AVERAGE MONTHLY: 28.0 TOTAL FOR MONTH: 0.59 1 = FOG OR MIST
DPTR FM NORMAL: 7.3 DPTR FM NORMAL: 0.15 2 = FOG REDUCING VISIBILITY
HIGHEST: 60 ON 5 GRTST 24HR 0.33 ON 7- 7 TO 1/4 MILE OR LESS
LOWEST: -9 ON 26,25 3 = THUNDER
SNOW, ICE PELLETS, HAIL 4 = ICE PELLETS
TOTAL MONTH: 3.6 INCHES 5 = HAIL
GRTST 24HR 3.0 ON 23-23 6 = FREEZING RAIN OR DRIZZLE
GRTST DEPTH: 3 ON 29,28 7 = DUSTSTORM OR SANDSTORM:
VSBY 1/2 MILE OR LESS
8 = SMOKE OR HAZE
[NO. OF DAYS WITH] [WEATHER - DAYS WITH] 9 = BLOWING SNOW
X = TORNADO
MAX 32 OR BELOW: 4 0.01 INCH OR MORE: 3
MAX 90 OR ABOVE: 0 0.10 INCH OR MORE: 2
MIN 32 OR BELOW: 29 0.50 INCH OR MORE: 0
MIN 0 OR BELOW: 4 1.00 INCH OR MORE: 0
[HDD (BASE 65) ]
TOTAL THIS MO. 1141 CLEAR (SCALE 0-3) 14
DPTR FM NORMAL -232 PTCLDY (SCALE 4-7) 13
TOTAL FM JUL 1 2917 CLOUDY (SCALE 8-10) 4
DPTR FM NORMAL -554
[CDD (BASE 65) ]
TOTAL THIS MO. 0
DPTR FM NORMAL 0 [PRESSURE DATA]
TOTAL FM JAN 1 240 HIGHEST SLP 30.68 ON 25
DPTR FM NORMAL 7 LOWEST SLP 29.54 ON 7
[REMARKS]
#FINAL-12-23#