000
CXUS52 KCAE 011400
CF6CAE
PRELIMINARY LOCAL CLIMATOLOGICAL DATA (WS FORM: F-6)
STATION: COLUMBIA METRO AIRPORT SC
MONTH: MARCH
YEAR: 2023
LATITUDE: 33 57 N
LONGITUDE: 81 7 W
TEMPERATURE IN F: :PCPN: SNOW: WIND :SUNSHINE: SKY :PK WND
================================================================================
1 2 3 4 5 6A 6B 7 8 9 10 11 12 13 14 15 16 17 18
12Z AVG MX 2MIN
DY MAX MIN AVG DEP HDD CDD WTR SNW DPTH SPD SPD DIR MIN PSBL S-S WX SPD DR
================================================================================
1 82 47 65 13 0 0 0.00 0.0 0 3.5 17 230 M M 5 18 21 230
2 73 63 68 16 0 3 0.01 0.0 0 8.8 18 250 M M 10 18 26 230
3 82 62 72 19 0 7 0.08 0.0 0 11.5 40 280 M M 9 18 49 270
4 76 50 63 10 2 0 0.00 0.0 0 6.4 15 270 M M 2 23 330
5 72 47 60 7 5 0 0.00 0.0 0 4.2 13 100 M M 0 18 100
6 79 43 61 8 4 0 0.00 0.0 0 2.5 14 200 M M 5 18 200
7 82 58 70 16 0 5 0.00 0.0 0 9.0 20 300 M M 0 8 27 290
8 67 45 56 2 9 0 0.00 0.0 0 5.4 20 20 M M 2 8 28 10
9 70 42 56 2 9 0 0.00 0.0 0 2.3 10 190 M M 7 13 230
10 65 51 58 4 7 0 0.28 0.0 0 7.8 20 260 M M 8 1 23 270
11 60 42 51 -4 14 0 0.00 0.0 0 4.8 14 300 M M 5 8 19 340
12 51 42 47 -8 18 0 0.63 0.0 0 7.5 15 90 M M 10 1 18 120
13 55 43 49 -6 16 0 0.00 0.0 0 6.1 13 290 M M 8 1 15 320
14 55 35 45 -10 20 0 0.00 0.0 0 8.5 22 300 M M 1 27 280
15 61 29 45 -11 20 0 0.00 0.0 0 5.1 14 290 M M 0 1 17 280
16 71 29 50 -6 15 0 0.00 0.0 0 5.3 16 180 M M 3 18 22 180
17 75 50 63 7 2 0 0.62 0.0 0 9.0 26 200 M M 7 1 34 210
18 60 51 56 0 9 0 0.05 0.0 0 9.7 16 300 M M 9 1 27 290
19 55 42 49 -8 16 0 0.00 0.0 0 6.6 15 300 M M 3 21 280
20 58 33 46 -11 19 0 0.00 0.0 0 5.2 13 300 M M 1 18 310
21 64 28 46 -11 19 0 0.00 0.0 0 2.8 13 110 M M 3 17 120
22 68 39 54 -4 11 0 0.05 0.0 0 3.9 14 130 M M 9 18 19 150
23 82 57 70 12 0 5 0.00 0.0 0 7.2 23 250 M M 5 12 28 240
24 86 58 72 14 0 7 0.00 0.0 0 8.0 22 200 M M 1 29 250
25 78 62 70 12 0 5 0.09 0.0 0 8.5 16 190 M M 4 1 21 180
26 71 64 68 10 0 3 1.74 0.0 0 6.5 17 230 M M 9 13 22 220
27 69 62 66 7 0 1 1.27 0.0 0 9.0 18 240 M M 8 13 25 230
28 76 57 67 8 0 2 0.00 0.0 0 6.3 17 10 M M 6 12 25 360
29 66 45 56 -3 9 0 0.00 0.0 0 5.5 16 20 M M 4 23 10
30 74 39 57 -3 8 0 0.00 0.0 0 2.4 12 170 M M 1 1 15 170
31 80 46 63 3 2 0 0.00 0.0 0 8.1 22 190 M M 5 27 190
================================================================================
SM 2163 1461 234 38 4.82 0.0 197.4 M 150
================================================================================
AV 69.8 47.1 6.4 FASTST M M 5 MAX(MPH)
MISC ----> 40 280 49 270
================================================================================
NOTES:
# LAST OF SEVERAL OCCURRENCES
COLUMN 17 PEAK WIND IN M.P.H.
PRELIMINARY LOCAL CLIMATOLOGICAL DATA (WS FORM: F-6) , PAGE 2
STATION: COLUMBIA METRO AIRPORT SC
MONTH: MARCH
YEAR: 2023
LATITUDE: 33 57 N
LONGITUDE: 81 7 W
[TEMPERATURE DATA] [PRECIPITATION DATA] SYMBOLS USED IN COLUMN 16
AVERAGE MONTHLY: 58.5 TOTAL FOR MONTH: 4.82 1 = FOG OR MIST
DPTR FM NORMAL: 2.6 DPTR FM NORMAL: 1.25 2 = FOG REDUCING VISIBILITY
HIGHEST: 86 ON 24 GRTST 24HR 2.83 ON 26-27 TO 1/4 MILE OR LESS
LOWEST: 28 ON 21 3 = THUNDER
SNOW, ICE PELLETS, HAIL 4 = ICE PELLETS
TOTAL MONTH: 0.0 INCH 5 = HAIL
GRTST 24HR 0.0 6 = FREEZING RAIN OR DRIZZLE
GRTST DEPTH: 0 7 = DUSTSTORM OR SANDSTORM:
VSBY 1/2 MILE OR LESS
8 = SMOKE OR HAZE
[NO. OF DAYS WITH] [WEATHER - DAYS WITH] 9 = BLOWING SNOW
X = TORNADO
MAX 32 OR BELOW: 0 0.01 INCH OR MORE: 10
MAX 90 OR ABOVE: 0 0.10 INCH OR MORE: 5
MIN 32 OR BELOW: 3 0.50 INCH OR MORE: 4
MIN 0 OR BELOW: 0 1.00 INCH OR MORE: 2
[HDD (BASE 65) ]
TOTAL THIS MO. 234 CLEAR (SCALE 0-3) 11
DPTR FM NORMAL -68 PTCLDY (SCALE 4-7) 13
TOTAL FM JUL 1 1859 CLOUDY (SCALE 8-10) 7
DPTR FM NORMAL -486
[CDD (BASE 65) ]
TOTAL THIS MO. 38
DPTR FM NORMAL 17 [PRESSURE DATA]
TOTAL FM JAN 1 58 HIGHEST SLP 30.47 ON 21
DPTR FM NORMAL 31 LOWEST SLP 29.47 ON 3
[REMARKS]
#FINAL-03-23#