000
CXUS55 KGJT 011644
CF6CAG
PRELIMINARY LOCAL CLIMATOLOGICAL DATA (WS FORM: F-6)
STATION: CRAIG CO
MONTH: JUNE
YEAR: 2020
LATITUDE: 40 30 N
LONGITUDE: 107 32 W
TEMPERATURE IN F: :PCPN: SNOW: WIND :SUNSHINE: SKY :PK WND
================================================================================
1 2 3 4 5 6A 6B 7 8 9 10 11 12 13 14 15 16 17 18
12Z AVG MX 2MIN
DY MAX MIN AVG DEP HDD CDD WTR SNW DPTH SPD SPD DIR MIN PSBL S-S WX SPD DR
================================================================================
1 89 48 69 14 0 4 0.00 M M 6.3 21 240 M M 0 29 270
2 86 40 63 7 2 0 0.00 M M 2.4 13 290 M M 0 18 300
3 86 40 63 7 2 0 0.00 M M 6.2 18 160 M M 0 26 260
4 88 43 66 10 0 1 T M M 7.1 35 280 M M 1 3 53 270
5 91 41 66 10 0 1 T M M 9.4 45 210 M M 1 8 65 210
6 66 43 55 -2 10 0 0.19 M M 7.3 31 270 M M 5 13 44 280
7 76 42 59 2 6 0 T M M 10.3 36 210 M M 5 51 220
8 60 37 49 -8 16 0 0.12 M M 9.6 26 270 M M 9 1 37 250
9 64 39 52 -6 13 0 0.00 M M 12.4 25 270 M M 7 35 280
10 73 34 54 -4 11 0 0.00 M M 5.1 20 270 M M 2 27 270
11 81 33 57 -1 8 0 0.00 M M 3.3 13 300 M M 0 17 290
12 88 38 63 5 2 0 0.00 M M 8.4 18 150 M M 0 23 100
13 86 52 69 10 0 4 T M M 10.1 30 190 M M 2 3 46 200
14 82 43 63 4 2 0 0.00 M M 13.2 31 220 M M 0 43 230
15 85 36 61 2 4 0 0.00 M M 8.6 26 210 M M 0 35 200
16 85 40 63 3 2 0 0.00 M M 11.3 37 210 M M 0 51 210
17 75 36 56 -4 9 0 0.00 M M 7.7 21 310 M M 1 30 310
18 74 35 55 -5 10 0 0.00 M M 4.8 13 280 M M 0 19 270
19 76 41 59 -1 6 0 0.00 M M 4.6 17 280 M M 1 26 250
20 80 34 57 -4 8 0 0.00 M M 4.6 20 280 M M 0 24 270
21 83 43 63 2 2 0 0.00 M M 5.4 21 260 M M 2 27 280
22 84 41 63 2 2 0 0.00 M M 2.4 12 210 M M 0 16 290
23 87 42 65 3 0 0 0.00 M M 2.0 10 340 M M 1 16 280
24 91 47 69 7 0 4 0.00 M M 4.0 16 290 M M 0 22 270
25 89 46 68 6 0 3 T M M 6.6 33 200 M M 1 49 220
26 84 45 65 2 0 0 0.28 M M 6.1 35 240 M M 0 3 46 240
27 86 43 65 2 0 0 0.00 M M 4.2 20 220 M M 1 24 220
28 85 49 67 4 0 2 0.00 M M 11.1 33 240 M M 1 45 230
29 82 49 66 3 0 1 T M M 14.0 31 210 M M 4 50 200
30 72 43 58 -6 7 0 0.08 M M 10.2 26 210 M M 6 1 37 220
================================================================================
SM 2434 1243 122 20 0.67 M 218.7 M 50
================================================================================
AV 81.1 41.4 7.3 FASTST M M 2 MAX(MPH)
MISC ----> # 45 210 # 65 210
================================================================================
NOTES:
# LAST OF SEVERAL OCCURRENCES
COLUMN 17 PEAK WIND IN M.P.H.
PRELIMINARY LOCAL CLIMATOLOGICAL DATA (WS FORM: F-6) , PAGE 2
STATION: CRAIG CO
MONTH: JUNE
YEAR: 2020
LATITUDE: 40 30 N
LONGITUDE: 107 32 W
[TEMPERATURE DATA] [PRECIPITATION DATA] SYMBOLS USED IN COLUMN 16
AVERAGE MONTHLY: 61.3 TOTAL FOR MONTH: 0.67 1 = FOG OR MIST
DPTR FM NORMAL: 1.8 DPTR FM NORMAL: -0.65 2 = FOG REDUCING VISIBILITY
HIGHEST: 91 ON 24, 5 GRTST 24HR 0.28 ON 26-26 TO 1/4 MILE OR LESS
LOWEST: 33 ON 11 3 = THUNDER
SNOW, ICE PELLETS, HAIL 4 = ICE PELLETS
TOTAL MONTH: M 5 = HAIL
GRTST 24HR M ON M 6 = FREEZING RAIN OR DRIZZLE
GRTST DEPTH: M ON M 7 = DUSTSTORM OR SANDSTORM:
VSBY 1/2 MILE OR LESS
8 = SMOKE OR HAZE
[NO. OF DAYS WITH] [WEATHER - DAYS WITH] 9 = BLOWING SNOW
X = TORNADO
MAX 32 OR BELOW: 0 0.01 INCH OR MORE: 4
MAX 90 OR ABOVE: 2 0.10 INCH OR MORE: 3
MIN 32 OR BELOW: 0 0.50 INCH OR MORE: 0
MIN 0 OR BELOW: 0 1.00 INCH OR MORE: 0
[HDD (BASE 65) ]
TOTAL THIS MO. 122 CLEAR (SCALE 0-3) 24
DPTR FM NORMAL -53 PTCLDY (SCALE 4-7) 5
TOTAL FM JUL 1 8664 CLOUDY (SCALE 8-10) 1
DPTR FM NORMAL 30
[CDD (BASE 65) ]
TOTAL THIS MO. 20
DPTR FM NORMAL 10 [PRESSURE DATA]
TOTAL FM JAN 1 21 HIGHEST SLP 30.32 ON 11
DPTR FM NORMAL 11 LOWEST SLP 29.34 ON 28
[REMARKS]
#FINAL-06-20#