000
CXUS55 KABQ 231010
CF6CAO
PRELIMINARY LOCAL CLIMATOLOGICAL DATA (WS FORM: F-6)
STATION: CLAYTON NM
MONTH: APRIL
YEAR: 2024
LATITUDE: 36 27 N
LONGITUDE: 103 9 W
TEMPERATURE IN F: :PCPN: SNOW: WIND :SUNSHINE: SKY :PK WND
================================================================================
1 2 3 4 5 6A 6B 7 8 9 10 11 12 13 14 15 16 17 18
12Z AVG MX 2MIN
DY MAX MIN AVG DEP HDD CDD WTR SNW DPTH SPD SPD DIR MIN PSBL S-S WX SPD DR
================================================================================
1 65 36 51 2 14 0 0.82 0.0 0 12.3 39 10 M M 4 1 50 20
2 56 33 45 -4 20 0 0.00 0.0 0 20.0 40 350 M M 0 56 350
3 70 39 55 6 10 0 0.00 0.0 0 12.6 26 360 M M 1 41 360
4 77 39 58 8 7 0 0.00 0.0 M 10.4 26 200 M M 0 44 220
5 78 43 61 11 4 0 0.00 0.0 0 21.1 39 190 M M 0 58 190
6 55 38 47 -3 18 0 T 0.0 0 26.4 44 240 M M 1 61 250
7 68 32 50 0 15 0 0.00 0.0 0 14.0 26 270 M M 0 38 280
8 46 33 40 -10 25 0 0.00 0.0 0 11.4 24 10 M M 0 31 360
9 51 37 44 -6 21 0 0.00 0.0 0 7.0 15 270 M M 0 22 70
10 64 28 46 -5 19 0 T 0.0 0 10.1 24 350 M M 2 33 360
11 64 33 49 -2 16 0 0.00 0.0 0 11.1 24 190 M M 1 37 180
12 80 34 57 6 8 0 0.00 0.0 0 13.4 31 200 M M 0 42 210
13 80 47 64 13 1 0 0.00 0.0 0 14.2 23 240 M M 0 40 230
14 81 51 66 14 0 1 0.00 0.0 0 9.9 21 190 M M 0 26 190
15 79 48 64 12 1 0 0.00 0.0 0 21.1 39 190 M M 0 55 200
16 75 45 60 8 5 0 0.00 0.0 0 14.2 32 320 M M 2 41 320
17 80 43 62 10 3 0 0.00 0.0 0 10.1 22 270 M M 0 32 210
18 60 34 47 -5 18 0 0.00 0.0 0 18.5 41 360 M M 4 51 350
19 60 32 46 -7 19 0 0.00 0.0 0 12.9 23 170 M M 5 37 160
20 53 35 44 -9 21 0 0.00 0.0 0 11.5 22 140 M M 7 30 150
21 61 27 44 -9 21 0 0.00 0.0 0 12.1 22 190 M M 3 32 180
22 80 41 61 8 4 0 0.00 0.0 0 16.2 24 250 M M 0 36 230
================================================================================
SM 1483 828 270 1 0.82 0.0 310.5 M 30
================================================================================
AV 67.4 37.6 14.1 FASTST M M 1 MAX(MPH)
MISC ----> 44 240 61 250
================================================================================
NOTES:
# LAST OF SEVERAL OCCURRENCES
COLUMN 17 PEAK WIND IN M.P.H.
PRELIMINARY LOCAL CLIMATOLOGICAL DATA (WS FORM: F-6) , PAGE 2
STATION: CLAYTON NM
MONTH: APRIL
YEAR: 2024
LATITUDE: 36 27 N
LONGITUDE: 103 9 W
[TEMPERATURE DATA] [PRECIPITATION DATA] SYMBOLS USED IN COLUMN 16
AVERAGE MONTHLY: 52.5 TOTAL FOR MONTH: 0.82 1 = FOG OR MIST
DPTR FM NORMAL: 1.5 DPTR FM NORMAL: 0.03 2 = FOG REDUCING VISIBILITY
HIGHEST: 81 ON 14 GRTST 24HR 0.82 ON 1- 1 TO 1/4 MILE OR LESS
LOWEST: 27 ON 21 3 = THUNDER
SNOW, ICE PELLETS, HAIL 4 = ICE PELLETS
TOTAL MONTH: 0.0 INCH 5 = HAIL
GRTST 24HR 0.0 6 = FREEZING RAIN OR DRIZZLE
GRTST DEPTH: 0 7 = DUSTSTORM OR SANDSTORM:
VSBY 1/2 MILE OR LESS
8 = SMOKE OR HAZE
[NO. OF DAYS WITH] [WEATHER - DAYS WITH] 9 = BLOWING SNOW
X = TORNADO
MAX 32 OR BELOW: 0 0.01 INCH OR MORE: 1
MAX 90 OR ABOVE: 0 0.10 INCH OR MORE: 1
MIN 32 OR BELOW: 4 0.50 INCH OR MORE: 1
MIN 0 OR BELOW: 0 1.00 INCH OR MORE: 0
[HDD (BASE 65) ]
TOTAL THIS MO. 270 CLEAR (SCALE 0-3) 18
DPTR FM NORMAL -37 PTCLDY (SCALE 4-7) 4
TOTAL FM JUL 1 4173 CLOUDY (SCALE 8-10) 0
DPTR FM NORMAL -410
[CDD (BASE 65) ]
TOTAL THIS MO. 1
DPTR FM NORMAL 1 [PRESSURE DATA]
TOTAL FM JAN 1 1 HIGHEST SLP M ON M
DPTR FM NORMAL 0 LOWEST SLP 29.38 ON 6
[REMARKS]