000
CXUS53 KARX 011326
CF6CCY
PRELIMINARY LOCAL CLIMATOLOGICAL DATA (WS FORM: F-6)
STATION: CHARLES_CITY IA
MONTH: JANUARY
YEAR: 2023
LATITUDE: 43 4 N
LONGITUDE: 92 37 W
TEMPERATURE IN F: :PCPN: SNOW: WIND :SUNSHINE: SKY :PK WND
================================================================================
1 2 3 4 5 6A 6B 7 8 9 10 11 12 13 14 15 16 17 18
12Z AVG MX 2MIN
DY MAX MIN AVG DEP HDD CDD WTR SNW DPTH SPD SPD DIR MIN PSBL S-S WX SPD DR
================================================================================
1 39 21 30 13 35 0 0.00 0.0 M 4.4 8 200 M M 6 12 M M
2 34 27 31 14 34 0 0.00 0.0 0 8.6 15 40 M M 7 22 40
3 36 32 34 17 31 0 0.23 M 0 15.2 25 80 M M 10 1 33 50
4 34 28 31 14 34 0 M M 0 4.7 13 230 M M 9 1 17 200
5 32 12 22 5 43 0 M M 0 11.7 18 300 M M 8 1 24 330
6 18 5 12 -5 53 0 M M 0 6.2 9 360 M M 4 1 M M
7 23 1 12 -5 53 0 0.00 0.0 0 4.4 9 20 M M 3 1 M M
8 19 10 15 -2 50 0 0.00 0.0 0 7.2 10 180 M M 10 12 M M
9 39 14 27 10 38 0 0.00 0.0 0 9.3 21 160 M M 1 1 22 170
10 28 16 22 5 43 0 0.00 0.0 0 6.3 12 320 M M 7 1 13 100
11 37 25 31 14 34 0 0.00 0.0 0 7.9 22 350 M M 6 1 12 50
12 28 19 24 7 41 0 0.00 0.0 0 18.1 23 330 M M 10 1 28 320
13 23 18 21 5 44 0 M M 0 8.5 20 340 M M 10 1 28 340
14 34 18 26 10 39 0 0.00 0.0 0 14.8 23 170 M M 4 1 28 160
15 41 28 35 19 30 0 0.00 0.0 0 14.6 17 150 M M 3 24 160
16 39 34 37 21 28 0 0.19 0.0 0 11.3 17 130 M M 10 12 22 130
17 34 28 31 14 34 0 0.00 0.0 0 13.9 16 290 M M 10 1 24 290
18 32 27 30 13 35 0 M M 0 10.9 21 80 M M 10 1 28 80
19 32 28 30 13 35 0 M M M 14.8 20 310 M M 9 1 25 310
20 28 16 22 5 43 0 0.00 0.0 M 12.6 20 310 M M 10 1 24 320
21 27 16 22 5 43 0 0.00 0.0 M 4.9 9 190 M M 10 12 M M
22 25 16 21 4 44 0 0.00 0.0 M 4.4 10 350 M M 10 12 M M
23 28 3 16 -1 49 0 M M M 8.8 15 240 M M 8 12 20 250
24 27 9 18 1 47 0 M M M 4.9 9 140 M M 7 12 M M
25 30 12 21 4 44 0 M M M 9.1 18 310 M M 10 12 24 300
26 14 3 9 -8 56 0 0.00 0.0 M 12.4 17 320 M M 6 22 310
27 34 10 22 5 43 0 M M M 19.3 33 310 M M 5 1 43 310
28 12 5 9 -8 56 0 M M M 12.3 20 20 M M 9 1 23 360
29 5 -2 2 -15 63 0 M M M 12.8 20 340 M M 6 25 350
30 3 -13 -5 -23 70 0 0.00 0.0 M 7.8 16 310 M M 5 M M
31 9 -20 -5 -23 70 0 0.00 0.0 M 8.5 14 230 M M 0 20 220
================================================================================
SM 844 446 1362 0 0.42 0.0 310.6 M 223
================================================================================
AV 27.2 14.4 10.0 FASTST M M 7 MAX(MPH)
MISC ----> 33 310 43 310
================================================================================
NOTES:
# LAST OF SEVERAL OCCURRENCES
COLUMN 17 PEAK WIND IN M.P.H.
PRELIMINARY LOCAL CLIMATOLOGICAL DATA (WS FORM: F-6) , PAGE 2
STATION: CHARLES_CITY IA
MONTH: JANUARY
YEAR: 2023
LATITUDE: 43 4 N
LONGITUDE: 92 37 W
[TEMPERATURE DATA] [PRECIPITATION DATA] SYMBOLS USED IN COLUMN 16
AVERAGE MONTHLY: 20.8 TOTAL FOR MONTH: 0.42 1 = FOG OR MIST
DPTR FM NORMAL: 3.9 DPTR FM NORMAL: -0.45 2 = FOG REDUCING VISIBILITY
HIGHEST: 41 ON 15 GRTST 24HR 0.96 ON 2- 3 TO 1/4 MILE OR LESS
LOWEST: -20 ON 31 3 = THUNDER
SNOW, ICE PELLETS, HAIL 4 = ICE PELLETS
TOTAL MONTH: 0.0 INCH 5 = HAIL
GRTST 24HR 0.0 6 = FREEZING RAIN OR DRIZZLE
GRTST DEPTH: 0 7 = DUSTSTORM OR SANDSTORM:
VSBY 1/2 MILE OR LESS
8 = SMOKE OR HAZE
[NO. OF DAYS WITH] [WEATHER - DAYS WITH] 9 = BLOWING SNOW
X = TORNADO
MAX 32 OR BELOW: 20 0.01 INCH OR MORE: 2
MAX 90 OR ABOVE: 0 0.10 INCH OR MORE: 2
MIN 32 OR BELOW: 30 0.50 INCH OR MORE: 0
MIN 0 OR BELOW: 3 1.00 INCH OR MORE: 0
[HDD (BASE 65) ]
TOTAL THIS MO. 1362 CLEAR (SCALE 0-3) 2
DPTR FM NORMAL -130 PTCLDY (SCALE 4-7) 15
TOTAL FM JUL 1 4262 CLOUDY (SCALE 8-10) 14
DPTR FM NORMAL -164
[CDD (BASE 65) ]
TOTAL THIS MO. 0
DPTR FM NORMAL 0 [PRESSURE DATA]
TOTAL FM JAN 1 0 HIGHEST SLP M ON M
DPTR FM NORMAL 0 LOWEST SLP M ON M
[REMARKS]
#FINAL-01-23#