000
CXUS53 KARX 010930
CF6CCY
PRELIMINARY LOCAL CLIMATOLOGICAL DATA (WS FORM: F-6)
STATION: CHARLES_CITY IA
MONTH: JULY
YEAR: 2020
LATITUDE: 43 4 N
LONGITUDE: 92 37 W
TEMPERATURE IN F: :PCPN: SNOW: WIND :SUNSHINE: SKY :PK WND
================================================================================
1 2 3 4 5 6A 6B 7 8 9 10 11 12 13 14 15 16 17 18
12Z AVG MX 2MIN
DY MAX MIN AVG DEP HDD CDD WTR SNW DPTH SPD SPD DIR MIN PSBL S-S WX SPD DR
================================================================================
1 84 70 77 5 0 12 0.00 0.0 0 6.8 13 70 M M 3 1 20 110
2 88 70 79 7 0 14 0.00 0.0 0 5.9 9 130 M M 1 13 99
3 88 68 78 6 0 13 0.00 0.0 0 3.8 8 90 M M 1 M M
4 88 68 78 6 0 13 0.00 0.0 0 2.7 7 150 M M 1 M M
5 88 66 77 5 0 12 0.00 0.0 0 3.6 8 220 M M 0 1 M M
6 88 70 79 7 0 14 0.00 0.0 0 4.4 10 210 M M 0 16 260
7 86 70 78 5 0 13 0.00 0.0 0 7.4 17 230 M M 2 25 230
8 91 70 81 8 0 16 0.00 0.0 0 8.2 15 180 M M 0 1 23 200
9 86 66 76 3 0 11 0.96 0.0 0 9.1 27 300 M M 2 1 39 300
10 82 64 73 0 0 8 0.00 0.0 0 7.7 16 270 M M 0 1 20 290
11 84 64 74 1 0 9 M 0.0 0 4.1 13 180 M M 4 24 30
12 M M M M M M M M M M M M M M M M M
13 84 68 76 3 0 11 0.00 0.0 M 11.0 17 180 M M 2 21 190
14 84 64 74 1 0 9 M 0.0 0 11.3 17 360 M M 4 24 360
15 72 55 64 -9 1 0 0.06 0.0 0 7.4 12 60 M M 5 14 360
16 79 50 65 -7 0 0 0.00 0.0 0 5.5 10 170 M M 2 12 M M
17 84 63 74 2 0 9 0.00 0.0 0 9.6 15 160 M M 3 22 160
18 90 68 79 7 0 14 0.34 0.0 0 11.9 18 180 M M 4 1 27 150
19 82 68 75 3 0 10 0.00 0.0 0 9.4 16 320 M M 2 21 330
20 77 61 69 -3 0 4 0.00 0.0 0 2.2 7 120 M M 1 M M
21 79 63 71 -1 0 6 0.12 0.0 0 6.5 12 200 M M 5 16 150
22 75 59 67 -5 0 2 0.00 0.0 0 7.8 15 330 M M 1 20 290
23 79 55 67 -5 0 2 0.00 0.0 0 4.0 8 140 M M 0 M M
24 86 64 75 3 0 10 0.00 0.0 0 9.8 16 180 M M 0 18 170
25 88 73 81 9 0 16 0.00 0.0 0 10.5 16 190 M M 2 1 17 190
26 82 72 77 5 0 12 0.00 0.0 0 7.4 13 310 M M 5 18 190
27 81 61 71 -1 0 6 0.00 0.0 0 7.9 13 290 M M 2 21 290
28 84 61 73 1 0 8 0.02 0.0 0 7.2 17 230 M M 4 23 230
29 82 64 73 1 0 8 0.00 0.0 0 4.2 7 20 M M 3 12 99
30 79 61 70 -2 0 5 0.00 0.0 0 8.9 14 40 M M 1 21 40
31 81 57 69 -3 0 4 0.00 0.0 0 4.2 8 20 M M 2 8 13 320
================================================================================
SM 2501 1933 1 271 1.50 0.0 210.4 M 62
================================================================================
AV 83.4 64.4 7.0 FASTST M M 2 MAX(MPH)
MISC ----> # 27 300 # 39 300
================================================================================
NOTES:
# LAST OF SEVERAL OCCURRENCES
COLUMN 17 PEAK WIND IN M.P.H.
PRELIMINARY LOCAL CLIMATOLOGICAL DATA (WS FORM: F-6) , PAGE 2
STATION: CHARLES_CITY IA
MONTH: JULY
YEAR: 2020
LATITUDE: 43 4 N
LONGITUDE: 92 37 W
[TEMPERATURE DATA] [PRECIPITATION DATA] SYMBOLS USED IN COLUMN 16
AVERAGE MONTHLY: 73.9 TOTAL FOR MONTH: 1.50 1 = FOG OR MIST
DPTR FM NORMAL: 1.6 DPTR FM NORMAL: -3.30 2 = FOG REDUCING VISIBILITY
HIGHEST: 91 ON 8 GRTST 24HR 0.96 ON 9- 9 TO 1/4 MILE OR LESS
LOWEST: 50 ON 16 3 = THUNDER
SNOW, ICE PELLETS, HAIL 4 = ICE PELLETS
TOTAL MONTH: 0.0 INCH 5 = HAIL
GRTST 24HR 0.0 6 = FREEZING RAIN OR DRIZZLE
GRTST DEPTH: 0 7 = DUSTSTORM OR SANDSTORM:
VSBY 1/2 MILE OR LESS
8 = SMOKE OR HAZE
[NO. OF DAYS WITH] [WEATHER - DAYS WITH] 9 = BLOWING SNOW
X = TORNADO
MAX 32 OR BELOW: 0 0.01 INCH OR MORE: 5
MAX 90 OR ABOVE: 2 0.10 INCH OR MORE: 3
MIN 32 OR BELOW: 0 0.50 INCH OR MORE: 1
MIN 0 OR BELOW: 0 1.00 INCH OR MORE: 0
[HDD (BASE 65) ]
TOTAL THIS MO. 1 CLEAR (SCALE 0-3) 23
DPTR FM NORMAL -7 PTCLDY (SCALE 4-7) 7
TOTAL FM JUL 1 1 CLOUDY (SCALE 8-10) 0
DPTR FM NORMAL -7
[CDD (BASE 65) ]
TOTAL THIS MO. 271
DPTR FM NORMAL 37 [PRESSURE DATA]
TOTAL FM JAN 1 512 HIGHEST SLP M ON M
DPTR FM NORMAL 92 LOWEST SLP M ON M
[REMARKS]
#FINAL-07-20#