000
CXAK58 PACD 011021
CLMCDB
CLIMATE REPORT
NATIONAL WEATHER SERVICE ANCHORAGE, AK
221 AM AKDT SAT JUL 01 2023
...................................
...THE COLD BAY CLIMATE SUMMARY FOR THE MONTH OF JUNE 2023...
CLIMATE NORMAL PERIOD: 1991 TO 2020
CLIMATE RECORD PERIOD: 1942 TO 2023
WEATHER OBSERVED NORMAL DEPART LAST YEAR`S
VALUE DATE(S) VALUE FROM VALUE
NORMAL
..............................................................
TEMPERATURE (F)
RECORD
HIGH 72 MM
LOW 29 06/15/2022
HIGHEST 64 MM MM 63
LOWEST 37 MM MM 29
AVG. MAXIMUM 52.6 52.1 0.5 53.6
AVG. MINIMUM 43.1 42.0 1.1 42.8
MEAN 47.8 47.1 0.7 48.2
DAYS MAX >= 90 0 0.0 0.0 0
DAYS MAX <= 32 0 0.0 0.0 0
DAYS MIN <= 32 0 0.5 -0.5 1
DAYS MIN <= 0 0 0.0 0.0 0
PRECIPITATION (INCHES)
RECORD
MAXIMUM 3.92 2021
MINIMUM 0.07 2020
TOTALS 1.52 2.74 -1.22 1.54
DAILY AVG. 0.05 0.09 -0.04 0.05
DAYS >= .01 22 17.4 4.6 11
DAYS >= .10 7 7.5 -0.5 3
DAYS >= .50 0 1.2 -1.2 1
DAYS >= 1.00 0 0.3 -0.3 0
GREATEST
24 HR. TOTAL 0.24 06/10 TO 06/11 0.55
06/18 TO 06/19
STORM TOTAL 0.17 0.54
(MM/DD(HH))
DEGREE DAYS
HEATING TOTAL 492 538 -46 494
SINCE 7/1 8898 9364 -466 MM
COOLING TOTAL 0 0 0 0
SINCE 1/1 0 0 0 MM
FREEZE DATES
RECORD
EARLIEST MM
LATEST MM
EARLIEST 08/18 08/18
LATEST 05/25 06/15
..............................................................
WIND (MPH)
AVERAGE WIND SPEED 15.4
RESULTANT WIND SPEED/DIRECTION 7/160
HIGHEST WIND SPEED/DIRECTION 40/140 DATE 06/18
HIGHEST GUST SPEED/DIRECTION 47/140 DATE 06/18
SKY COVER
POSSIBLE SUNSHINE (PERCENT) MM
AVERAGE SKY COVER 0.90
NUMBER OF DAYS FAIR 0
NUMBER OF DAYS PC 4
NUMBER OF DAYS CLOUDY 26
AVERAGE RH (PERCENT) 82
WEATHER CONDITIONS. NUMBER OF DAYS WITH
THUNDERSTORM 0 MIXED PRECIP 0
HEAVY RAIN 0 RAIN 2
LIGHT RAIN 26 FREEZING RAIN 0
LT FREEZING RAIN 0 HAIL 0
HEAVY SNOW 0 SNOW 0
LIGHT SNOW 0 SLEET 0
FOG 20 FOG W/VIS <= 1/4 MILE 0
HAZE 3
- INDICATES NEGATIVE NUMBERS.
R INDICATES RECORD WAS SET OR TIED.
MM INDICATES DATA IS MISSING.
T INDICATES TRACE AMOUNT.
$$