000
CXUS53 KEAX 010736
CF6CDJ
PRELIMINARY LOCAL CLIMATOLOGICAL DATA (WS FORM: F-6)
STATION: CHILLICOTHE
MONTH: MARCH
YEAR: 2022
LATITUDE: 39 49 N
LONGITUDE: 93 35 W
TEMPERATURE IN F: :PCPN: SNOW: WIND :SUNSHINE: SKY :PK WND
================================================================================
1 2 3 4 5 6A 6B 7 8 9 10 11 12 13 14 15 16 17 18
12Z AVG MX 2MIN
DY MAX MIN AVG DEP HDD CDD WTR SNW DPTH SPD SPD DIR MIN PSBL S-S WX SPD DR
================================================================================
1 76 29 53 16 12 0 0.00 M M 3.4 12 310 M M 0 17 310
2 84 33 59 21 6 0 0.00 M M 3.6 15 20 M M 0 29 20
3 53 34 44 6 21 0 0.00 M M 8.6 16 100 M M 0 24 70
4 65 32 49 10 16 0 0.00 M M 8.1 15 130 M M 0 23 120
5 71 36 54 15 11 0 0.12 M M 12.5 24 190 M M 0 44 320
6 44 30 37 -2 28 0 0.69 M M 7.1 15 30 M M 0 36 25 350
7 34 14 24 -16 41 0 0.04 M M 6.8 14 310 M M 0 22 320
8 39 10 25 -15 40 0 0.00 M M 2.3 10 210 M M 0 14 180
9 40 28 34 -7 31 0 0.00 M M 6.4 13 20 M M 0 20 10
10 28 20 24 -17 41 0 0.23 M M 9.1 16 30 M M 0 25 40
11 33 15 24 -17 41 0 0.00 M M 7.4 18 320 M M 0 33 310
12 31 8 20 -22 45 0 0.00 M M 6.8 15 180 M M 0 23 200
13 60 31 46 4 19 0 0.00 M M 7.8 15 140 M M 0 22 130
14 63 40 52 9 13 0 0.00 M M 6.8 20 200 M M 0 30 160
15 66 40 53 10 12 0 0.00 M M 2.3 8 10 M M 0 13 10
16 73 35 54 11 11 0 0.00 M M 5.0 20 190 M M 0 29 200
17 76 43 60 16 5 0 0.00 M M 6.6 26 30 M M 0 42 20
18 50 40 45 1 20 0 0.22 M M 11.6 23 20 M M 0 38 30
19 61 35 48 3 17 0 0.00 M M 5.9 16 310 M M 0 24 320
20 75 36 56 11 9 0 0.00 M M 7.8 18 140 M M 0 28 190
21 71 51 61 16 4 0 0.69 M M 7.8 22 200 M M 0 36 190
22 61 43 52 6 13 0 0.50 M M 7.8 15 90 M M 0 26 130
23 43 38 41 -5 24 0 0.22 M M 8.8 17 310 M M 0 28 320
24 44 35 40 -6 25 0 0.14 M M 5.6 14 310 M M 0 22 300
25 57 34 46 -1 19 0 0.00 M M 8.8 22 310 M M 0 37 300
26 52 35 44 -3 21 0 0.00 M M 8.1 17 310 M M 0 27 290
27 46 30 38 -10 27 0 0.00 M M 5.2 12 20 M M 0 20 30
28 51 34 43 -5 22 0 0.00 M M 9.3 18 110 M M 0 28 130
29 68 41 55 7 10 0 0.86 M M 11.5 21 140 M M 0 3 37 260
30 58 34 46 -3 19 0 0.33 M M 10.2 18 150 M M 0 37 140
31 39 28 34 -15 31 0 0.00 M M 7.8 16 300 M M 0 30 300
================================================================================
SM 1712 992 654 0 4.04 M 226.8 M 0
================================================================================
AV 55.2 32.0 7.3 FASTST M M 0 MAX(MPH)
MISC ----> 26 30 44 320
================================================================================
NOTES:
# LAST OF SEVERAL OCCURRENCES
COLUMN 17 PEAK WIND IN M.P.H.
PRELIMINARY LOCAL CLIMATOLOGICAL DATA (WS FORM: F-6) , PAGE 2
STATION: CHILLICOTHE
MONTH: MARCH
YEAR: 2022
LATITUDE: 39 49 N
LONGITUDE: 93 35 W
[TEMPERATURE DATA] [PRECIPITATION DATA] SYMBOLS USED IN COLUMN 16
AVERAGE MONTHLY: 43.6 TOTAL FOR MONTH: 4.04 1 = FOG OR MIST
DPTR FM NORMAL: 0.2 DPTR FM NORMAL: 1.24 2 = FOG REDUCING VISIBILITY
HIGHEST: 84 ON 2 GRTST 24HR 1.16 ON 29-30 TO 1/4 MILE OR LESS
LOWEST: 8 ON 12 3 = THUNDER
SNOW, ICE PELLETS, HAIL 4 = ICE PELLETS
TOTAL MONTH: M 5 = HAIL
GRTST 24HR M ON M 6 = FREEZING RAIN OR DRIZZLE
GRTST DEPTH: M ON M 7 = DUSTSTORM OR SANDSTORM:
VSBY 1/2 MILE OR LESS
8 = SMOKE OR HAZE
[NO. OF DAYS WITH] [WEATHER - DAYS WITH] 9 = BLOWING SNOW
X = TORNADO
MAX 32 OR BELOW: 2 0.01 INCH OR MORE: 11
MAX 90 OR ABOVE: 0 0.10 INCH OR MORE: 10
MIN 32 OR BELOW: 12 0.50 INCH OR MORE: 4
MIN 0 OR BELOW: 0 1.00 INCH OR MORE: 0
[HDD (BASE 65) ]
TOTAL THIS MO. 654 CLEAR (SCALE 0-3) 31
DPTR FM NORMAL -20 PTCLDY (SCALE 4-7) 0
TOTAL FM JUL 1 4231 CLOUDY (SCALE 8-10) 0
DPTR FM NORMAL -602
[CDD (BASE 65) ]
TOTAL THIS MO. 0
DPTR FM NORMAL -2 [PRESSURE DATA]
TOTAL FM JAN 1 0 HIGHEST SLP M ON M
DPTR FM NORMAL -2 LOWEST SLP 29.35 ON 30
[REMARKS]
#FINAL-03-22#