000
CXUS54 KLUB 020132
CF6CDS
PRELIMINARY LOCAL CLIMATOLOGICAL DATA (WS FORM: F-6)
STATION: CHILDRESS
MONTH: APRIL
YEAR: 2022
LATITUDE: 34 25 N
LONGITUDE: 100 17 W
TEMPERATURE IN F: :PCPN: SNOW: WIND :SUNSHINE: SKY :PK WND
================================================================================
1 2 3 4 5 6A 6B 7 8 9 10 11 12 13 14 15 16 17 18
12Z AVG MX 2MIN
DY MAX MIN AVG DEP HDD CDD WTR SNW DPTH SPD SPD DIR MIN PSBL S-S WX SPD DR
================================================================================
1 76 39 58 -1 7 0 0.28 0.0 0 11.2 28 180 M M 2 3 44 170
2 74 41 58 -1 7 0 0.00 0.0 0 10.5 17 140 M M 0 22 140
3 94 48 71 12 0 6 0.00 0.0 0 17.8 35 20 M M 0 47 20
4 68 50 59 -1 6 0 0.00 0.0 0 10.9 21 60 M M 6 30 30
5 96 49 73 13 0 8 0.00 0.0 0 16.0 43 20 M M 3 128 61 20
6 69 47 58 -2 7 0 0.00 0.0 0 17.5 37 20 M M 3 8 52 360
7 68 37 53 -7 12 0 0.00 0.0 0 16.0 35 330 M M 2 56 350
8 71 34 53 -7 12 0 0.00 0.0 0 11.9 29 340 M M 0 39 350
9 91 41 66 5 0 1 0.00 0.0 0 17.1 33 230 M M 0 44 220
10 91 65 78 17 0 13 0.00 0.0 0 15.0 29 220 M M 0 39 220
11 80 55 68 7 0 3 0.00 0.0 0 11.9 29 10 M M 1 42 60
12 96 57 77 16 0 12 0.00 0.0 0 19.5 39 240 M M 3 8 52 250
13 72 49 61 -1 4 0 0.00 0.0 0 14.2 35 10 M M 1 46 10
14 77 37 57 -5 8 0 0.00 0.0 0 11.9 24 140 M M 0 37 170
15 95 53 74 12 0 9 0.00 0.0 0 13.9 30 260 M M 0 39 70
16 64 45 55 -7 10 0 0.00 0.0 0 14.8 28 10 M M 5 38 20
17 80 36 58 -5 7 0 0.00 0.0 0 5.9 15 10 M M 0 20 10
18 70 45 58 -5 7 0 0.00 0.0 0 10.6 20 60 M M 0 29 80
19 68 50 59 -4 6 0 0.11 0.0 0 15.9 28 180 M M 7 3 40 190
20 95 63 79 16 0 14 0.00 0.0 0 12.8 26 280 M M 2 35 200
21 100 59 80 16 0 15 0.00 0.0 0 18.1 31 180 M M 0 45 170
22 86 69 78 14 0 13 0.00 0.0 0 25.0 37 170 M M 5 8 56 170
23 85 62 74 10 0 9 0.00 0.0 0 15.2 37 180 M M 2 54 190
24 75 52 64 0 1 0 0.00 0.0 0 12.2 25 30 M M 1 37 20
25 70 46 58 -7 7 0 0.00 0.0 0 10.6 23 30 M M 1 34 60
26 75 41 58 -7 7 0 0.00 0.0 0 8.9 17 150 M M 0 28 140
27 81 52 67 2 0 2 0.00 0.0 0 15.2 25 180 M M 3 37 180
28 94 62 78 13 0 13 0.00 0.0 0 15.0 29 160 M M 4 43 150
29 97 67 82 16 0 17 0.00 0.0 0 20.7 33 10 M M 0 8 46 240
30 81 53 67 1 0 2 0.00 0.0 0 9.9 20 360 M M 1 29 20
================================================================================
SM 2439 1504 108 137 0.39 0.0 426.1 M 52
================================================================================
AV 81.3 50.1 14.2 FASTST M M 2 MAX(MPH)
MISC ----> 43 20 61 20
================================================================================
NOTES:
# LAST OF SEVERAL OCCURRENCES
COLUMN 17 PEAK WIND IN M.P.H.
PRELIMINARY LOCAL CLIMATOLOGICAL DATA (WS FORM: F-6) , PAGE 2
STATION: CHILDRESS
MONTH: APRIL
YEAR: 2022
LATITUDE: 34 25 N
LONGITUDE: 100 17 W
[TEMPERATURE DATA] [PRECIPITATION DATA] SYMBOLS USED IN COLUMN 16
AVERAGE MONTHLY: 65.7 TOTAL FOR MONTH: 0.39 1 = FOG OR MIST
DPTR FM NORMAL: 3.4 DPTR FM NORMAL: -1.91 2 = FOG REDUCING VISIBILITY
HIGHEST: 100 ON 21 GRTST 24HR 0.28 ON 1- 1 TO 1/4 MILE OR LESS
LOWEST: 34 ON 8 3 = THUNDER
SNOW, ICE PELLETS, HAIL 4 = ICE PELLETS
TOTAL MONTH: 0.0 INCH 5 = HAIL
GRTST 24HR 0.0 6 = FREEZING RAIN OR DRIZZLE
GRTST DEPTH: 0 7 = DUSTSTORM OR SANDSTORM:
VSBY 1/2 MILE OR LESS
8 = SMOKE OR HAZE
[NO. OF DAYS WITH] [WEATHER - DAYS WITH] 9 = BLOWING SNOW
X = TORNADO
MAX 32 OR BELOW: 0 0.01 INCH OR MORE: 2
MAX 90 OR ABOVE: 10 0.10 INCH OR MORE: 2
MIN 32 OR BELOW: 0 0.50 INCH OR MORE: 0
MIN 0 OR BELOW: 0 1.00 INCH OR MORE: 0
[HDD (BASE 65) ]
TOTAL THIS MO. 108 CLEAR (SCALE 0-3) 22
DPTR FM NORMAL -44 PTCLDY (SCALE 4-7) 8
TOTAL FM JUL 1 2621 CLOUDY (SCALE 8-10) 0
DPTR FM NORMAL -418
[CDD (BASE 65) ]
TOTAL THIS MO. 137
DPTR FM NORMAL 66 [PRESSURE DATA]
TOTAL FM JAN 1 153 HIGHEST SLP 30.42 ON 26
DPTR FM NORMAL 61 LOWEST SLP 29.26 ON 5
[REMARKS]
#FINAL-04-22#