000
CXUS56 KEKA 011230
CF6CEC
PRELIMINARY LOCAL CLIMATOLOGICAL DATA (WS FORM: F-6)
STATION: CRESCENT CITY CA
MONTH: OCTOBER
YEAR: 2022
LATITUDE: 41 46 N
LONGITUDE: 124 14 W
TEMPERATURE IN F: :PCPN: SNOW: WIND :SUNSHINE: SKY :PK WND
================================================================================
1 2 3 4 5 6A 6B 7 8 9 10 11 12 13 14 15 16 17 18
12Z AVG MX 2MIN
DY MAX MIN AVG DEP HDD CDD WTR SNW DPTH SPD SPD DIR MIN PSBL S-S WX SPD DR
================================================================================
1 62 52 57 1 8 0 0.00 M M 8.4 17 180 M M 6 18 22 180
2 62 57 60 4 5 0 0.00 M M 4.1 9 160 M M 10 1 12 130
3 62 56 59 3 6 0 0.00 M M 2.8 9 280 M M 10 18 11 320
4 63 54 59 3 6 0 0.00 M M 3.0 8 320 M M 9 18 11 320
5 61 52 57 1 8 0 0.00 M M 4.0 9 180 M M 9 1 12 260
6 59 54 57 1 8 0 0.00 M M 3.3 8 320 M M 10 128 12 310
7 59 53 56 0 9 0 0.00 M M 3.8 8 160 M M 10 128 13 220
8 58 53 56 0 9 0 0.00 M M 3.7 8 180 M M 10 12 11 160
9 57 51 54 -2 11 0 0.00 M M 4.5 9 320 M M 10 12 13 330
10 58 50 54 -1 11 0 0.00 M M 3.5 10 150 M M 10 128 12 140
11 63 47 55 0 10 0 0.00 M M 6.3 15 150 M M 6 128 20 150
12 M M M M M M M M M M M M M M M M M
13 56 51 54 -1 11 0 0.00 M M 5.3 9 170 M M 6 128 13 330
14 59 49 54 -1 11 0 0.00 M M 4.4 10 160 M M 9 128 13 160
15 59 51 55 0 10 0 0.00 M M 6.6 14 170 M M 10 128 20 180
16 69 57 63 8 2 0 0.00 M M 6.4 17 170 M M 8 1 23 140
17 68 52 60 5 5 0 0.00 M M 3.5 7 240 M M 2 18 11 240
18 65 48 57 2 8 0 0.00 M M 4.0 10 310 M M 1 128 14 350
19 69 47 58 4 7 0 0.00 M M 5.0 14 330 M M 8 128 20 330
20 59 50 55 1 10 0 0.00 M M 3.9 20 330 M M 9 128 30 340
21 63 52 58 4 7 0 0.21 M M 7.1 18 340 M M 5 18 28 340
22 59 46 53 -1 12 0 0.07 M M 4.8 14 280 M M 6 18 16 290
23 59 41 50 -4 15 0 0.00 M M 7.5 17 330 M M 0 18 28 330
24 57 44 51 -3 14 0 0.01 M M 6.4 17 160 M M 9 128 24 140
25 60 44 52 -2 13 0 0.07 M M 5.1 14 170 M M 6 128 16 170
26 58 43 51 -3 14 0 0.01 M M 5.6 12 320 M M 2 18 19 350
27 59 44 52 -2 13 0 0.00 M M 4.4 10 20 M M 0 18 15 20
28 63 43 53 -1 12 0 0.00 M M 4.1 9 190 M M 1 18 12 310
29 67 47 57 4 8 0 0.00 M M 3.4 9 210 M M 6 128 12 200
30 59 45 52 -1 13 0 0.00 M M 3.5 10 320 M M 4 128 14 300
31 60 42 51 -2 14 0 0.02 M M 2.7 10 270 M M 3 128 14 280
================================================================================
SM 1832 1475 290 0 0.39 M 141.1 M 195
================================================================================
AV 61.1 49.2 4.7 FASTST M M 7 MAX(MPH)
MISC ----> 20 330 30 340
================================================================================
NOTES:
# LAST OF SEVERAL OCCURRENCES
COLUMN 17 PEAK WIND IN M.P.H.
PRELIMINARY LOCAL CLIMATOLOGICAL DATA (WS FORM: F-6) , PAGE 2
STATION: CRESCENT CITY CA
MONTH: OCTOBER
YEAR: 2022
LATITUDE: 41 46 N
LONGITUDE: 124 14 W
[TEMPERATURE DATA] [PRECIPITATION DATA] SYMBOLS USED IN COLUMN 16
AVERAGE MONTHLY: 55.1 TOTAL FOR MONTH: 0.39 1 = FOG OR MIST
DPTR FM NORMAL: 0.3 DPTR FM NORMAL: -3.68 2 = FOG REDUCING VISIBILITY
HIGHEST: 69 ON 19,16 GRTST 24HR 0.28 ON 21-22 TO 1/4 MILE OR LESS
LOWEST: 41 ON 23 3 = THUNDER
SNOW, ICE PELLETS, HAIL 4 = ICE PELLETS
TOTAL MONTH: M 5 = HAIL
GRTST 24HR M ON M 6 = FREEZING RAIN OR DRIZZLE
GRTST DEPTH: M ON M 7 = DUSTSTORM OR SANDSTORM:
VSBY 1/2 MILE OR LESS
8 = SMOKE OR HAZE
[NO. OF DAYS WITH] [WEATHER - DAYS WITH] 9 = BLOWING SNOW
X = TORNADO
MAX 32 OR BELOW: 0 0.01 INCH OR MORE: 6
MAX 90 OR ABOVE: 0 0.10 INCH OR MORE: 1
MIN 32 OR BELOW: 0 0.50 INCH OR MORE: 0
MIN 0 OR BELOW: 0 1.00 INCH OR MORE: 0
[HDD (BASE 65) ]
TOTAL THIS MO. 290 CLEAR (SCALE 0-3) 6
DPTR FM NORMAL -28 PTCLDY (SCALE 4-7) 11
TOTAL FM JUL 1 802 CLOUDY (SCALE 8-10) 14
DPTR FM NORMAL -188
[CDD (BASE 65) ]
TOTAL THIS MO. 0
DPTR FM NORMAL -1 [PRESSURE DATA]
TOTAL FM JAN 1 0 HIGHEST SLP 30.31 ON 24
DPTR FM NORMAL -3 LOWEST SLP 29.75 ON 31
[REMARKS]
#FINAL-10-22#