000
CXUS53 KPAH 011100
CLSCGI
CLIMATE REPORT
NATIONAL WEATHER SERVICE PADUCAH
600 AM CDT WED SEP 01 2021
...................................
...THE CAPE GIRARDEAU MO CLIMATE SUMMARY FOR THE SEASON, FROM
6/1/2021 TO 8/31/2021...
CLIMATE NORMAL PERIOD 1991 TO 2020
CLIMATE RECORD PERIOD 1960 TO 2021
WEATHER OBSERVED NORMAL DEPART LAST YEAR`S
VALUE DATE(S) VALUE FROM VALUE
NORMAL
..............................................................
TEMPERATURE (F)
RECORD
HIGH 107 06/29/2012
LOW 43 06/01/1972
HIGHEST 96 06/12 MM MM
LOWEST 53 06/22 MM MM
AVG. MAXIMUM 87.8 88.1 -0.3
AVG. MINIMUM 68.0 67.2 0.8
MEAN 77.9 77.6 0.3
DAYS MAX >= 90 38 40.6 -2.6
DAYS MAX <= 32 0 0.0 0.0
DAYS MIN <= 32 0 0.0 0.0
DAYS MIN <= 0 0 0.0 0.0
PRECIPITATION (INCHES)
RECORD
MAXIMUM 18.62 1989
MINIMUM 4.25 2007
TOTALS 11.72 10.90 0.82
DAILY AVG. 0.13 0.12 0.01
DAYS >= .01 14 27.8 -13.8
DAYS >= .10 10 17.7 -7.7
DAYS >= .50 5 6.9 -1.9
DAYS >= 1.00 1 2.4 -1.4
GREATEST
24 HR. TOTAL 3.18
STORM TOTAL 3.10
(MM/DD(HH))
DEGREE DAYS
HEATING TOTAL 1 3 -2
SINCE 7/1 0 0 0
COOLING TOTAL 1213 1165 48
SINCE 1/1 1347 1345 2
FREEZE DATES
RECORD
EARLIEST MM
LATEST MM
EARLIEST MM
LATEST 04/22
..............................................................
WIND (MPH)
AVERAGE WIND SPEED 5.0
HIGHEST WIND SPEED/DIRECTION 29/290 DATE 08/08
HIGHEST GUST SPEED/DIRECTION 44/350 DATE 08/12
SKY COVER
POSSIBLE SUNSHINE (PERCENT) MM
AVERAGE SKY COVER 0.28
NUMBER OF DAYS FAIR 65
NUMBER OF DAYS PC 22
NUMBER OF DAYS CLOUDY 5
AVERAGE RH (PERCENT) 74
WEATHER CONDITIONS. NUMBER OF DAYS WITH
THUNDERSTORM 22 MIXED PRECIP 0
HEAVY RAIN 17 RAIN 17
LIGHT RAIN 33 FREEZING RAIN 0
LT FREEZING RAIN 0 HAIL 0
HEAVY SNOW 0 SNOW 0
LIGHT SNOW 0 SLEET 0
FOG 59 FOG W/VIS <= 1/4 MILE 13
HAZE 13
- INDICATES NEGATIVE NUMBERS.
R INDICATES RECORD WAS SET OR TIED.
MM INDICATES DATA IS MISSING.
T INDICATES TRACE AMOUNT.
$$