000
CXUS52 KCHS 022029
CF6CHS
PRELIMINARY LOCAL CLIMATOLOGICAL DATA (WS FORM: F-6)
STATION: NORTH CHARLESTON SC
MONTH: APRIL
YEAR: 2020
LATITUDE: 32 54 N
LONGITUDE: 80 2 W
TEMPERATURE IN F: :PCPN: SNOW: WIND :SUNSHINE: SKY :PK WND
================================================================================
1 2 3 4 5 6A 6B 7 8 9 10 11 12 13 14 15 16 17 18
12Z AVG MX 2MIN
DY MAX MIN AVG DEP HDD CDD WTR SNW DPTH SPD SPD DIR MIN PSBL S-S WX SPD DR
================================================================================
1 64 49 57 -5 8 0 T 0.0 0 10.3 21 350 M M 8 27 340
2 68 43 56 -6 9 0 0.00 0.0 0 6.5 18 340 M M 2 24 350
3 77 43 60 -2 5 0 0.00 0.0 0 6.5 16 280 M M 1 23 290
4 77 48 63 1 2 0 0.00 0.0 0 6.5 15 20 M M 4 21 20
5 75 55 65 3 0 0 0.00 0.0 0 6.4 15 150 M M 4 1 20 170
6 82 53 68 5 0 3 0.00 0.0 0 7.7 21 210 M M 2 1 25 200
7 87 65 76 13 0 11 0.00 0.0 0 9.3 18 210 M M 8 23 210
8 87 66 77 14 0 12 0.00 0.0 0 9.4 18 250 M M 6 23 250
9 89 67 78 15 0 13 T 0.0 0 12.0 23 260 M M 3 32 260
10 72 45 59 -5 6 0 T 0.0 0 10.2 26 350 M M 5 35 10
11 70 41 56 -8 9 0 0.00 0.0 0 6.6 16 140 M M 1 21 110
12 78 54 66 2 0 1 0.04 0.0 0 15.3 31 170 M M 6 42 170
13 79 65 72 8 0 7 2.83 0.0 0 17.7 39 210 M M 8 13 48 210
14 81 57 69 5 0 4 0.00 0.0 0 6.9 16 150 M M 3 18 150
15 71 49 60 -5 5 0 1.09 0.0 0 9.2 23 10 M M 7 13 31 10
16 69 46 58 -7 7 0 0.00 0.0 0 6.9 16 30 M M 2 22 50
17 75 45 60 -5 5 0 0.00 0.0 0 7.4 20 200 M M 3 1 25 200
18 82 59 71 6 0 6 0.00 0.0 0 9.6 24 300 M M 5 36 300
19 79 56 68 2 0 3 0.72 0.0 0 7.7 25 140 M M 7 13 30 140
20 73 55 64 -2 1 0 0.54 0.0 0 9.0 29 330 M M 6 13 38 310
21 81 51 66 0 0 1 0.00 0.0 0 8.5 23 260 M M 2 1 29 270
22 72 51 62 -4 3 0 0.00 0.0 0 7.6 17 50 M M 2 22 40
23 76 60 68 2 0 3 1.91 0.0 0 9.8 24 150 M M 10 13 32 160
24 79 64 72 5 0 7 0.04 0.0 0 8.9 22 210 M M 7 31 200
25 81 56 69 2 0 4 0.00 0.0 0 8.5 20 170 M M 2 1 24 190
26 80 60 70 3 0 5 0.00 0.0 0 12.7 22 300 M M 3 30 250
27 75 52 64 -4 1 0 0.00 0.0 0 10.5 21 320 M M 1 27 320
28 78 50 64 -4 1 0 0.00 0.0 0 7.6 18 200 M M 1 23 180
29 80 61 71 3 0 6 T 0.0 0 15.5 30 190 M M 5 36 170
30 76 57 67 -1 0 2 0.96 0.0 0 12.4 31 200 M M 7 13 42 190
================================================================================
SM 2313 1623 62 88 8.13 0.0 283.1 M 131
================================================================================
AV 77.1 54.1 9.4 FASTST M M 4 MAX(MPH)
MISC ----> # 39 210 # 48 210
================================================================================
NOTES:
# LAST OF SEVERAL OCCURRENCES
COLUMN 17 PEAK WIND IN M.P.H.
PRELIMINARY LOCAL CLIMATOLOGICAL DATA (WS FORM: F-6) , PAGE 2
STATION: NORTH CHARLESTON SC
MONTH: APRIL
YEAR: 2020
LATITUDE: 32 54 N
LONGITUDE: 80 2 W
[TEMPERATURE DATA] [PRECIPITATION DATA] SYMBOLS USED IN COLUMN 16
AVERAGE MONTHLY: 65.6 TOTAL FOR MONTH: 8.13 1 = FOG OR MIST
DPTR FM NORMAL: 0.8 DPTR FM NORMAL: 5.22 2 = FOG REDUCING VISIBILITY
HIGHEST: 89 ON 9 GRTST 24HR 2.83 ON 13-13 TO 1/4 MILE OR LESS
LOWEST: 41 ON 11 3 = THUNDER
SNOW, ICE PELLETS, HAIL 4 = ICE PELLETS
TOTAL MONTH: 0.0 INCH 5 = HAIL
GRTST 24HR 0.0 6 = FREEZING RAIN OR DRIZZLE
GRTST DEPTH: 0 7 = DUSTSTORM OR SANDSTORM:
VSBY 1/2 MILE OR LESS
8 = SMOKE OR HAZE
[NO. OF DAYS WITH] [WEATHER - DAYS WITH] 9 = BLOWING SNOW
X = TORNADO
MAX 32 OR BELOW: 0 0.01 INCH OR MORE: 8
MAX 90 OR ABOVE: 0 0.10 INCH OR MORE: 6
MIN 32 OR BELOW: 0 0.50 INCH OR MORE: 6
MIN 0 OR BELOW: 0 1.00 INCH OR MORE: 3
[HDD (BASE 65) ]
TOTAL THIS MO. 62 CLEAR (SCALE 0-3) 14
DPTR FM NORMAL -26 PTCLDY (SCALE 4-7) 14
TOTAL FM JUL 1 1476 CLOUDY (SCALE 8-10) 2
DPTR FM NORMAL -487
[CDD (BASE 65) ]
TOTAL THIS MO. 88
DPTR FM NORMAL 4 [PRESSURE DATA]
TOTAL FM JAN 1 240 HIGHEST SLP 30.31 ON 17
DPTR FM NORMAL 122 LOWEST SLP 29.53 ON 20
[REMARKS]
FINAL 04-20P
#FINAL-04-20#