000
CXUS51 KCLE 041928
CLSCLE
CLIMATE REPORT
NATIONAL WEATHER SERVICE CLEVELAND, OH
228 PM EST THU MAR 04 2021
...................................
...THE CLEVELAND OH CLIMATE SUMMARY FOR THE SEASON, FROM
12/1/2020 TO 2/28/2021...
CLIMATE NORMAL PERIOD 1981 TO 2010
CLIMATE RECORD PERIOD 1871 TO 2021
WEATHER OBSERVED NORMAL DEPART
VALUE DATE(S) VALUE FROM
NORMAL
................................................
TEMPERATURE (F)
RECORD
HIGH 77 12/03/1982
LOW -20 01/19/1994
HIGHEST 58 12/11
02/28
LOWEST 1 02/17
AVG. MAXIMUM 35.3 36.7 -1.4
AVG. MINIMUM 24.5 23.9 0.6
MEAN 29.9 30.3 -0.4
DAYS MAX >= 90 0 0.0
DAYS MAX <= 32 32 31.0
DAYS MIN <= 32 73 69.4
DAYS MIN <= 0 0 2.4
PRECIPITATION (INCHES)
RECORD
MAXIMUM 14.95 1950
MINIMUM 3.27 1901
TOTALS 6.26 8.16 -1.90
DAYS >= .01 51 47.0
DAYS >= .10 17 22.0
DAYS >= .50 2 3.7
DAYS >= 1.00 1 0.7
SNOWFALL (INCHES)
RECORDS
TOTAL 82.8 2003
TOTALS 42.4 47.7
DAYS >= TRACE 58
DAYS >= 1.0 12 14.4
DEGREE DAYS
HEATING TOTAL 3122 3122 0
COOLING TOTAL 0 0 0
................................................
WIND (MPH)
HIGHEST GUST SPEED/DIRECTION 52/260 DATE 12/28
SKY COVER
POSSIBLE SUNSHINE (PERCENT) MM
AVERAGE SKY COVER 0.86
NUMBER OF DAYS FAIR 2
NUMBER OF DAYS PC 17
NUMBER OF DAYS CLOUDY 71
WEATHER CONDITIONS. NUMBER OF DAYS WITH
THUNDERSTORM 0 MIXED PRECIP 0
HEAVY RAIN 1 RAIN 4
LIGHT RAIN 24 FREEZING RAIN 1
LT FREEZING RAIN 2 HAIL 0
HEAVY SNOW 1 SNOW 6
LIGHT SNOW 55 SLEET 3
FOG 59 FOG W/VIS <= 1/4 MILE 1
HAZE 17
- INDICATES NEGATIVE NUMBERS.
R INDICATES RECORD WAS SET OR TIED.
MM INDICATES DATA IS MISSING.
T INDICATES TRACE AMOUNT.
$$