000
CXUS54 KHGX 011410
CF6CLL
PRELIMINARY LOCAL CLIMATOLOGICAL DATA (WS FORM: F-6)
STATION: COLLEGE STATION
MONTH: OCTOBER
YEAR: 2022
LATITUDE: 30 34 N
LONGITUDE: 96 22 W
TEMPERATURE IN F: :PCPN: SNOW: WIND :SUNSHINE: SKY :PK WND
================================================================================
1 2 3 4 5 6A 6B 7 8 9 10 11 12 13 14 15 16 17 18
12Z AVG MX 2MIN
DY MAX MIN AVG DEP HDD CDD WTR SNW DPTH SPD SPD DIR MIN PSBL S-S WX SPD DR
================================================================================
1 86 54 70 -6 0 5 0.00 0.0 0 3.2 9 70 M M 0 15 10
2 86 54 70 -6 0 5 0.00 0.0 0 3.5 13 360 M M 0 21 20
3 90 61 76 0 0 11 0.00 0.0 0 4.2 10 50 M M 0 8 15 350
4 90 65 78 3 0 13 0.00 0.0 0 4.0 12 10 M M 0 17 360
5 90 59 75 0 0 10 0.00 0.0 0 2.9 10 50 M M 0 15 360
6 91 63 77 2 0 12 0.00 0.0 0 2.2 9 70 M M 0 14 270
7 89 62 76 2 0 11 0.00 0.0 0 4.1 12 50 M M 0 17 40
8 90 67 79 5 0 14 0.00 0.0 0 8.6 16 20 M M 0 23 30
9 89 63 76 2 0 11 0.00 0.0 0 4.3 12 110 M M 0 17 110
10 88 63 76 3 0 11 0.00 0.0 0 3.8 15 100 M M 0 21 110
11 88 64 76 3 0 11 0.00 0.0 0 8.6 21 170 M M 1 35 190
12 95 69 82 9 0 17 0.00 0.0 0 5.5 15 210 M M 3 12 22 220
13 91 70 81 9 0 16 0.00 0.0 0 9.4 17 50 M M 1 3 24 40
14 89 63 76 4 0 11 0.00 0.0 0 6.9 16 170 M M 0 22 170
15 93 67 80 8 0 15 0.00 0.0 0 8.1 17 170 M M 1 24 180
16 93 71 82 11 0 17 T 0.0 0 6.9 18 20 M M 7 26 360
17 79 58 69 -2 0 4 0.27 0.0 0 13.1 22 10 M M 5 18 30 20
18 70 51 61 -9 4 0 0.00 0.0 0 11.1 22 350 M M 0 28 10
19 71 42 57 -13 8 0 0.00 0.0 0 4.6 12 30 M M 0 17 20
20 84 48 66 -4 0 1 0.00 0.0 0 8.7 20 230 M M 0 27 180
21 87 60 74 5 0 9 0.00 0.0 0 11.5 18 170 M M 0 29 170
22 87 61 74 5 0 9 0.00 0.0 0 14.0 25 170 M M 0 35 170
23 88 65 77 9 0 12 T 0.0 0 14.6 28 150 M M 5 38 160
24 84 60 72 4 0 7 0.59 0.0 0 15.8 38 250 M M 9 138 61 260
25 74 49 62 -6 3 0 T 0.0 0 11.2 24 330 M M 2 8 36 350
26 78 47 63 -4 2 0 0.00 0.0 0 2.6 13 90 M M 0 17 80
27 79 50 65 -2 0 0 0.08 0.0 0 6.5 23 160 M M 2 3 30 160
28 66 57 62 -5 3 0 0.90 0.0 0 10.0 24 290 M M 10 13 31 310
29 65 56 61 -5 4 0 0.00 0.0 0 9.3 17 300 M M 9 28 320
30 76 50 63 -3 2 0 0.00 0.0 0 3.7 14 310 M M 1 1 20 260
31 78 53 66 0 0 1 0.01 0.0 0 1.5 7 210 M M 0 10 180
================================================================================
SM 2604 1822 26 233 1.85 0.0 224.4 M 56
================================================================================
AV 84.0 58.8 7.2 FASTST M M 2 MAX(MPH)
MISC ----> 38 250 61 260
================================================================================
NOTES:
# LAST OF SEVERAL OCCURRENCES
COLUMN 17 PEAK WIND IN M.P.H.
PRELIMINARY LOCAL CLIMATOLOGICAL DATA (WS FORM: F-6) , PAGE 2
STATION: COLLEGE STATION
MONTH: OCTOBER
YEAR: 2022
LATITUDE: 30 34 N
LONGITUDE: 96 22 W
[TEMPERATURE DATA] [PRECIPITATION DATA] SYMBOLS USED IN COLUMN 16
AVERAGE MONTHLY: 71.4 TOTAL FOR MONTH: 1.85 1 = FOG OR MIST
DPTR FM NORMAL: 0.3 DPTR FM NORMAL: -3.08 2 = FOG REDUCING VISIBILITY
HIGHEST: 95 ON 12 GRTST 24HR 0.98 ON 27-28 TO 1/4 MILE OR LESS
LOWEST: 42 ON 19 3 = THUNDER
SNOW, ICE PELLETS, HAIL 4 = ICE PELLETS
TOTAL MONTH: 0.0 INCH 5 = HAIL
GRTST 24HR 0.0 6 = FREEZING RAIN OR DRIZZLE
GRTST DEPTH: 0 7 = DUSTSTORM OR SANDSTORM:
VSBY 1/2 MILE OR LESS
8 = SMOKE OR HAZE
[NO. OF DAYS WITH] [WEATHER - DAYS WITH] 9 = BLOWING SNOW
X = TORNADO
MAX 32 OR BELOW: 0 0.01 INCH OR MORE: 5
MAX 90 OR ABOVE: 9 0.10 INCH OR MORE: 3
MIN 32 OR BELOW: 0 0.50 INCH OR MORE: 2
MIN 0 OR BELOW: 0 1.00 INCH OR MORE: 0
[HDD (BASE 65) ]
TOTAL THIS MO. 26 CLEAR (SCALE 0-3) 25
DPTR FM NORMAL -10 PTCLDY (SCALE 4-7) 3
TOTAL FM JUL 1 26 CLOUDY (SCALE 8-10) 3
DPTR FM NORMAL -9
[CDD (BASE 65) ]
TOTAL THIS MO. 233
DPTR FM NORMAL 9 [PRESSURE DATA]
TOTAL FM JAN 1 3778 HIGHEST SLP 30.38 ON 19
DPTR FM NORMAL 683 LOWEST SLP 29.67 ON 24
[REMARKS]
#FINAL-10-22#