000
CXUS56 KLOX 011257
CF6CMA
PRELIMINARY LOCAL CLIMATOLOGICAL DATA (WS FORM: F-6)
STATION: CAMARILLO AIRPORT CA
MONTH: JANUARY
YEAR: 2024
LATITUDE: 34 12 N
LONGITUDE: 119 6 W
TEMPERATURE IN F: :PCPN: SNOW: WIND :SUNSHINE: SKY :PK WND
================================================================================
1 2 3 4 5 6A 6B 7 8 9 10 11 12 13 14 15 16 17 18
12Z AVG MX 2MIN
DY MAX MIN AVG DEP HDD CDD WTR SNW DPTH SPD SPD DIR MIN PSBL S-S WX SPD DR
================================================================================
1 70 45 58 2 7 0 0.00 M M 9.2 21 80 M M 0 37 50
2 64 41 53 -3 12 0 0.00 M M 3.6 14 260 M M 2 16 270
3 64 48 56 0 9 0 0.10 M M 11.7 36 270 M M 3 12 49 270
4 65 40 53 -3 12 0 0.00 M M 5.0 13 50 M M 0 14 40
5 68 41 55 -1 10 0 0.00 M M 4.5 13 60 M M 0 17 60
6 64 39 52 -4 13 0 0.00 M M 6.2 21 270 M M 1 40 270
7 61 39 50 -6 15 0 0.00 M M 11.1 29 270 M M 0 44 270
8 64 35 50 -6 15 0 0.00 M M 7.9 21 70 M M 0 25 70
9 63 35 49 -7 16 0 0.00 M M 3.5 10 230 M M 0 14 230
10 63 37 50 -6 15 0 0.00 M M 6.5 21 280 M M 0 36 270
11 62 39 51 -5 14 0 0.00 M M 7.5 29 270 M M 0 46 270
12 62 33 48 -8 17 0 0.00 M M 3.2 12 230 M M 0 20 210
13 62 36 49 -7 16 0 0.00 M M 3.9 12 220 M M 0 17 190
14 65 39 52 -5 13 0 0.00 M M 3.1 9 80 M M 1 12 240
15 65 40 53 -4 12 0 0.00 M M 3.6 13 240 M M 0 18 17 230
16 67 42 55 -2 10 0 0.00 M M 3.8 15 270 M M 3 128 19 230
17 60 52 56 -1 9 0 0.01 M M 3.1 9 60 M M 10 128 12 60
18 67 49 58 1 7 0 0.00 M M 5.5 14 210 M M 3 18 20 230
19 69 49 59 2 6 0 0.00 M M 4.9 16 210 M M 4 128 21 210
20 62 55 59 2 6 0 0.35 M M 6.5 15 60 M M 10 18 19 60
21 66 55 61 4 4 0 0.00 M M 3.8 12 210 M M 8 1 14 200
22 64 53 59 2 6 0 0.86 M M 6.0 15 60 M M 9 18 19 60
23 67 47 57 0 8 0 0.00 M M 3.7 12 240 M M 2 18 17 240
24 63 46 55 -2 10 0 T M M 1.8 9 230 M M 5 1 12 240
25 66 48 57 0 8 0 T M M 3.3 12 230 M M 5 1 15 240
26 76 44 60 3 5 0 0.00 M M 6.7 21 60 M M 0 40 80
27 81 51 66 9 0 1 0.00 M M 13.4 23 40 M M 0 49 70
28 84 54 69 12 0 4 0.00 M M 10.3 22 70 M M 0 38 50
29 75 49 62 5 3 0 0.00 M M 3.4 12 280 M M 0 19 150
30 70 45 58 1 7 0 0.00 M M 2.9 14 260 M M 0 18 16 270
31 66 48 57 0 8 0 0.04 M M 5.8 16 200 M M 2 128 21 190
================================================================================
SM 2065 1374 293 5 1.36 M 175.4 M 68
================================================================================
AV 66.6 44.3 5.7 FASTST M M 2 MAX(MPH)
MISC ----> 36 270 # 49 270
================================================================================
NOTES:
# LAST OF SEVERAL OCCURRENCES
COLUMN 17 PEAK WIND IN M.P.H.
PRELIMINARY LOCAL CLIMATOLOGICAL DATA (WS FORM: F-6) , PAGE 2
STATION: CAMARILLO AIRPORT CA
MONTH: JANUARY
YEAR: 2024
LATITUDE: 34 12 N
LONGITUDE: 119 6 W
[TEMPERATURE DATA] [PRECIPITATION DATA] SYMBOLS USED IN COLUMN 16
AVERAGE MONTHLY: 55.5 TOTAL FOR MONTH: 1.36 1 = FOG OR MIST
DPTR FM NORMAL: -1.0 DPTR FM NORMAL: -1.49 2 = FOG REDUCING VISIBILITY
HIGHEST: 84 ON 28 GRTST 24HR 0.86 ON 22-22 TO 1/4 MILE OR LESS
LOWEST: 33 ON 12 3 = THUNDER
SNOW, ICE PELLETS, HAIL 4 = ICE PELLETS
TOTAL MONTH: M 5 = HAIL
GRTST 24HR M ON M 6 = FREEZING RAIN OR DRIZZLE
GRTST DEPTH: M ON M 7 = DUSTSTORM OR SANDSTORM:
VSBY 1/2 MILE OR LESS
8 = SMOKE OR HAZE
[NO. OF DAYS WITH] [WEATHER - DAYS WITH] 9 = BLOWING SNOW
X = TORNADO
MAX 32 OR BELOW: 0 0.01 INCH OR MORE: 5
MAX 90 OR ABOVE: 0 0.10 INCH OR MORE: 3
MIN 32 OR BELOW: 0 0.50 INCH OR MORE: 1
MIN 0 OR BELOW: 0 1.00 INCH OR MORE: 0
[HDD (BASE 65) ]
TOTAL THIS MO. 293 CLEAR (SCALE 0-3) 24
DPTR FM NORMAL 18 PTCLDY (SCALE 4-7) 4
TOTAL FM JUL 1 598 CLOUDY (SCALE 8-10) 3
DPTR FM NORMAL -193
[CDD (BASE 65) ]
TOTAL THIS MO. 5
DPTR FM NORMAL -6 [PRESSURE DATA]
TOTAL FM JAN 1 5 HIGHEST SLP 30.35 ON 8
DPTR FM NORMAL -6 LOWEST SLP 29.73 ON 22
[REMARKS]
#FINAL-01-24#