000
CXUS51 KILN 010851
CF6CMH
PRELIMINARY LOCAL CLIMATOLOGICAL DATA (WS FORM: F-6)
STATION: COLUMBUS OH
MONTH: MARCH
YEAR: 2023
LATITUDE: 40 0 N
LONGITUDE: 82 53 W
TEMPERATURE IN F: :PCPN: SNOW: WIND :SUNSHINE: SKY :PK WND
================================================================================
1 2 3 4 5 6A 6B 7 8 9 10 11 12 13 14 15 16 17 18
12Z AVG MX 2MIN
DY MAX MIN AVG DEP HDD CDD WTR SNW DPTH SPD SPD DIR MIN PSBL S-S WX SPD DR
================================================================================
1 75 37 56 20 9 0 T 0.0 0 10.1 21 220 M M 4 3 28 220
2 54 38 46 9 19 0 0.00 0.0 0 8.3 18 320 M M 8 26 310
3 58 37 48 11 17 0 1.60 0.0 0 15.9 40 230 M M 10 18 59 250
4 52 36 44 7 21 0 T 0.0 0 10.4 32 290 M M 6 1 39 290
5 55 34 45 7 20 0 0.00 0.0 0 5.5 13 350 M M 4 21 10
6 72 40 56 18 9 0 T 0.0 0 10.6 24 330 M M 7 31 110
7 49 31 40 2 25 0 0.00 0.0 0 13.3 24 10 M M 5 1 31 10
8 50 25 38 -1 27 0 0.00 0.0 0 8.5 18 360 M M 5 23 10
9 53 26 40 1 25 0 T 0.0 0 6.2 15 90 M M 7 19 90
10 43 34 39 0 26 0 0.15 T 0 12.4 29 280 M M 10 1 34 290
11 41 31 36 -4 29 0 T T 0 8.7 18 330 M M 9 26 330
12 38 30 34 -6 31 0 0.03 0.4 T 7.6 16 80 M M 10 1 23 80
13 37 29 33 -7 32 0 0.03 0.4 0 11.4 24 270 M M 10 1 30 280
14 33 24 29 -12 36 0 T 0.2 1 13.8 24 320 M M 9 1 30 320
15 48 22 35 -6 30 0 0.00 0.0 0 4.0 13 220 M M 2 16 300
16 62 29 46 5 19 0 0.04 0.0 0 7.6 21 190 M M 8 27 200
17 56 32 44 2 21 0 0.25 0.0 0 15.6 30 200 M M 10 1 43 190
18 36 19 28 -14 37 0 T T 0 16.5 29 290 M M 7 8 36 270
19 37 18 28 -14 37 0 0.00 0.0 0 9.5 18 280 M M 3 24 290
20 49 22 36 -7 29 0 0.00 0.0 0 8.5 20 210 M M 1 26 180
21 59 26 43 0 22 0 0.00 0.0 0 7.3 20 230 M M 7 27 230
22 52 43 48 4 17 0 0.04 0.0 0 10.3 20 190 M M 10 18 26 180
23 68 47 58 14 7 0 0.97 0.0 0 11.1 25 320 M M 10 13 33 230
24 47 38 43 -1 22 0 0.92 0.0 0 9.3 18 100 M M 10 18 22 90
25 64 41 53 8 12 0 0.77 0.0 0 18.3 40 240 M M 8 13 57 250
26 61 32 47 2 18 0 0.00 0.0 0 4.5 12 200 M M 2 23 110
27 59 41 50 4 15 0 0.10 0.0 0 9.5 20 320 M M 8 1 27 290
28 52 32 42 -4 23 0 0.00 0.0 0 6.3 16 350 M M 5 1 21 340
29 56 30 43 -3 22 0 0.00 0.0 0 10.8 31 300 M M 4 18 41 300
30 56 26 41 -6 24 0 0.00 0.0 0 5.7 12 360 M M 3 18 190
31 60 45 53 6 12 0 0.32 0.0 0 11.6 22 180 M M 10 13 28 170
================================================================================
SM 1632 995 693 0 5.22 1.0 309.1 M 212
================================================================================
AV 52.6 32.1 10.0 FASTST M M 7 MAX(MPH)
MISC ----> # 40 230 59 250
================================================================================
NOTES:
# LAST OF SEVERAL OCCURRENCES
COLUMN 17 PEAK WIND IN M.P.H.
PRELIMINARY LOCAL CLIMATOLOGICAL DATA (WS FORM: F-6) , PAGE 2
STATION: COLUMBUS OH
MONTH: MARCH
YEAR: 2023
LATITUDE: 40 0 N
LONGITUDE: 82 53 W
[TEMPERATURE DATA] [PRECIPITATION DATA] SYMBOLS USED IN COLUMN 16
AVERAGE MONTHLY: 42.4 TOTAL FOR MONTH: 5.22 1 = FOG OR MIST
DPTR FM NORMAL: 0.8 DPTR FM NORMAL: 1.60 2 = FOG REDUCING VISIBILITY
HIGHEST: 75 ON 1 GRTST 24HR 1.60 ON 3- 3 TO 1/4 MILE OR LESS
LOWEST: 18 ON 19 3 = THUNDER
SNOW, ICE PELLETS, HAIL 4 = ICE PELLETS
TOTAL MONTH: 1.0 INCH 5 = HAIL
GRTST 24HR 0.4 ON 12-12 6 = FREEZING RAIN OR DRIZZLE
GRTST DEPTH: 1 ON 14 7 = DUSTSTORM OR SANDSTORM:
VSBY 1/2 MILE OR LESS
8 = SMOKE OR HAZE
[NO. OF DAYS WITH] [WEATHER - DAYS WITH] 9 = BLOWING SNOW
X = TORNADO
MAX 32 OR BELOW: 0 0.01 INCH OR MORE: 12
MAX 90 OR ABOVE: 0 0.10 INCH OR MORE: 8
MIN 32 OR BELOW: 18 0.50 INCH OR MORE: 4
MIN 0 OR BELOW: 0 1.00 INCH OR MORE: 1
[HDD (BASE 65) ]
TOTAL THIS MO. 693 CLEAR (SCALE 0-3) 5
DPTR FM NORMAL -35 PTCLDY (SCALE 4-7) 15
TOTAL FM JUL 1 4115 CLOUDY (SCALE 8-10) 11
DPTR FM NORMAL -597
[CDD (BASE 65) ]
TOTAL THIS MO. 0
DPTR FM NORMAL -2 [PRESSURE DATA]
TOTAL FM JAN 1 0 HIGHEST SLP 30.52 ON 8
DPTR FM NORMAL -2 LOWEST SLP 28.92 ON 3
[REMARKS]
#FINAL-03-23#