000
CXUS53 KILX 010900
CF6CMI
PRELIMINARY LOCAL CLIMATOLOGICAL DATA (WS FORM: F-6)
STATION: CHAMPAIGN IL AIRPORT
MONTH: SEPTEMBER
YEAR: 2022
LATITUDE: 40 1 N
LONGITUDE: 88 17 W
TEMPERATURE IN F: :PCPN: SNOW: WIND :SUNSHINE: SKY :PK WND
================================================================================
1 2 3 4 5 6A 6B 7 8 9 10 11 12 13 14 15 16 17 18
12Z AVG MX 2MIN
DY MAX MIN AVG DEP HDD CDD WTR SNW DPTH SPD SPD DIR MIN PSBL S-S WX SPD DR
================================================================================
1 84 58 71 0 0 6 0.00 M M 4.0 10 200 M M 0 18 16 210
2 81 63 72 1 0 7 T M M 4.7 12 160 M M 1 18 16 170
3 81 67 74 4 0 9 0.02 M M 3.5 10 100 M M 8 18 13 100
4 80 69 75 5 0 10 0.50 M M 7.6 15 50 M M 8 13 21 30
5 74 68 71 1 0 6 0.00 M M 8.5 14 30 M M 10 18 19 20
6 81 67 74 4 0 9 0.00 M M 6.9 14 50 M M 6 18 80
7 81 60 71 1 0 6 0.00 M M 6.4 13 350 M M 3 18 18 350
8 81 55 68 -1 0 3 0.00 M M 3.6 8 100 M M 0 8 13 90
9 83 54 69 0 0 4 0.00 M M 4.6 12 170 M M 1 8 17 180
10 85 58 72 3 0 7 0.01 M M 3.4 10 140 M M 3 138 14 140
11 69 52 61 -8 4 0 0.31 M M 8.9 20 280 M M 9 13 26 300
12 67 49 58 -10 7 0 T M M 8.7 24 280 M M 8 32 300
13 78 55 67 -1 0 2 0.00 M M 6.6 14 320 M M 5 21 300
14 82 51 67 -1 0 2 0.00 M M 2.1 7 130 M M 0 11 180
15 83 54 69 2 0 4 0.00 M M 5.4 10 170 M M 0 1 14 170
16 85 55 70 3 0 5 0.00 M M 6.1 15 150 M M 0 1 22 170
17 86 62 74 7 0 9 0.00 M M 8.9 17 200 M M 1 8 30 180
18 88 63 76 10 0 11 T M M 8.2 16 230 M M 2 38 24 230
19 82 66 74 8 0 9 1.22 M M 4.8 24 340 M M 5 138 51 320
20 95 64 80 14 0 15 0.00 M M 6.9 15 220 M M 2 128 22 220
21 91 64 78 13 0 13 0.01 M M 9.4 20 340 M M 2 8 31 350
22 70 46 58 -7 7 0 0.00 M M 11.4 20 350 M M 1 29 360
23 64 46 55 -10 10 0 0.18 M M 6.4 14 110 M M 5 13 19 130
24 80 52 66 2 0 1 0.01 M M 8.7 17 250 M M 3 26 250
25 75 50 63 -1 2 0 T M M 11.8 24 300 M M 4 34 290
26 68 39 54 -10 11 0 0.00 M M 10.8 24 300 M M 0 1 33 290
27 67 37 52 -11 13 0 0.00 M M 9.9 22 320 M M 1 1 35 320
28 64 35 50 -13 15 0 0.00 M M 6.8 13 40 M M 2 1 19 50
29 68 40 54 -8 11 0 0.00 M M 6.4 12 80 M M 0 16 70
30 71 44 58 -4 7 0 0.00 M M 8.0 15 40 M M 0 22 40
================================================================================
SM 2344 1643 87 138 2.26 M 209.4 M 90
================================================================================
AV 78.1 54.8 7.0 FASTST M M 3 MAX(MPH)
MISC ----> # 24 280 51 320
================================================================================
NOTES:
# LAST OF SEVERAL OCCURRENCES
COLUMN 17 PEAK WIND IN M.P.H.
PRELIMINARY LOCAL CLIMATOLOGICAL DATA (WS FORM: F-6) , PAGE 2
STATION: CHAMPAIGN IL AIRPORT
MONTH: SEPTEMBER
YEAR: 2022
LATITUDE: 40 1 N
LONGITUDE: 88 17 W
[TEMPERATURE DATA] [PRECIPITATION DATA] SYMBOLS USED IN COLUMN 16
AVERAGE MONTHLY: 66.5 TOTAL FOR MONTH: 2.26 1 = FOG OR MIST
DPTR FM NORMAL: -0.6 DPTR FM NORMAL: -0.79 2 = FOG REDUCING VISIBILITY
HIGHEST: 95 ON 20 GRTST 24HR 1.22 ON 18-19 TO 1/4 MILE OR LESS
LOWEST: 35 ON 28 3 = THUNDER
SNOW, ICE PELLETS, HAIL 4 = ICE PELLETS
TOTAL MONTH: M 5 = HAIL
GRTST 24HR M ON M 6 = FREEZING RAIN OR DRIZZLE
GRTST DEPTH: M ON M 7 = DUSTSTORM OR SANDSTORM:
VSBY 1/2 MILE OR LESS
8 = SMOKE OR HAZE
[NO. OF DAYS WITH] [WEATHER - DAYS WITH] 9 = BLOWING SNOW
X = TORNADO
MAX 32 OR BELOW: 0 0.01 INCH OR MORE: 8
MAX 90 OR ABOVE: 2 0.10 INCH OR MORE: 4
MIN 32 OR BELOW: 0 0.50 INCH OR MORE: 2
MIN 0 OR BELOW: 0 1.00 INCH OR MORE: 1
[HDD (BASE 65) ]
TOTAL THIS MO. 87 CLEAR (SCALE 0-3) 19
DPTR FM NORMAL 21 PTCLDY (SCALE 4-7) 9
TOTAL FM JUL 1 87 CLOUDY (SCALE 8-10) 2
DPTR FM NORMAL 15
[CDD (BASE 65) ]
TOTAL THIS MO. 138
DPTR FM NORMAL 14 [PRESSURE DATA]
TOTAL FM JAN 1 1192 HIGHEST SLP 30.52 ON 29
DPTR FM NORMAL 165 LOWEST SLP 29.78 ON 25
[REMARKS]
#FINAL-09-22#