000
CXUS53 KARX 240647
CF6CMY
PRELIMINARY LOCAL CLIMATOLOGICAL DATA (WS FORM: F-6)
STATION: SPARTA - FORT MCCOY WI
MONTH: JUNE
YEAR: 2022
LATITUDE: 43 58 N
LONGITUDE: 90 44 W
TEMPERATURE IN F: :PCPN: SNOW: WIND :SUNSHINE: SKY :PK WND
================================================================================
1 2 3 4 5 6A 6B 7 8 9 10 11 12 13 14 15 16 17 18
12Z AVG MX 2MIN
DY MAX MIN AVG DEP HDD CDD WTR SNW DPTH SPD SPD DIR MIN PSBL S-S WX SPD DR
================================================================================
1 71 46 59 M 6 0 0.00 0.0 0 7.0 14 320 M M 3 21 320
2 78 37 58 M 7 0 0.00 0.0 0 5.3 15 320 M M 2 23 280
3 72 35 54 M 11 0 0.00 0.0 0 6.3 17 290 M M 0 25 290
4 60 36 48 M 17 0 T 0.0 0 3.2 12 210 M M 9 1 M M
5 64 53 59 M 6 0 0.47 0.0 0 2.4 8 100 M M 9 1 M M
6 71 50 61 M 4 0 0.61 0.0 0 3.2 10 40 M M 6 1 M M
7 73 50 62 M 3 0 T 0.0 0 3.0 8 280 M M 5 M M
8 71 47 59 M 6 0 0.83 0.0 0 1.9 8 110 M M 6 1 M M
9 78 40 59 M 6 0 0.00 0.0 0 3.3 10 270 M M 1 17 280
10 80 45 63 M 2 0 0.00 0.0 0 2.6 10 250 M M 6 M M
11 72 54 63 M 2 0 0.32 0.0 0 3.2 10 210 M M 7 1 M M
12 78 57 68 M 0 3 0.00 0.0 0 5.4 10 150 M M 5 1 M M
13 75 57 66 M 0 1 2.29 0.0 0 5.8 18 130 M M 5 123 22 130
14 96 67 82 M 0 17 0.00 0.0 0 9.6 18 180 M M 2 18 27 180
15 84 53 69 M 0 4 1.40 0.0 0 5.2 15 260 M M 4 13 41 170
16 84 51 68 M 0 3 0.00 0.0 0 9.6 24 260 M M 0 1 37 250
17 81 50 66 M 0 1 0.00 0.0 0 5.0 14 320 M M 0 24 320
18 79 47 63 M 2 0 0.00 0.0 0 4.6 13 120 M M 0 M M
19 85 47 66 M 0 1 0.00 0.0 0 7.4 14 200 M M 1 21 180
20 94 59 77 M 0 12 0.00 0.0 0 8.8 16 230 M M 0 22 190
21 94 58 76 M 0 11 T 0.0 0 7.0 14 300 M M 2 17 300
22 83 53 68 M 0 3 0.00 0.0 0 5.7 14 310 M M 2 18 330
23 89 49 69 M 0 4 0.00 0.0 0 5.1 13 190 M M 0 20 220
24 91 57 74 M 0 9 0.00 0.0 0 6.2 15 220 M M 0 22 210
25 75 59 67 M 0 2 1.70 0.0 0 4.6 14 130 M M 6 13 18 190
26 74 48 61 M 4 0 0.00 0.0 0 10.2 22 280 M M 2 1 31 270
27 77 42 60 M 5 0 0.00 0.0 0 3.3 10 310 M M 1 M M
28 81 47 64 M 1 0 0.31 0.0 0 2.0 12 230 M M 5 1 M M
29 84 53 69 M 0 4 0.00 0.0 0 5.8 16 190 M M 1 12 21 170
30 82 64 73 M 0 8 T 0.0 0 6.9 16 230 M M 4 27 200
================================================================================
SM 2376 1511 82 83 7.93 0.0 159.6 M 94
================================================================================
AV 79.2 50.4 5.3 FASTST M M 3 MAX(MPH)
MISC ----> 24 260 41 170
================================================================================
NOTES:
# LAST OF SEVERAL OCCURRENCES
COLUMN 17 PEAK WIND IN M.P.H.
PRELIMINARY LOCAL CLIMATOLOGICAL DATA (WS FORM: F-6) , PAGE 2
STATION: SPARTA - FORT MCCOY WI
MONTH: JUNE
YEAR: 2022
LATITUDE: 43 58 N
LONGITUDE: 90 44 W
[TEMPERATURE DATA] [PRECIPITATION DATA] SYMBOLS USED IN COLUMN 16
AVERAGE MONTHLY: 64.8 TOTAL FOR MONTH: 7.93 1 = FOG OR MIST
DPTR FM NORMAL: 0.0 DPTR FM NORMAL: M 2 = FOG REDUCING VISIBILITY
HIGHEST: 96 ON 14 GRTST 24HR 2.29 ON 13-13 TO 1/4 MILE OR LESS
LOWEST: 35 ON 3 3 = THUNDER
SNOW, ICE PELLETS, HAIL 4 = ICE PELLETS
TOTAL MONTH: 0.0 INCH 5 = HAIL
GRTST 24HR 0.0 6 = FREEZING RAIN OR DRIZZLE
GRTST DEPTH: 0 7 = DUSTSTORM OR SANDSTORM:
VSBY 1/2 MILE OR LESS
8 = SMOKE OR HAZE
[NO. OF DAYS WITH] [WEATHER - DAYS WITH] 9 = BLOWING SNOW
X = TORNADO
MAX 32 OR BELOW: 0 0.01 INCH OR MORE: 8
MAX 90 OR ABOVE: 4 0.10 INCH OR MORE: 8
MIN 32 OR BELOW: 0 0.50 INCH OR MORE: 5
MIN 0 OR BELOW: 0 1.00 INCH OR MORE: 3
[HDD (BASE 65) ]
TOTAL THIS MO. 82 CLEAR (SCALE 0-3) 17
DPTR FM NORMAL M PTCLDY (SCALE 4-7) 11
TOTAL FM JUL 1 7950 CLOUDY (SCALE 8-10) 2
DPTR FM NORMAL M
[CDD (BASE 65) ]
TOTAL THIS MO. 83
DPTR FM NORMAL M [PRESSURE DATA]
TOTAL FM JAN 1 156 HIGHEST SLP M ON M
DPTR FM NORMAL M LOWEST SLP M ON M
[REMARKS]
#FINAL-06-22#