000
CXUS53 KTOP 010910
CF6CNK
PRELIMINARY LOCAL CLIMATOLOGICAL DATA (WS FORM: F-6)
STATION: CONCORDIA KS
MONTH: NOVEMBER
YEAR: 2023
LATITUDE: 39 32 N
LONGITUDE: 97 39 W
TEMPERATURE IN F: :PCPN: SNOW: WIND :SUNSHINE: SKY :PK WND
================================================================================
1 2 3 4 5 6A 6B 7 8 9 10 11 12 13 14 15 16 17 18
12Z AVG MX 2MIN
DY MAX MIN AVG DEP HDD CDD WTR SNW DPTH SPD SPD DIR MIN PSBL S-S WX SPD DR
================================================================================
1 57 26 42 -6 23 0 0.00 M M 11.1 26 200 M M 0 35 210
2 67 27 47 -1 18 0 0.00 M M 8.8 24 190 M M 0 33 180
3 70 46 58 10 7 0 0.00 M M 11.3 22 200 M M 0 30 190
4 64 40 52 5 13 0 0.01 M M 4.3 14 130 M M 4 12 19 140
5 71 36 54 7 11 0 0.00 M M 10.7 23 190 M M 0 12 34 170
6 74 47 61 15 4 0 0.00 M M 4.9 10 310 M M 0 14 90
7 75 41 58 12 7 0 0.00 M M 5.6 14 140 M M 1 128 19 150
8 70 44 57 12 8 0 0.00 M M 10.5 28 360 M M 7 12 41 360
9 62 35 49 4 16 0 0.00 M M 6.8 15 330 M M 0 22 330
10 60 29 45 1 20 0 0.00 M M 7.4 16 170 M M 0 8 22 180
11 60 44 52 8 13 0 0.02 M M 15.2 22 170 M M 5 28 170
12 71 41 56 12 9 0 0.00 M M 8.1 18 200 M M 0 26 190
13 72 36 54 11 11 0 0.00 M M 8.5 21 150 M M 0 8 29 140
14 72 43 58 15 7 0 0.00 M M 14.9 26 190 M M 0 37 200
15 72 40 56 14 9 0 0.00 M M 7.4 18 200 M M 0 28 200
16 67 45 56 14 9 0 0.00 M M 13.8 28 190 M M 1 38 200
17 57 33 45 4 20 0 0.00 M M 5.9 15 10 M M 0 21 20
18 68 30 49 8 16 0 0.00 M M 2.6 16 180 M M 0 8 23 180
19 60 47 54 13 11 0 0.84 M M 13.4 31 140 M M 9 1 44 150
20 47 43 45 5 20 0 0.33 M M 12.0 20 20 M M 10 1 27 360
21 48 32 40 0 25 0 0.00 M M 13.5 28 330 M M 3 38 340
22 64 31 48 9 17 0 0.00 M M 10.7 18 200 M M 0 25 200
23 47 30 39 0 26 0 0.00 M M 13.1 23 40 M M 0 32 20
24 32 25 29 -9 36 0 0.00 M M 12.7 22 40 M M 7 31 30
25 29 24 27 -11 38 0 0.13 M M 5.8 12 340 M M 10 12 14 360
26 43 18 31 -7 34 0 T M M 11.5 23 320 M M 3 1 33 310
27 49 25 37 0 28 0 0.00 M M 10.0 21 280 M M 0 26 280
28 55 22 39 2 26 0 0.00 M M 9.3 23 220 M M 0 32 190
29 60 31 46 10 19 0 0.00 M M 11.1 24 190 M M 0 35 190
30 50 31 41 5 24 0 0.00 M M 11.9 21 30 M M 2 1 31 20
================================================================================
SM 1793 1042 525 0 1.33 M 292.8 M 62
================================================================================
AV 59.8 34.7 9.8 FASTST M M 2 MAX(MPH)
MISC ----> 31 140 44 150
================================================================================
NOTES:
# LAST OF SEVERAL OCCURRENCES
COLUMN 17 PEAK WIND IN M.P.H.
PRELIMINARY LOCAL CLIMATOLOGICAL DATA (WS FORM: F-6) , PAGE 2
STATION: CONCORDIA KS
MONTH: NOVEMBER
YEAR: 2023
LATITUDE: 39 32 N
LONGITUDE: 97 39 W
[TEMPERATURE DATA] [PRECIPITATION DATA] SYMBOLS USED IN COLUMN 16
AVERAGE MONTHLY: 47.3 TOTAL FOR MONTH: 1.33 1 = FOG OR MIST
DPTR FM NORMAL: 5.2 DPTR FM NORMAL: 0.17 2 = FOG REDUCING VISIBILITY
HIGHEST: 75 ON 7 GRTST 24HR 1.00 ON 19-20 TO 1/4 MILE OR LESS
LOWEST: 18 ON 26 3 = THUNDER
SNOW, ICE PELLETS, HAIL 4 = ICE PELLETS
TOTAL MONTH: M 5 = HAIL
GRTST 24HR M ON M 6 = FREEZING RAIN OR DRIZZLE
GRTST DEPTH: M ON M 7 = DUSTSTORM OR SANDSTORM:
VSBY 1/2 MILE OR LESS
8 = SMOKE OR HAZE
[NO. OF DAYS WITH] [WEATHER - DAYS WITH] 9 = BLOWING SNOW
X = TORNADO
MAX 32 OR BELOW: 2 0.01 INCH OR MORE: 5
MAX 90 OR ABOVE: 0 0.10 INCH OR MORE: 3
MIN 32 OR BELOW: 14 0.50 INCH OR MORE: 1
MIN 0 OR BELOW: 0 1.00 INCH OR MORE: 0
[HDD (BASE 65) ]
TOTAL THIS MO. 525 CLEAR (SCALE 0-3) 23
DPTR FM NORMAL -161 PTCLDY (SCALE 4-7) 4
TOTAL FM JUL 1 793 CLOUDY (SCALE 8-10) 3
DPTR FM NORMAL -278
[CDD (BASE 65) ]
TOTAL THIS MO. 0
DPTR FM NORMAL -1 [PRESSURE DATA]
TOTAL FM JAN 1 1856 HIGHEST SLP 30.55 ON 24
DPTR FM NORMAL 483 LOWEST SLP 29.59 ON 8
[REMARKS]
#FINAL-11-23#