000
CXUS53 KICT 041745
CF6CNU
PRELIMINARY LOCAL CLIMATOLOGICAL DATA (WS FORM: F-6)
STATION: CHANUTE KS
MONTH: OCTOBER
YEAR: 2021
LATITUDE: 37 40 N
LONGITUDE: 95 29 W
TEMPERATURE IN F: :PCPN: SNOW: WIND :SUNSHINE: SKY :PK WND
================================================================================
1 2 3 4 5 6A 6B 7 8 9 10 11 12 13 14 15 16 17 18
12Z AVG MX 2MIN
DY MAX MIN AVG DEP HDD CDD WTR SNW DPTH SPD SPD DIR MIN PSBL S-S WX SPD DR
================================================================================
1 81 65 73 8 0 8 0.00 M M 2.6 9 150 M M 5 1 13 150
2 73 63 68 3 0 3 0.24 M M 4.1 14 310 M M 7 1 19 320
3 82 56 69 5 0 4 0.00 M M 5.6 15 330 M M 2 18 25 300
4 83 51 67 3 0 2 0.00 M M 4.3 12 350 M M 0 8 17 10
5 79 51 65 1 0 0 0.00 M M 4.8 13 40 M M 2 17 120
6 80 61 71 8 0 6 0.00 M M 4.9 13 50 M M 6 18 17 70
7 83 57 70 7 0 5 0.00 M M 4.0 10 110 M M 1 12 14 160
8 89 63 76 14 0 11 0.00 M M 9.2 20 170 M M 0 32 210
9 91 70 81 19 0 16 0.00 M M 15.6 28 180 M M 0 38 180
10 83 59 71 9 0 6 0.69 M M 13.9 26 30 M M 5 13 37 20
11 75 53 64 3 1 0 1.28 M M 13.6 29 300 M M 5 13 40 300
12 79 50 65 4 0 0 0.48 M M 8.9 25 270 M M 2 13 39 260
13 76 63 70 10 0 5 0.74 M M 10.3 25 270 M M 4 13 35 170
14 74 56 65 5 0 0 0.03 M M 3.6 9 130 M M 5 1 13 120
15 67 46 57 -3 8 0 0.00 M M 11.1 21 340 M M 3 1 30 360
16 70 41 56 -3 9 0 0.00 M M 5.8 16 300 M M 0 22 320
17 77 41 59 0 6 0 0.00 M M 6.4 15 200 M M 0 20 200
18 74 48 61 2 4 0 0.00 M M 11.4 24 170 M M 0 31 160
19 78 56 67 9 0 2 T M M 14.6 24 180 M M 0 34 160
20 74 49 62 4 3 0 0.00 M M 9.4 21 200 M M 2 8 27 260
21 66 43 55 -3 10 0 0.00 M M 6.7 16 280 M M 0 21 280
22 76 39 58 1 7 0 T M M 6.0 17 200 M M 1 24 200
23 74 59 67 10 0 2 2.57 M M 9.7 21 200 M M 5 13 30 210
24 78 53 66 10 0 1 T M M 15.9 26 250 M M 3 3 39 280
25 60 48 54 -2 11 0 0.00 M M 7.5 18 360 M M 5 27 10
26 74 47 61 5 4 0 0.00 M M 13.6 23 150 M M 6 34 150
27 65 54 60 5 5 0 0.97 M M 9.2 18 140 M M 10 13 28 130
28 54 51 53 -2 12 0 0.64 M M 19.5 31 330 M M 10 1 50 350
29 62 44 53 -1 12 0 0.16 M M 12.2 24 340 M M 6 35 330
30 68 36 52 -2 13 0 0.00 M M 3.5 10 260 M M 0 14 270
31 62 47 55 1 10 0 0.00 M M 10.8 20 10 M M 1 31 360
================================================================================
SM 2307 1620 115 71 7.80 M 278.7 M 96
================================================================================
AV 74.4 52.3 9.0 FASTST M M 3 MAX(MPH)
MISC ----> 31 330 50 350
================================================================================
NOTES:
# LAST OF SEVERAL OCCURRENCES
COLUMN 17 PEAK WIND IN M.P.H.
PRELIMINARY LOCAL CLIMATOLOGICAL DATA (WS FORM: F-6) , PAGE 2
STATION: CHANUTE KS
MONTH: OCTOBER
YEAR: 2021
LATITUDE: 37 40 N
LONGITUDE: 95 29 W
[TEMPERATURE DATA] [PRECIPITATION DATA] SYMBOLS USED IN COLUMN 16
AVERAGE MONTHLY: 63.3 TOTAL FOR MONTH: 7.80 1 = FOG OR MIST
DPTR FM NORMAL: 3.9 DPTR FM NORMAL: 4.47 2 = FOG REDUCING VISIBILITY
HIGHEST: 91 ON 9 GRTST 24HR 2.57 ON 22-23 TO 1/4 MILE OR LESS
LOWEST: 36 ON 30 3 = THUNDER
SNOW, ICE PELLETS, HAIL 4 = ICE PELLETS
TOTAL MONTH: M 5 = HAIL
GRTST 24HR M ON M 6 = FREEZING RAIN OR DRIZZLE
GRTST DEPTH: M ON M 7 = DUSTSTORM OR SANDSTORM:
VSBY 1/2 MILE OR LESS
8 = SMOKE OR HAZE
[NO. OF DAYS WITH] [WEATHER - DAYS WITH] 9 = BLOWING SNOW
X = TORNADO
MAX 32 OR BELOW: 0 0.01 INCH OR MORE: 10
MAX 90 OR ABOVE: 1 0.10 INCH OR MORE: 9
MIN 32 OR BELOW: 0 0.50 INCH OR MORE: 6
MIN 0 OR BELOW: 0 1.00 INCH OR MORE: 2
[HDD (BASE 65) ]
TOTAL THIS MO. 115 CLEAR (SCALE 0-3) 17
DPTR FM NORMAL -106 PTCLDY (SCALE 4-7) 12
TOTAL FM JUL 1 119 CLOUDY (SCALE 8-10) 2
DPTR FM NORMAL -135
[CDD (BASE 65) ]
TOTAL THIS MO. 71
DPTR FM NORMAL 25 [PRESSURE DATA]
TOTAL FM JAN 1 1928 HIGHEST SLP 30.35 ON 16
DPTR FM NORMAL 222 LOWEST SLP 29.25 ON 11
[REMARKS]
#FINAL-10-21#