000
CXUS55 KGJT 010910
CF6CNY
PRELIMINARY LOCAL CLIMATOLOGICAL DATA (WS FORM: F-6)
STATION: CANYONLANDS AIRPORT UT
MONTH: JUNE
YEAR: 2022
LATITUDE: 38 46 N
LONGITUDE: 109 45 W
TEMPERATURE IN F: :PCPN: SNOW: WIND :SUNSHINE: SKY :PK WND
================================================================================
1 2 3 4 5 6A 6B 7 8 9 10 11 12 13 14 15 16 17 18
12Z AVG MX 2MIN
DY MAX MIN AVG DEP HDD CDD WTR SNW DPTH SPD SPD DIR MIN PSBL S-S WX SPD DR
================================================================================
1 80 48 64 -5 1 0 0.00 M M 4.7 17 60 M M 0 26 40
2 87 45 66 -3 0 1 0.00 M M 4.3 16 240 M M 0 23 250
3 90 50 70 0 0 5 0.00 M M 8.3 22 230 M M 0 32 260
4 89 56 73 3 0 8 0.00 M M 9.0 25 260 M M 0 35 250
5 90 63 77 7 0 12 0.00 M M 7.8 22 280 M M 1 33 290
6 90 60 75 4 0 10 T M M 6.7 38 320 M M 1 47 310
7 93 57 75 4 0 10 0.00 M M 6.5 22 330 M M 0 35 300
8 97 63 80 8 0 15 0.00 M M 5.0 17 60 M M 0 26 80
9 98 63 81 9 0 16 0.00 M M 6.3 18 230 M M 0 28 230
10 102 62 82 10 0 17 0.00 M M 5.9 24 260 M M 0 8 31 250
11 103 62 83 10 0 18 0.00 M M 9.2 25 220 M M 0 32 230
12 99 74 87 14 0 22 0.00 M M 15.2 31 210 M M 0 40 210
13 95 67 81 8 0 16 0.00 M M 19.4 43 240 M M 0 55 230
14 78 54 66 -8 0 1 0.00 M M 11.7 24 300 M M 1 30 300
15 86 47 67 -7 0 2 0.00 M M 5.2 18 300 M M 0 24 300
16 100 51 76 2 0 11 0.00 M M 5.9 20 200 M M 0 29 190
17 97 67 82 7 0 17 0.00 M M 18.0 36 240 M M 0 44 230
18 93 71 82 7 0 17 0.00 M M 22.3 39 160 M M 1 8 53 160
19 90 60 75 0 0 10 T M M 20.8 39 210 M M 1 52 220
20 81 52 67 -9 0 2 0.00 M M 8.0 22 280 M M 0 29 280
21 91 51 71 -5 0 6 0.00 M M 4.8 15 50 M M 0 21 70
22 91 64 78 2 0 13 0.00 M M 9.7 33 140 M M 1 42 140
23 87 60 74 -3 0 9 0.02 M M 5.9 30 230 M M 2 37 230
24 90 61 76 -1 0 11 T M M 7.0 23 230 M M 1 34 300
25 95 63 79 2 0 14 0.00 M M 7.2 35 270 M M 0 42 260
26 87 66 77 -1 0 12 0.00 M M 7.8 23 130 M M 1 29 130
27 92 60 76 -2 0 11 0.00 M M 6.3 14 270 M M 0 19 320
28 97 65 81 3 0 16 0.00 M M 7.2 26 230 M M 0 38 32 230
29 98 72 85 7 0 20 0.05 M M 7.7 39 230 M M 1 3 56 240
30 91 66 79 0 0 14 0.01 M M 10.3 36 280 M M 2 43 270
================================================================================
SM 2757 1800 1 336 0.08 M 274.1 M 13
================================================================================
AV 91.9 60.0 9.1 FASTST M M 0 MAX(MPH)
MISC ----> 43 240 56 240
================================================================================
NOTES:
# LAST OF SEVERAL OCCURRENCES
COLUMN 17 PEAK WIND IN M.P.H.
PRELIMINARY LOCAL CLIMATOLOGICAL DATA (WS FORM: F-6) , PAGE 2
STATION: CANYONLANDS AIRPORT UT
MONTH: JUNE
YEAR: 2022
LATITUDE: 38 46 N
LONGITUDE: 109 45 W
[TEMPERATURE DATA] [PRECIPITATION DATA] SYMBOLS USED IN COLUMN 16
AVERAGE MONTHLY: 76.0 TOTAL FOR MONTH: 0.08 1 = FOG OR MIST
DPTR FM NORMAL: 1.8 DPTR FM NORMAL: -0.25 2 = FOG REDUCING VISIBILITY
HIGHEST: 103 ON 11 GRTST 24HR 0.06 ON 29-30 TO 1/4 MILE OR LESS
LOWEST: 45 ON 2 3 = THUNDER
SNOW, ICE PELLETS, HAIL 4 = ICE PELLETS
TOTAL MONTH: M 5 = HAIL
GRTST 24HR M ON M 6 = FREEZING RAIN OR DRIZZLE
GRTST DEPTH: M ON M 7 = DUSTSTORM OR SANDSTORM:
VSBY 1/2 MILE OR LESS
8 = SMOKE OR HAZE
[NO. OF DAYS WITH] [WEATHER - DAYS WITH] 9 = BLOWING SNOW
X = TORNADO
MAX 32 OR BELOW: 0 0.01 INCH OR MORE: 3
MAX 90 OR ABOVE: 22 0.10 INCH OR MORE: 0
MIN 32 OR BELOW: 0 0.50 INCH OR MORE: 0
MIN 0 OR BELOW: 0 1.00 INCH OR MORE: 0
[HDD (BASE 65) ]
TOTAL THIS MO. 1 CLEAR (SCALE 0-3) 30
DPTR FM NORMAL -14 PTCLDY (SCALE 4-7) 0
TOTAL FM JUL 1 5209 CLOUDY (SCALE 8-10) 0
DPTR FM NORMAL -163
[CDD (BASE 65) ]
TOTAL THIS MO. 336
DPTR FM NORMAL 49 [PRESSURE DATA]
TOTAL FM JAN 1 405 HIGHEST SLP M ON M
DPTR FM NORMAL 45 LOWEST SLP 29.34 ON 13
[REMARKS]
#FINAL-06-22#