000
CXUS55 KRIW 011010
CF6COD
PRELIMINARY LOCAL CLIMATOLOGICAL DATA (WS FORM: F-6)
STATION: CODY WY
MONTH: JULY
YEAR: 2023
LATITUDE: 44 31 N
LONGITUDE: 109 1 W
TEMPERATURE IN F: :PCPN: SNOW: WIND :SUNSHINE: SKY :PK WND
================================================================================
1 2 3 4 5 6A 6B 7 8 9 10 11 12 13 14 15 16 17 18
12Z AVG MX 2MIN
DY MAX MIN AVG DEP HDD CDD WTR SNW DPTH SPD SPD DIR MIN PSBL S-S WX SPD DR
================================================================================
1 84 55 70 3 0 5 0.02 M M 8.7 27 10 M M 3 3 39 320
2 86 48 67 0 0 2 0.00 M M 5.6 12 100 M M 0 20 260
3 68 50 59 -9 6 0 0.21 M M 8.5 21 340 M M 2 3 31 360
4 59 48 54 -14 11 0 0.22 M M 8.1 16 360 M M 10 3 23 360
5 69 51 60 -8 5 0 0.00 M M 2.3 10 10 M M 4 M M
6 72 52 62 -6 3 0 0.33 M M 5.8 22 360 M M 2 3 41 10
7 71 47 59 -10 6 0 0.00 M M 3.7 13 20 M M 3 M M
8 75 49 62 -7 3 0 T M M 4.0 14 30 M M 1 M M
9 80 52 66 -3 0 1 T M M 5.5 10 210 M M 1 16 10
10 85 60 73 4 0 8 T M M 5.4 14 20 M M 1 20 20
11 88 59 74 4 0 9 0.00 M M 6.4 20 290 M M 0 32 290
12 83 53 68 -2 0 3 0.00 M M 6.4 13 340 M M 0 16 340
13 80 55 68 -2 0 3 0.01 M M 7.0 16 10 M M 1 20 30
14 76 54 65 -5 0 0 T M M 5.6 10 20 M M 3 3 17 20
15 81 53 67 -3 0 2 0.00 M M 5.0 12 30 M M 0 M M
16 85 57 71 0 0 6 0.00 M M 7.2 15 360 M M 0 16 360
17 89 56 73 2 0 8 0.00 M M 6.9 23 360 M M 0 35 360
18 84 66 75 4 0 10 0.00 M M 9.2 15 360 M M 0 25 10
19 79 57 68 -3 0 3 0.00 M M 9.0 16 350 M M 0 22 10
20 81 58 70 -1 0 5 T M M 6.1 16 360 M M 2 29 360
21 86 55 71 0 0 6 0.10 M M 5.9 14 220 M M 2 3 18 20
22 92 56 74 3 0 9 0.00 M M 5.9 16 20 M M 0 61 140
23 92 60 76 5 0 11 T M M 7.2 21 270 M M 1 38 250
24 93 61 77 6 0 12 0.08 M M 8.4 27 210 M M 1 3 44 230
25 91 61 76 5 0 11 0.04 M M 10.4 28 230 M M 2 3 44 230
26 93 59 76 5 0 11 0.00 M M 8.4 18 130 M M 0 24 290
27 87 57 72 1 0 7 T M M 10.5 24 230 M M 0 37 230
28 83 53 68 -3 0 3 0.04 M M 7.2 15 350 M M 1 3 31 320
29 86 53 70 -1 0 5 0.00 M M 4.3 9 20 M M 0 M M
30 89 57 73 2 0 8 T M M 7.1 20 180 M M 1 3 46 170
31 88 56 72 1 0 7 T M M 10.7 28 180 M M 1 38 190
================================================================================
SM 2555 1708 34 155 1.05 M 212.4 M 42
================================================================================
AV 82.4 55.1 6.9 FASTST M M 1 MAX(MPH)
MISC ----> 28 180 61 140
================================================================================
NOTES:
# LAST OF SEVERAL OCCURRENCES
COLUMN 17 PEAK WIND IN M.P.H.
PRELIMINARY LOCAL CLIMATOLOGICAL DATA (WS FORM: F-6) , PAGE 2
STATION: CODY WY
MONTH: JULY
YEAR: 2023
LATITUDE: 44 31 N
LONGITUDE: 109 1 W
[TEMPERATURE DATA] [PRECIPITATION DATA] SYMBOLS USED IN COLUMN 16
AVERAGE MONTHLY: 68.8 TOTAL FOR MONTH: 1.05 1 = FOG OR MIST
DPTR FM NORMAL: -1.2 DPTR FM NORMAL: M 2 = FOG REDUCING VISIBILITY
HIGHEST: 93 ON 26,24 GRTST 24HR 0.33 ON 6- 6 TO 1/4 MILE OR LESS
LOWEST: 47 ON 7 3 = THUNDER
SNOW, ICE PELLETS, HAIL 4 = ICE PELLETS
TOTAL MONTH: M 5 = HAIL
GRTST 24HR M ON M 6 = FREEZING RAIN OR DRIZZLE
GRTST DEPTH: M ON M 7 = DUSTSTORM OR SANDSTORM:
VSBY 1/2 MILE OR LESS
8 = SMOKE OR HAZE
[NO. OF DAYS WITH] [WEATHER - DAYS WITH] 9 = BLOWING SNOW
X = TORNADO
MAX 32 OR BELOW: 0 0.01 INCH OR MORE: 9
MAX 90 OR ABOVE: 5 0.10 INCH OR MORE: 4
MIN 32 OR BELOW: 0 0.50 INCH OR MORE: 0
MIN 0 OR BELOW: 0 1.00 INCH OR MORE: 0
[HDD (BASE 65) ]
TOTAL THIS MO. 34 CLEAR (SCALE 0-3) 29
DPTR FM NORMAL 34 PTCLDY (SCALE 4-7) 1
TOTAL FM JUL 1 34 CLOUDY (SCALE 8-10) 1
DPTR FM NORMAL 34
[CDD (BASE 65) ]
TOTAL THIS MO. 155
DPTR FM NORMAL 1 [PRESSURE DATA]
TOTAL FM JAN 1 165 HIGHEST SLP M ON M
DPTR FM NORMAL 165 LOWEST SLP M ON M
[REMARKS]
#FINAL-07-23#