000
CXUS55 KPUB 011947
CF6COS
PRELIMINARY LOCAL CLIMATOLOGICAL DATA (WS FORM: F-6)
STATION: COLORADO SPRINGS CO
MONTH: DECEMBER
YEAR: 2023
LATITUDE: 38 49 N
LONGITUDE: 104 43 W
TEMPERATURE IN F: :PCPN: SNOW: WIND :SUNSHINE: SKY :PK WND
================================================================================
1 2 3 4 5 6A 6B 7 8 9 10 11 12 13 14 15 16 17 18
12Z AVG MX 2MIN
DY MAX MIN AVG DEP HDD CDD WTR SNW DPTH SPD SPD DIR MIN PSBL S-S WX SPD DR
================================================================================
1 35 19 27 -7 38 0 T T 0 3.2 12 150 M M 8 14 160
2 42 19 31 -3 34 0 0.00 0.0 0 14.4 37 300 M M 5 60 300
3 42 23 33 -1 32 0 0.05 1.3 0 8.5 26 20 M M 6 12 38 320
4 63 20 42 9 23 0 0.00 0.0 T 8.6 24 300 M M 4 34 300
5 66 22 44 11 21 0 0.00 0.0 0 6.0 12 360 M M 2 14 180
6 71 30 51 18 14 0 0.00 0.0 0 7.6 15 30 M M 1 18 60
7 68 33 51 19 14 0 0.00 0.0 0 6.7 20 80 M M 2 27 300
8 43 28 36 4 29 0 0.22 3.0 0 7.8 22 30 M M 7 1 29 40
9 35 12 24 -8 41 0 T T 3 8.7 22 350 M M 6 1 29 360
10 57 10 34 2 31 0 0.00 0.0 2 9.1 25 310 M M 6 35 320
11 49 25 37 5 28 0 0.00 0.0 0 6.7 14 20 M M 5 17 340
12 38 29 34 2 31 0 0.00 0.0 0 5.6 15 350 M M 8 20 350
13 35 28 32 1 33 0 0.29 4.1 0 4.2 10 150 M M 9 12 13 150
14 30 24 27 -4 38 0 T T 4 4.2 13 130 M M 10 126 14 140
15 51 27 39 8 26 0 0.00 0.0 2 8.7 22 360 M M 1 28 360
16 56 23 40 9 25 0 0.00 0.0 T 5.6 13 20 M M 3 16 360
17 63 29 46 15 19 0 0.00 0.0 0 8.4 18 20 M M 3 25 80
18 52 25 39 8 26 0 0.00 0.0 0 4.4 12 140 M M 6 16 150
19 67 36 52 21 13 0 0.00 0.0 0 6.8 17 140 M M 6 20 320
20 61 33 47 16 18 0 0.00 0.0 0 7.1 16 50 M M 7 20 50
21 60 32 46 15 19 0 0.00 0.0 0 6.7 18 330 M M 5 26 330
22 55 30 43 12 22 0 0.00 0.0 0 5.8 14 150 M M 3 17 170
23 54 33 44 13 21 0 0.01 0.0 0 6.5 26 350 M M 8 36 350
24 39 21 30 -1 35 0 T T 0 19.9 36 350 M M 8 46 340
25 32 12 22 -9 43 0 0.00 0.0 0 6.6 22 20 M M 6 29 20
26 45 20 33 2 32 0 T T 0 17.9 30 340 M M 7 40 340
27 46 27 37 6 28 0 T T T 13.2 28 360 M M 5 37 360
28 48 21 35 4 30 0 0.00 0.0 0 11.0 29 340 M M 1 36 330
29 55 25 40 9 25 0 0.00 0.0 0 10.6 23 350 M M 1 29 330
30 58 26 42 11 23 0 0.00 0.0 0 6.1 14 330 M M 2 21 140
31 40 20 30 -1 35 0 0.00 0.0 0 4.5 9 140 M M 6 11 120
================================================================================
SM 1556 762 847 0 0.57 8.4 251.1 M 157
================================================================================
AV 50.2 24.6 8.1 FASTST M M 5 MAX(MPH)
MISC ----> 37 300 60 300
================================================================================
NOTES:
COLUMN 17 PEAK WIND IN M.P.H.
PRELIMINARY LOCAL CLIMATOLOGICAL DATA (WS FORM: F-6) , PAGE 2
STATION: COLORADO SPRINGS CO
MONTH: DECEMBER
YEAR: 2023
LATITUDE: 38 49 N
LONGITUDE: 104 43 W
[TEMPERATURE DATA] [PRECIPITATION DATA] SYMBOLS USED IN COLUMN 16
AVERAGE MONTHLY: 37.4 TOTAL FOR MONTH: 0.57 1 = FOG OR MIST
DPTR FM NORMAL: 5.7 DPTR FM NORMAL: 0.34 2 = FOG REDUCING VISIBILITY
HIGHEST: 71 ON 6 GRTST 24HR 0.29 ON 13 TO 1/4 MILE OR LESS
LOWEST: 10 ON 10 3 = THUNDER
SNOW, ICE PELLETS, HAIL 4 = ICE PELLETS
TOTAL MONTH: 8.4 INCHES 5 = HAIL
GRTST 24HR 4.1 ON 13 6 = FREEZING RAIN OR DRIZZLE
GRTST DEPTH: 4 ON 13,14 7 = DUSTSTORM OR SANDSTORM:
VSBY 1/2 MILE OR LESS
8 = SMOKE OR HAZE
[NO. OF DAYS WITH] [WEATHER - DAYS WITH] 9 = BLOWING SNOW
X = TORNADO
MAX 32 OR BELOW: 2 0.01 INCH OR MORE: 4
MAX 90 OR ABOVE: 0 0.10 INCH OR MORE: 2
MIN 32 OR BELOW: 27 0.50 INCH OR MORE: 0
MIN 0 OR BELOW: 0 1.00 INCH OR MORE: 0
[HDD (BASE 65) ]
TOTAL THIS MO. 847 CLEAR (SCALE 0-3) 10
DPTR FM NORMAL -187 PTCLDY (SCALE 4-7) 15
TOTAL FM JUL 1 1961 CLOUDY (SCALE 8-10) 6
DPTR FM NORMAL -429
[CDD (BASE 65) ]
TOTAL THIS MO. 0
DPTR FM NORMAL 0 [PRESSURE DATA]
TOTAL FM JAN 1 612 HIGHEST SLP 30.57 ON 9
DPTR FM NORMAL 4 LOWEST SLP 29.53 ON 7
[REMARKS]
#FINAL-12-23#