000
CXUS55 KPUB 021455 RRA
CLSCOS
CLIMATE REPORT
NATIONAL WEATHER SERVICE
755 AM MST TUE MAR 02 2021
...................................
...THE COLORADO SPRINGS CO CLIMATE SUMMARY FOR THE SEASON, FROM
12/1/2020 TO 2/28/2021...
CLIMATE NORMAL PERIOD 1981 TO 2010
CLIMATE RECORD PERIOD 1872 TO 2021
WEATHER OBSERVED NORMAL DEPART LAST YEAR`S
VALUE DATE(S) VALUE FROM VALUE DATE(S)
NORMAL
................................................................
TEMPERATURE (F)
RECORD
HIGH 77 12/23/1955
LOW -27 02/01/1951
12/09/1919
HIGHEST 65 02/23 73 02/02
LOWEST -16 02/15 0 02/04
02/05
AVG. MAXIMUM 42.8 43.4 -0.6 45.5
AVG. MINIMUM 18.0 18.2 -0.2 20.2
MEAN 30.4 30.8 -0.4 32.8
DAYS MAX >= 90 0 0.0 0.0
DAYS MAX <= 32 19 16.8 2.2
DAYS MIN <= 32 87 85.8 1.2
DAYS MIN <= 0 5 4.5 0.5
PRECIPITATION (INCHES)
RECORD
MAXIMUM 4.05 1934
MINIMUM 0.16 1928
TOTALS 1.93 1.00 0.93 1.03
DAILY AVG. 0.02 0.01 0.01
DAYS >= .01 16 12.8 3.2
DAYS >= .10 7 2.8 4.2
DAYS >= .50 0 0.2 -0.2
DAYS >= 1.00 0 0.0 0.0
GREATEST
24 HR. TOTAL 0.35 12/28 TO 12/29
SNOWFALL (INCHES)
RECORDS
MAXIMUM 56.3 1987
MINIMUM 2.6 1952
TOTALS 26.6 16.2 10.4 18.4
SINCE 7/1 32.6 24.0 8.6 MM
SNOWDEPTH AVG. 1
DAYS >= 1.0 8 5.3 2.7
GREATEST
SNOW DEPTH 6 02/18 4
02/25
24 HR TOTAL 6.7 02/24 TO 02/25 5.0
DEGREE DAYS
HEATING TOTAL 3078 3082 -4 2899
SINCE 7/1 4305 4561 -256 4427
COOLING TOTAL 0 0 0 0
SINCE 1/1 0 0 0 0
................................................................
WIND (MPH)
AVERAGE WIND SPEED 8.8
HIGHEST WIND SPEED/DIRECTION 43/310 DATE 12/23
HIGHEST GUST SPEED/DIRECTION 62/310 DATE 12/23
SKY COVER
POSSIBLE SUNSHINE (PERCENT) MM
AVERAGE SKY COVER 0.49
NUMBER OF DAYS FAIR 32
NUMBER OF DAYS PC 38
NUMBER OF DAYS CLOUDY 20
AVERAGE RH (PERCENT) 52
WEATHER CONDITIONS. NUMBER OF DAYS WITH
THUNDERSTORM 0 MIXED PRECIP 0
HEAVY RAIN 0 RAIN 0
LIGHT RAIN 1 FREEZING RAIN 0
LT FREEZING RAIN 1 HAIL 0
HEAVY SNOW 2 SNOW 6
LIGHT SNOW 30 SLEET 0
FOG 25 FOG W/VIS <= 1/4 MILE 14
HAZE 19
- INDICATES NEGATIVE NUMBERS.
R INDICATES RECORD WAS SET OR TIED.
MM INDICATES DATA IS MISSING.
T INDICATES TRACE AMOUNT.
$$