000
CXUS54 KCRP 021409
CF6COT
PRELIMINARY LOCAL CLIMATOLOGICAL DATA (WS FORM: F-6)
STATION: COTULLA
MONTH: APRIL
YEAR: 2023
LATITUDE: 28 27 N
LONGITUDE: 99 13 W
TEMPERATURE IN F: :PCPN: SNOW: WIND :SUNSHINE: SKY :PK WND
================================================================================
1 2 3 4 5 6A 6B 7 8 9 10 11 12 13 14 15 16 17 18
12Z AVG MX 2MIN
DY MAX MIN AVG DEP HDD CDD WTR SNW DPTH SPD SPD DIR MIN PSBL S-S WX SPD DR
================================================================================
1 92 71 82 12 0 17 0.00 0.0 0 11.2 20 140 M M 3 1 26 70
2 97 71 84 13 0 19 0.00 0.0 0 7.8 17 190 M M 4 28 190
3 102 71 87 16 0 22 0.00 0.0 0 9.8 21 160 M M 0 18 31 140
4 99 74 87 16 0 22 T 0.0 0 10.6 21 140 M M 0 30 160
5 83 60 72 1 0 7 T 0.0 0 14.0 30 140 M M 8 38 36 130
6 61 52 57 -14 8 0 0.02 0.0 0 9.6 24 20 M M 10 138 34 60
7 60 56 58 -14 7 0 0.07 0.0 0 7.3 14 40 M M 10 18 20 20
8 78 57 68 -4 0 3 T 0.0 0 4.6 12 90 M M 9 1 18 80
9 75 59 67 -5 0 2 0.00 0.0 0 7.9 12 100 M M 9 18 17 80
10 81 63 72 0 0 7 T 0.0 0 7.5 14 100 M M 7 19 120
11 82 61 72 0 0 7 0.00 0.0 0 6.7 14 110 M M 5 18 20 120
12 85 53 69 -4 0 4 0.00 0.0 0 6.1 15 110 M M 0 18 20 100
13 88 56 72 -1 0 7 0.00 0.0 0 9.7 23 130 M M 1 12 31 130
14 95 70 83 10 0 18 0.00 0.0 0 8.5 16 140 M M 4 23 130
15 101 73 87 14 0 22 T 0.0 0 8.3 20 60 M M 2 28 70
16 84 65 75 2 0 10 0.00 0.0 0 10.6 21 70 M M 1 30 60
17 89 53 71 -3 0 6 T 0.0 0 13.2 28 140 M M 3 38 130
18 87 68 78 4 0 13 0.03 0.0 0 15.1 23 140 M M 7 1 37 190
19 86 73 80 6 0 15 0.00 0.0 0 12.1 23 130 M M 9 32 130
20 93 74 84 10 0 19 0.00 0.0 0 10.2 18 130 M M 6 8 25 140
21 91 71 81 7 0 16 0.00 0.0 0 8.7 17 40 M M 5 8 25 10
22 91 68 80 5 0 15 0.00 0.0 0 12.7 24 120 M M 7 8 33 130
23 75 60 68 -7 0 3 0.36 0.0 0 13.1 38 140 M M 10 138 48 140
24 76 57 67 -8 0 2 0.00 0.0 0 6.2 13 50 M M 10 18 17 60
25 87 64 76 1 0 11 T 0.0 0 8.2 20 130 M M 6 18 26 150
26 94 71 83 7 0 18 0.00 0.0 0 8.9 16 140 M M 5 1 23 130
27 93 70 82 6 0 17 0.00 0.0 0 8.1 18 20 M M 1 25 10
28 98 64 81 5 0 16 0.50 0.0 0 9.7 24 50 M M 3 138 35 50
29 86 58 72 -4 0 7 0.00 0.0 0 13.0 22 340 M M 1 41 330
30 96 54 75 -1 0 10 0.00 0.0 0 4.9 10 150 M M 0 20 190
================================================================================
SM 2605 1917 15 335 0.98 0.0 284.3 M 146
================================================================================
AV 86.8 63.9 9.5 FASTST M M 5 MAX(MPH)
MISC ----> 38 140 48 140
================================================================================
NOTES:
# LAST OF SEVERAL OCCURRENCES
COLUMN 17 PEAK WIND IN M.P.H.
PRELIMINARY LOCAL CLIMATOLOGICAL DATA (WS FORM: F-6) , PAGE 2
STATION: COTULLA
MONTH: APRIL
YEAR: 2023
LATITUDE: 28 27 N
LONGITUDE: 99 13 W
[TEMPERATURE DATA] [PRECIPITATION DATA] SYMBOLS USED IN COLUMN 16
AVERAGE MONTHLY: 75.4 TOTAL FOR MONTH: 0.98 1 = FOG OR MIST
DPTR FM NORMAL: 2.0 DPTR FM NORMAL: -0.35 2 = FOG REDUCING VISIBILITY
HIGHEST: 102 ON 3 GRTST 24HR 0.50 ON 28-28 TO 1/4 MILE OR LESS
LOWEST: 52 ON 6 3 = THUNDER
SNOW, ICE PELLETS, HAIL 4 = ICE PELLETS
TOTAL MONTH: 0.0 INCH 5 = HAIL
GRTST 24HR 0.0 6 = FREEZING RAIN OR DRIZZLE
GRTST DEPTH: 0 7 = DUSTSTORM OR SANDSTORM:
VSBY 1/2 MILE OR LESS
8 = SMOKE OR HAZE
[NO. OF DAYS WITH] [WEATHER - DAYS WITH] 9 = BLOWING SNOW
X = TORNADO
MAX 32 OR BELOW: 0 0.01 INCH OR MORE: 5
MAX 90 OR ABOVE: 13 0.10 INCH OR MORE: 2
MIN 32 OR BELOW: 0 0.50 INCH OR MORE: 1
MIN 0 OR BELOW: 0 1.00 INCH OR MORE: 0
[HDD (BASE 65) ]
TOTAL THIS MO. 15 CLEAR (SCALE 0-3) 12
DPTR FM NORMAL -1 PTCLDY (SCALE 4-7) 11
TOTAL FM JUL 1 764 CLOUDY (SCALE 8-10) 7
DPTR FM NORMAL -235
[CDD (BASE 65) ]
TOTAL THIS MO. 335
DPTR FM NORMAL 68 [PRESSURE DATA]
TOTAL FM JAN 1 853 HIGHEST SLP 30.30 ON 16
DPTR FM NORMAL 356 LOWEST SLP 29.47 ON 4
[REMARKS]
#FINAL-04-23#