993
CXUS53 KLSX 031722
CF6CPS
PRELIMINARY LOCAL CLIMATOLOGICAL DATA (WS FORM: F-6)
STATION: CAHOKIA/ST. LOUIS
MONTH: FEBRUARY
YEAR: 2020
LATITUDE: 38 34 N
LONGITUDE: 90 9 W
TEMPERATURE IN F: :PCPN: SNOW: WIND :SUNSHINE: SKY :PK WND
================================================================================
1 2 3 4 5 6A 6B 7 8 9 10 11 12 13 14 15 16 17 18
12Z AVG MX 2MIN
DY MAX MIN AVG DEP HDD CDD WTR SNW DPTH SPD SPD DIR MIN PSBL S-S WX SPD DR
================================================================================
1 45 33 39 6 26 0 0.00 0.0 0 4.7 15 290 M M 6 8 20 280
2 71 38 55 22 10 0 0.00 0.0 0 5.5 17 250 M M 0 8 26 250
3 70 37 54 21 11 0 T 0.0 0 6.9 17 180 M M 1 27 200
4 62 32 47 13 18 0 0.10 M M 13.5 22 20 M M 10 18 30 20
5 34 29 32 -2 33 0 0.17 M M 11.4 18 20 M M 10 146 26 60
6 32 27 30 -4 35 0 0.01 M M 11.3 16 340 M M 10 1 22 330
7 39 28 34 0 31 0 0.07 M M 6.5 14 340 M M 8 1 17 320
8 37 28 33 -1 32 0 0.00 0.0 0 8.5 15 300 M M 6 8 20 310
9 57 29 43 9 22 0 0.70 0.0 0 9.7 21 210 M M 9 1 34 230
10 43 32 38 3 27 0 0.05 M M 9.3 18 350 M M 10 18 24 360
11 44 32 38 3 27 0 T M M 5.6 15 300 M M 7 18 18 330
12 37 30 34 -1 31 0 0.43 M M 5.0 14 10 M M 8 18 16 10
13 35 9 22 -14 43 0 0.01 M M 15.0 24 320 M M 9 18 31 300
14 25 6 16 -20 49 0 0.00 0.0 0 6.7 15 130 M M 1 19 140
15 47 21 34 -2 31 0 0.00 0.0 0 7.5 16 180 M M 7 27 190
16 52 32 42 6 23 0 0.00 0.0 0 3.8 12 90 M M 3 17 120
17 54 34 44 7 21 0 0.18 0.0 0 5.6 12 140 M M 9 1 16 150
18 53 30 42 5 23 0 0.00 0.0 0 12.3 24 320 M M 5 18 33 330
19 44 25 35 -2 30 0 0.00 0.0 0 8.1 15 10 M M 0 20 20
20 33 20 27 -11 38 0 0.00 0.0 0 12.1 20 340 M M 3 31 50
21 42 16 29 -9 36 0 0.00 0.0 0 4.3 10 140 M M 0 18 16 190
22 54 20 37 -1 28 0 0.00 0.0 0 6.9 14 170 M M 1 20 160
23 63 35 49 11 16 0 0.00 0.0 0 6.1 15 150 M M 2 21 140
24 46 43 45 6 20 0 0.59 0.0 0 8.7 18 360 M M 10 13 23 360
25 43 35 39 0 26 0 0.05 0.0 0 12.8 18 340 M M 10 1 25 340
26 37 31 34 -5 31 0 M M M 15.1 26 330 M M 10 18 35 330
27 45 24 35 -5 30 0 0.00 0.0 M 7.4 16 250 M M 5 25 250
28 48 26 37 -3 28 0 0.00 0.0 0 9.0 23 320 M M 5 31 310
29 49 22 36 -4 29 0 0.00 0.0 0 6.4 13 150 M M 0 M M
================================================================================
SM 1341 804 805 0 2.36 0.0 245.7 M 165
================================================================================
AV 46.2 27.7 8.5 FASTST M M 6 MAX(MPH)
MISC ----> 26 330 35 330
================================================================================
NOTES:
# LAST OF SEVERAL OCCURRENCES
COLUMN 17 PEAK WIND IN M.P.H.
PRELIMINARY LOCAL CLIMATOLOGICAL DATA (WS FORM: F-6) , PAGE 2
STATION: CAHOKIA/ST. LOUIS
MONTH: FEBRUARY
YEAR: 2020
LATITUDE: 38 34 N
LONGITUDE: 90 9 W
[TEMPERATURE DATA] [PRECIPITATION DATA] SYMBOLS USED IN COLUMN 16
AVERAGE MONTHLY: 37.0 TOTAL FOR MONTH: 2.36 1 = FOG OR MIST
DPTR FM NORMAL: 0.9 DPTR FM NORMAL: 0.26 2 = FOG REDUCING VISIBILITY
HIGHEST: 71 ON 2 GRTST 24HR 0.75 ON 9-10 TO 1/4 MILE OR LESS
LOWEST: 6 ON 14 3 = THUNDER
SNOW, ICE PELLETS, HAIL 4 = ICE PELLETS
TOTAL MONTH: 0.0 INCH 5 = HAIL
GRTST 24HR 0.0 6 = FREEZING RAIN OR DRIZZLE
GRTST DEPTH: 0 7 = DUSTSTORM OR SANDSTORM:
VSBY 1/2 MILE OR LESS
8 = SMOKE OR HAZE
[NO. OF DAYS WITH] [WEATHER - DAYS WITH] 9 = BLOWING SNOW
X = TORNADO
MAX 32 OR BELOW: 2 0.01 INCH OR MORE: 11
MAX 90 OR ABOVE: 0 0.10 INCH OR MORE: 6
MIN 32 OR BELOW: 22 0.50 INCH OR MORE: 2
MIN 0 OR BELOW: 0 1.00 INCH OR MORE: 0
[HDD (BASE 65) ]
TOTAL THIS MO. 805 CLEAR (SCALE 0-3) 9
DPTR FM NORMAL -4 PTCLDY (SCALE 4-7) 10
TOTAL FM JUL 1 3550 CLOUDY (SCALE 8-10) 10
DPTR FM NORMAL -221
[CDD (BASE 65) ]
TOTAL THIS MO. 0
DPTR FM NORMAL 0 [PRESSURE DATA]
TOTAL FM JAN 1 0 HIGHEST SLP 30.76 ON 20
DPTR FM NORMAL 0 LOWEST SLP 29.58 ON 3
[REMARKS]
#FINAL-02-20#