000
CXUS52 KFFC 011010
CF6CSG
PRELIMINARY LOCAL CLIMATOLOGICAL DATA (WS FORM: F-6)
STATION: COLUMBUS
MONTH: JUNE
YEAR: 2022
LATITUDE: 32 31 N
LONGITUDE: 84 56 W
TEMPERATURE IN F: :PCPN: SNOW: WIND :SUNSHINE: SKY :PK WND
================================================================================
1 2 3 4 5 6A 6B 7 8 9 10 11 12 13 14 15 16 17 18
12Z AVG MX 2MIN
DY MAX MIN AVG DEP HDD CDD WTR SNW DPTH SPD SPD DIR MIN PSBL S-S WX SPD DR
================================================================================
1 93 67 80 2 0 15 0.00 0.0 M 2.1 8 350 M M 1 13 50
2 93 70 82 4 0 17 0.03 0.0 M 4.4 26 210 M M 1 3 44 220
3 91 69 80 2 0 15 0.00 0.0 M 4.7 16 350 M M 1 24 350
4 87 69 78 0 0 13 0.07 0.0 M 5.5 17 40 M M 4 3 22 40
5 88 67 78 -1 0 13 T 0.0 M 6.0 16 100 M M 4 3 20 160
6 89 70 80 1 0 15 0.01 0.0 M 6.6 16 100 M M 3 3 22 80
7 91 68 80 1 0 15 0.00 0.0 M 3.7 12 220 M M 3 15 250
8 87 72 80 1 0 15 0.30 0.0 M 2.3 9 170 M M 3 1 12 340
9 90 73 82 3 0 17 0.20 0.0 M 7.3 16 320 M M 3 13 23 330
10 88 67 78 -2 0 13 M 0.0 M 4.1 14 350 M M 1 19 290
11 90 72 81 1 0 16 0.00 0.0 M 0.0 12 230 M M 0 14 240
12 93 72 83 3 0 18 0.00 0.0 M 3.7 13 310 M M 2 18 320
13 96 72 84 4 0 19 0.00 0.0 M 3.9 12 260 M M 2 16 310
14 96 73 85 5 0 20 0.14 0.0 M 5.3 39 80 M M 3 13 55 90
15 100 72 86 6 0 21 0.20 0.0 M 5.0 25 80 M M 1 3 35 80
16 98 73 86 5 0 21 0.00 0.0 M 3.5 14 80 M M 0 18 90
17 98 76 87 6 0 22 0.00 0.0 M 5.4 12 350 M M 0 18 350
18 96 76 86 5 0 21 0.00 0.0 M 8.2 20 330 M M 1 26 330
19 93 74 84 3 0 19 0.00 0.0 M 9.2 21 90 M M 0 28 90
20 95 68 82 1 0 17 0.00 0.0 M 4.6 10 70 M M 0 18 170
21 98 67 83 2 0 18 0.00 0.0 M 3.7 14 310 M M 0 20 340
22 102 76 89 8 0 24 0.00 0.0 M 7.5 17 320 M M 0 27 280
23 101 78 90 8 0 25 0.00 0.0 M 8.5 17 320 M M 0 24 320
24 97 77 87 5 0 22 0.00 0.0 M 5.2 20 120 M M 1 3 26 130
25 94 74 84 2 0 19 T 0.0 M 8.0 18 150 M M 5 26 170
26 96 74 85 3 0 20 0.00 0.0 M 4.3 16 140 M M 1 21 150
27 96 74 85 3 0 20 T 0.0 M 4.7 18 350 M M 4 28 350
28 96 73 85 3 0 20 0.15 0.0 M 4.6 21 150 M M 3 13 28 130
29 92 73 83 1 0 18 0.06 0.0 M 5.2 20 140 M M 5 38 25 150
30 90 71 81 -1 0 16 0.00 0.0 M 4.4 12 80 M M 4 138 19 130
================================================================================
SM 2814 2157 0 544 1.16 0.0 151.6 M 56
================================================================================
AV 93.8 71.9 5.1 FASTST M M 2 MAX(MPH)
MISC ----> 39 80 55 90
================================================================================
NOTES:
# LAST OF SEVERAL OCCURRENCES
COLUMN 17 PEAK WIND IN M.P.H.
PRELIMINARY LOCAL CLIMATOLOGICAL DATA (WS FORM: F-6) , PAGE 2
STATION: COLUMBUS
MONTH: JUNE
YEAR: 2022
LATITUDE: 32 31 N
LONGITUDE: 84 56 W
[TEMPERATURE DATA] [PRECIPITATION DATA] SYMBOLS USED IN COLUMN 16
AVERAGE MONTHLY: 82.9 TOTAL FOR MONTH: 1.16 1 = FOG OR MIST
DPTR FM NORMAL: 2.5 DPTR FM NORMAL: -2.87 2 = FOG REDUCING VISIBILITY
HIGHEST: 102 ON 22 GRTST 24HR 0.50 ON 8- 9 TO 1/4 MILE OR LESS
LOWEST: 67 ON 21,10 3 = THUNDER
SNOW, ICE PELLETS, HAIL 4 = ICE PELLETS
TOTAL MONTH: 0.0 INCH 5 = HAIL
GRTST 24HR 0.0 6 = FREEZING RAIN OR DRIZZLE
GRTST DEPTH: M ON M 7 = DUSTSTORM OR SANDSTORM:
VSBY 1/2 MILE OR LESS
8 = SMOKE OR HAZE
[NO. OF DAYS WITH] [WEATHER - DAYS WITH] 9 = BLOWING SNOW
X = TORNADO
MAX 32 OR BELOW: 0 0.01 INCH OR MORE: 9
MAX 90 OR ABOVE: 25 0.10 INCH OR MORE: 5
MIN 32 OR BELOW: 0 0.50 INCH OR MORE: 0
MIN 0 OR BELOW: 0 1.00 INCH OR MORE: 0
[HDD (BASE 65) ]
TOTAL THIS MO. 0 CLEAR (SCALE 0-3) 21
DPTR FM NORMAL 0 PTCLDY (SCALE 4-7) 9
TOTAL FM JUL 1 1699 CLOUDY (SCALE 8-10) 0
DPTR FM NORMAL -244
[CDD (BASE 65) ]
TOTAL THIS MO. 544
DPTR FM NORMAL 84 [PRESSURE DATA]
TOTAL FM JAN 1 992 HIGHEST SLP 30.22 ON 21
DPTR FM NORMAL 107 LOWEST SLP 29.76 ON 4
[REMARKS]
#FINAL-06-22#