000
CXUS55 KOHX 011110
CF6CSV
PRELIMINARY LOCAL CLIMATOLOGICAL DATA (WS FORM: F-6)
STATION: CROSSVILLE
MONTH: JUNE
YEAR: 2021
LATITUDE: 35 57 N
LONGITUDE: 85 5 W
TEMPERATURE IN F: :PCPN: SNOW: WIND :SUNSHINE: SKY :PK WND
================================================================================
1 2 3 4 5 6A 6B 7 8 9 10 11 12 13 14 15 16 17 18
12Z AVG MX 2MIN
DY MAX MIN AVG DEP HDD CDD WTR SNW DPTH SPD SPD DIR MIN PSBL S-S WX SPD DR
================================================================================
1 74 56 65 -2 0 0 0.00 M M 4.3 13 160 M M 3 23 150
2 68 61 65 -2 0 0 0.17 M M 5.8 14 190 M M 7 1 27 190
3 74 60 67 0 0 2 2.16 M M 5.5 13 180 M M 8 123 24 180
4 78 56 67 -1 0 2 0.00 M M 1.8 9 60 M M 4 12 14 80
5 81 57 69 1 0 4 0.00 M M 1.4 8 140 M M 3 1 16 120
6 76 66 71 3 0 6 0.19 M M 3.9 12 170 M M 9 1 21 170
7 79 67 73 5 0 8 0.28 M M 4.8 12 270 M M 6 18 20 170
8 80 67 74 5 0 9 0.10 M M 5.0 13 260 M M 3 13 19 230
9 75 69 72 3 0 7 0.02 M M 3.2 8 190 M M 3 1 14 150
10 78 67 73 4 0 8 0.52 M M 2.9 9 220 M M 8 128 15 230
11 79 67 73 4 0 8 0.95 M M 5.9 14 260 M M 7 123 19 260
12 85 62 74 4 0 9 0.08 M M 5.2 30 40 M M 3 1238 47 30
13 87 59 73 3 0 8 0.00 M M 2.3 9 20 M M 1 1 12 30
14 87 67 77 7 0 12 0.00 M M 4.6 13 10 M M 1 1 17 340
15 78 57 68 -2 0 3 0.02 M M 6.2 16 330 M M 1 28 330
16 79 54 67 -3 0 2 0.00 M M 4.3 15 330 M M 1 22 340
17 81 53 67 -4 0 2 0.00 M M 1.7 8 30 M M 1 1 14 350
18 83 60 72 1 0 7 0.00 M M 3.3 13 270 M M 1 18 160
19 79 62 71 0 0 6 0.00 M M 4.1 15 170 M M 2 29 190
20 84 62 73 2 0 8 0.00 M M 4.2 14 270 M M 1 1 19 260
21 85 65 75 3 0 10 1.01 M M 6.4 28 260 M M 6 138 46 240
22 73 54 64 -8 1 0 0.36 M M 5.8 14 320 M M 5 1 21 350
23 78 50 64 -8 1 0 0.00 M M 2.0 9 170 M M 1 1 15 170
24 80 59 70 -2 0 5 0.00 M M 4.7 13 160 M M 1 1 24 180
25 79 66 73 1 0 8 0.00 M M 6.4 15 170 M M 2 25 170
26 80 63 72 0 0 7 T M M 5.4 13 170 M M 1 21 140
27 84 68 76 3 0 11 0.00 M M 4.2 12 190 M M 2 23 200
28 87 65 76 3 0 11 T M M 2.6 9 40 M M 3 13 13 180
29 87 68 78 5 0 13 T M M 2.5 12 140 M M 3 13 23 130
30 85 66 76 3 0 11 0.05 M M 2.7 12 270 M M 3 12 17 270
================================================================================
SM 2403 1853 2 187 5.91 M 123.1 M 100
================================================================================
AV 80.1 61.8 4.1 FASTST M M 3 MAX(MPH)
MISC ----> 30 40 47 30
================================================================================
NOTES:
# LAST OF SEVERAL OCCURRENCES
COLUMN 17 PEAK WIND IN M.P.H.
PRELIMINARY LOCAL CLIMATOLOGICAL DATA (WS FORM: F-6) , PAGE 2
STATION: CROSSVILLE
MONTH: JUNE
YEAR: 2021
LATITUDE: 35 57 N
LONGITUDE: 85 5 W
[TEMPERATURE DATA] [PRECIPITATION DATA] SYMBOLS USED IN COLUMN 16
AVERAGE MONTHLY: 70.9 TOTAL FOR MONTH: 5.91 1 = FOG OR MIST
DPTR FM NORMAL: 0.7 DPTR FM NORMAL: 0.98 2 = FOG REDUCING VISIBILITY
HIGHEST: 87 ON 29,28 GRTST 24HR 2.18 ON 2- 3 TO 1/4 MILE OR LESS
LOWEST: 50 ON 23 3 = THUNDER
SNOW, ICE PELLETS, HAIL 4 = ICE PELLETS
TOTAL MONTH: M 5 = HAIL
GRTST 24HR M ON M 6 = FREEZING RAIN OR DRIZZLE
GRTST DEPTH: M ON M 7 = DUSTSTORM OR SANDSTORM:
VSBY 1/2 MILE OR LESS
8 = SMOKE OR HAZE
[NO. OF DAYS WITH] [WEATHER - DAYS WITH] 9 = BLOWING SNOW
X = TORNADO
MAX 32 OR BELOW: 0 0.01 INCH OR MORE: 13
MAX 90 OR ABOVE: 0 0.10 INCH OR MORE: 9
MIN 32 OR BELOW: 0 0.50 INCH OR MORE: 4
MIN 0 OR BELOW: 0 1.00 INCH OR MORE: 2
[HDD (BASE 65) ]
TOTAL THIS MO. 2 CLEAR (SCALE 0-3) 19
DPTR FM NORMAL -13 PTCLDY (SCALE 4-7) 10
TOTAL FM JUL 1 4197 CLOUDY (SCALE 8-10) 1
DPTR FM NORMAL -193
[CDD (BASE 65) ]
TOTAL THIS MO. 187
DPTR FM NORMAL 15 [PRESSURE DATA]
TOTAL FM JAN 1 243 HIGHEST SLP 30.25 ON 29
DPTR FM NORMAL -2 LOWEST SLP 29.76 ON 21
[REMARKS]
#FINAL-06-21#