000
CXUS55 KOHX 011110
CF6CSV
PRELIMINARY LOCAL CLIMATOLOGICAL DATA (WS FORM: F-6)
STATION: CROSSVILLE
MONTH: MAY
YEAR: 2021
LATITUDE: 35 57 N
LONGITUDE: 85 5 W
TEMPERATURE IN F: :PCPN: SNOW: WIND :SUNSHINE: SKY :PK WND
================================================================================
1 2 3 4 5 6A 6B 7 8 9 10 11 12 13 14 15 16 17 18
12Z AVG MX 2MIN
DY MAX MIN AVG DEP HDD CDD WTR SNW DPTH SPD SPD DIR MIN PSBL S-S WX SPD DR
================================================================================
1 74 41 58 -2 7 0 0.00 M M 4.0 14 340 M M 0 18 340
2 70 47 59 -1 6 0 0.02 M M 4.9 14 170 M M 6 1 23 180
3 75 61 68 8 0 3 0.82 M M 7.9 20 270 M M 7 18 31 180
4 69 58 64 4 1 0 1.19 M M 7.2 25 330 M M 7 13 41 320
5 61 44 53 -8 12 0 T M M 7.1 18 280 M M 7 1 23 280
6 65 40 53 -8 12 0 T M M 5.4 24 310 M M 2 1 35 330
7 61 44 53 -8 12 0 0.00 M M 9.4 18 340 M M 4 27 340
8 62 45 54 -7 11 0 0.00 M M 4.4 10 250 M M 7 16 250
9 72 54 63 1 2 0 0.62 M M 8.1 18 200 M M 5 13 39 210
10 59 43 51 -11 14 0 0.02 M M 5.3 12 340 M M 8 1 17 30
11 67 41 54 -8 11 0 0.00 M M 7.0 14 40 M M 4 1 22 30
12 64 45 55 -7 10 0 T M M 8.7 18 60 M M 4 27 50
13 66 40 53 -9 12 0 0.00 M M 4.4 13 20 M M 1 21 20
14 69 41 55 -8 10 0 0.00 M M 2.2 10 20 M M 4 13 100
15 72 41 57 -6 8 0 0.00 M M 2.3 12 320 M M 3 17 280
16 71 54 63 0 2 0 T M M 2.1 12 280 M M 8 18 270
17 72 51 62 -1 3 0 0.00 M M 4.1 13 190 M M 1 21 180
18 71 57 64 0 1 0 0.00 M M 6.0 15 140 M M 3 25 130
19 75 60 68 4 0 3 0.02 M M 5.2 13 160 M M 5 23 160
20 78 57 68 4 0 3 0.00 M M 4.8 14 140 M M 1 25 140
21 80 58 69 5 0 4 0.00 M M 3.9 15 140 M M 0 26 140
22 81 55 68 4 0 3 0.00 M M 2.7 12 20 M M 1 1 15 50
23 84 56 70 5 0 5 0.00 M M 3.1 13 20 M M 1 1 17 360
24 84 55 70 5 0 5 0.00 M M 1.7 10 330 M M 1 1 15 340
25 84 57 71 6 0 6 T M M 1.5 10 250 M M 2 1 17 260
26 82 62 72 7 0 7 T M M 5.2 20 260 M M 4 18 29 230
27 82 58 70 4 0 5 0.00 M M 2.2 10 170 M M 3 12 17 120
28 76 59 68 2 0 3 0.55 M M 6.7 28 280 M M 8 128 41 260
29 59 47 53 -13 12 0 0.01 M M 8.1 14 10 M M 10 1 22 350
30 63 45 54 -12 11 0 0.00 M M 7.1 16 20 M M 5 21 70
31 76 42 59 -8 6 0 0.00 M M 2.9 12 180 M M 1 1 21 180
================================================================================
SM 2224 1558 163 47 3.25 M 155.6 M 123
================================================================================
AV 71.7 50.3 5.0 FASTST M M 4 MAX(MPH)
MISC ----> 28 280 # 41 320
================================================================================
NOTES:
# LAST OF SEVERAL OCCURRENCES
COLUMN 17 PEAK WIND IN M.P.H.
PRELIMINARY LOCAL CLIMATOLOGICAL DATA (WS FORM: F-6) , PAGE 2
STATION: CROSSVILLE
MONTH: MAY
YEAR: 2021
LATITUDE: 35 57 N
LONGITUDE: 85 5 W
[TEMPERATURE DATA] [PRECIPITATION DATA] SYMBOLS USED IN COLUMN 16
AVERAGE MONTHLY: 61.0 TOTAL FOR MONTH: 3.25 1 = FOG OR MIST
DPTR FM NORMAL: -2.2 DPTR FM NORMAL: -1.93 2 = FOG REDUCING VISIBILITY
HIGHEST: 84 ON 25,24 GRTST 24HR 1.63 ON 3- 4 TO 1/4 MILE OR LESS
LOWEST: 40 ON 13, 6 3 = THUNDER
SNOW, ICE PELLETS, HAIL 4 = ICE PELLETS
TOTAL MONTH: M 5 = HAIL
GRTST 24HR M ON M 6 = FREEZING RAIN OR DRIZZLE
GRTST DEPTH: M ON M 7 = DUSTSTORM OR SANDSTORM:
VSBY 1/2 MILE OR LESS
8 = SMOKE OR HAZE
[NO. OF DAYS WITH] [WEATHER - DAYS WITH] 9 = BLOWING SNOW
X = TORNADO
MAX 32 OR BELOW: 0 0.01 INCH OR MORE: 8
MAX 90 OR ABOVE: 0 0.10 INCH OR MORE: 4
MIN 32 OR BELOW: 0 0.50 INCH OR MORE: 4
MIN 0 OR BELOW: 0 1.00 INCH OR MORE: 1
[HDD (BASE 65) ]
TOTAL THIS MO. 163 CLEAR (SCALE 0-3) 13
DPTR FM NORMAL 48 PTCLDY (SCALE 4-7) 16
TOTAL FM JUL 1 4195 CLOUDY (SCALE 8-10) 2
DPTR FM NORMAL -184
[CDD (BASE 65) ]
TOTAL THIS MO. 47
DPTR FM NORMAL -13 [PRESSURE DATA]
TOTAL FM JAN 1 56 HIGHEST SLP 30.45 ON 22
DPTR FM NORMAL -17 LOWEST SLP 29.71 ON 3
[REMARKS]
#FINAL-05-21#