000
CXUS55 KCAE 011400
CF6CUB
PRELIMINARY LOCAL CLIMATOLOGICAL DATA (WS FORM: F-6)
STATION: HAMILTON - OWENS AIRPORT SC
MONTH: MAY
YEAR: 2020
LATITUDE: 33 58 N
LONGITUDE: 80 59 W
TEMPERATURE IN F: :PCPN: SNOW: WIND :SUNSHINE: SKY :PK WND
================================================================================
1 2 3 4 5 6A 6B 7 8 9 10 11 12 13 14 15 16 17 18
12Z AVG MX 2MIN
DY MAX MIN AVG DEP HDD CDD WTR SNW DPTH SPD SPD DIR MIN PSBL S-S WX SPD DR
================================================================================
1 74 49 62 -6 3 0 0.00 M M 7.2 21 260 M M 1 31 300
2 81 48 65 -3 0 0 0.00 M M 1.9 8 170 M M 0 12 190
3 89 57 73 4 0 8 0.00 M M 6.8 17 270 M M 0 23 270
4 89 64 77 8 0 12 0.00 M M 4.6 15 260 M M 2 19 240
5 90 67 79 10 0 14 T M M 4.5 17 320 M M 3 3 26 340
6 79 55 67 -2 0 2 0.00 M M 8.5 23 270 M M 4 3 32 270
7 69 48 59 -11 6 0 0.00 M M 5.3 14 260 M M 1 20 280
8 74 46 60 -10 5 0 0.04 M M 3.7 20 270 M M 5 33 220
9 67 45 56 -14 9 0 0.00 M M 3.6 13 320 M M 0 8 21 290
10 75 44 60 -10 5 0 0.00 M M 3.2 13 180 M M 0 18 170
11 M M M M M M 0.00 M M 6.2 16 290 M M 0 25 290
12 71 45 58 -13 7 0 0.00 M M 2.4 13 310 M M 1 19 280
13 77 50 64 -7 1 0 0.00 M M 1.1 10 220 M M 1 15 180
14 84 57 71 -1 0 6 0.00 M M 3.4 13 180 M M 1 21 200
15 84 58 71 -1 0 6 0.00 M M 2.5 13 160 M M 3 18 170
16 88 60 74 2 0 9 0.00 M M 1.8 10 160 M M 2 15 150
17 87 64 76 4 0 11 0.00 M M 2.4 9 70 M M 4 15 60
18 85 65 75 2 0 10 0.52 M M 1.9 13 250 M M 3 13 17 250
19 82 66 74 1 0 9 0.58 M M 3.3 15 280 M M 5 13 23 270
20 66 61 64 -9 1 0 0.10 M M 5.4 12 70 M M 10 1 21 70
21 81 63 72 -2 0 7 T M M 2.7 12 290 M M 6 13 16 290
22 85 62 74 0 0 9 0.09 M M 1.3 13 320 M M 4 138 19 10
23 90 66 78 4 0 13 0.63 M M 3.7 21 340 M M 2 13 33 320
24 91 69 80 6 0 15 0.89 M M 2.4 14 60 M M 1 13 21 70
25 81 70 76 1 0 11 0.35 M M 1.0 17 160 M M 7 13 25 180
26 77 68 73 -2 0 8 0.01 0.0 0 3.6 9 60 M M 5 1 13 70
27 76 69 73 -2 0 8 0.01 M M 3.6 10 330 M M 9 1 19 320
28 90 69 80 4 0 15 0.01 M M 3.5 12 210 M M 5 1 14 200
29 85 70 78 2 0 13 2.90 M M 2.6 23 260 M M 2 13 31 240
30 89 70 80 4 0 15 0.00999.0 M 2.3 10 330 M M 5 15 320
31 85 68 77 1 0 12 0.00 M M 3.7 12 60 M M 2 23 70
================================================================================
SM 2441 1793 37 213 6.13 999.0 110.1 M 94
================================================================================
AV 81.4 59.8 3.6 FASTST M M 3 MAX(MPH)
MISC ----> # 23 270 # 33 220
================================================================================
NOTES:
# LAST OF SEVERAL OCCURRENCES
COLUMN 17 PEAK WIND IN M.P.H.
PRELIMINARY LOCAL CLIMATOLOGICAL DATA (WS FORM: F-6) , PAGE 2
STATION: HAMILTON - OWENS AIRPORT SC
MONTH: MAY
YEAR: 2020
LATITUDE: 33 58 N
LONGITUDE: 80 59 W
[TEMPERATURE DATA] [PRECIPITATION DATA] SYMBOLS USED IN COLUMN 16
AVERAGE MONTHLY: 70.6 TOTAL FOR MONTH: 6.13 1 = FOG OR MIST
DPTR FM NORMAL: -1.6 DPTR FM NORMAL: 3.16 2 = FOG REDUCING VISIBILITY
HIGHEST: 91 ON 24 GRTST 24HR 2.90 ON 29-29 TO 1/4 MILE OR LESS
LOWEST: 44 ON 10 3 = THUNDER
SNOW, ICE PELLETS, HAIL 4 = ICE PELLETS
TOTAL MONTH: 999.0 INCHES 5 = HAIL
GRTST 24HR 999.0 ON 30-30 6 = FREEZING RAIN OR DRIZZLE
GRTST DEPTH: 0 7 = DUSTSTORM OR SANDSTORM:
VSBY 1/2 MILE OR LESS
8 = SMOKE OR HAZE
[NO. OF DAYS WITH] [WEATHER - DAYS WITH] 9 = BLOWING SNOW
X = TORNADO
MAX 32 OR BELOW: 0 0.01 INCH OR MORE: 12
MAX 90 OR ABOVE: 4 0.10 INCH OR MORE: 7
MIN 32 OR BELOW: 0 0.50 INCH OR MORE: 5
MIN 0 OR BELOW: 0 1.00 INCH OR MORE: 1
[HDD (BASE 65) ]
TOTAL THIS MO. 37 CLEAR (SCALE 0-3) 18
DPTR FM NORMAL 23 PTCLDY (SCALE 4-7) 11
TOTAL FM JUL 1 1797 CLOUDY (SCALE 8-10) 2
DPTR FM NORMAL -518
[CDD (BASE 65) ]
TOTAL THIS MO. 213
DPTR FM NORMAL -24 [PRESSURE DATA]
TOTAL FM JAN 1 398 HIGHEST SLP 30.35 ON 14
DPTR FM NORMAL 62 LOWEST SLP 29.73 ON 5
[REMARKS]
#FINAL-05-20#