000
CXUS53 KUNR 011030
CF6CUT
PRELIMINARY LOCAL CLIMATOLOGICAL DATA (WS FORM: F-6)
STATION: CUSTER COUNTY AIRPORT SD
MONTH: DECEMBER
YEAR: 2020
LATITUDE: 43 43 N
LONGITUDE: 103 37 W
TEMPERATURE IN F: :PCPN: SNOW: WIND :SUNSHINE: SKY :PK WND
================================================================================
1 2 3 4 5 6A 6B 7 8 9 10 11 12 13 14 15 16 17 18
12Z AVG MX 2MIN
DY MAX MIN AVG DEP HDD CDD WTR SNW DPTH SPD SPD DIR MIN PSBL S-S WX SPD DR
================================================================================
1 41 18 30 5 35 0 0.00 M M 10.9 20 320 M M 5 33 350
2 37 15 26 1 39 0 0.00 M M 4.5 14 10 M M 0 23 20
3 51 13 32 7 33 0 0.00 M M 3.9 9 270 M M 0 8 12 300
4 60 29 45 21 20 0 0.00 M M 4.5 13 360 M M 1 8 21 20
5 53 23 38 14 27 0 0.00 M M 3.7 9 270 M M 0 14 260
6 60 24 42 18 23 0 0.00 M M 3.7 9 340 M M 0 12 330
7 58 26 42 18 23 0 0.00 M M 5.1 16 270 M M 0 23 280
8 63 37 50 26 15 0 0.00 M M 7.5 18 270 M M 0 28 280
9 60 27 44 21 21 0 0.00 M M 7.4 17 240 M M 0 28 230
10 38 20 29 6 36 0 0.00 M M 4.7 15 360 M M 2 25 10
11 28 19 24 1 41 0 0.04 M M 2.8 10 80 M M 9 18 15 100
12 26 12 19 -4 46 0 0.04 M M 4.3 13 270 M M 7 1 18 260
13 26 8 17 -6 48 0 0.00 M M 5.2 15 270 M M 0 22 280
14 27 10 19 -4 46 0 0.08 M M 2.2 8 350 M M 9 1 14 350
15 30 15 23 0 42 0 0.00 M M 4.6 13 340 M M 4 23 360
16 33 19 26 3 39 0 0.01 M M 8.1 23 300 M M 6 38 280
17 40 14 27 4 38 0 0.00 M M 9.3 21 260 M M 2 34 250
18 36 18 27 4 38 0 0.02 M M 6.6 16 320 M M 4 1 28 320
19 40 19 30 7 35 0 T M M 8.7 18 310 M M 1 32 290
20 41 20 31 8 34 0 0.00 M M 11.0 28 270 M M 1 41 260
21 41 22 32 9 33 0 0.00 M M 5.3 14 280 M M 3 19 280
22 52 21 37 14 28 0 T M M 14.0 29 260 M M 2 45 230
23 21 12 17 -6 48 0 T M M 10.7 36 350 M M 3 8 M M
24 42 21 32 9 33 0 0.00 M M 12.3 21 340 M M 4 39 310
25 51 26 39 16 26 0 0.00 M M 5.5 16 290 M M 0 21 280
26 50 26 38 15 27 0 T M M 5.5 17 250 M M 2 28 260
27 34 20 27 4 38 0 0.01 M M 6.9 15 290 M M 6 1 23 310
28 32 15 24 1 41 0 0.12 M M 6.3 16 280 M M 2 1 25 280
29 31 13 22 -1 43 0 0.16 M M 7.5 18 310 M M 5 1 35 320
30 31 7 19 -5 46 0 0.00 M M 8.1 20 270 M M 1 27 260
31 43 17 30 6 35 0 0.00 M M 3.9 12 40 M M 4 16 290
================================================================================
SM 1276 586 1077 0 0.48 M 204.7 M 83
================================================================================
AV 41.2 18.9 6.6 FASTST M M 3 MAX(MPH)
MISC ----> 36 350 45 230
================================================================================
NOTES:
# LAST OF SEVERAL OCCURRENCES
COLUMN 17 PEAK WIND IN M.P.H.
PRELIMINARY LOCAL CLIMATOLOGICAL DATA (WS FORM: F-6) , PAGE 2
STATION: CUSTER COUNTY AIRPORT SD
MONTH: DECEMBER
YEAR: 2020
LATITUDE: 43 43 N
LONGITUDE: 103 37 W
[TEMPERATURE DATA] [PRECIPITATION DATA] SYMBOLS USED IN COLUMN 16
AVERAGE MONTHLY: 30.0 TOTAL FOR MONTH: 0.48 1 = FOG OR MIST
DPTR FM NORMAL: 6.6 DPTR FM NORMAL: 0.10 2 = FOG REDUCING VISIBILITY
HIGHEST: 63 ON 8 GRTST 24HR 0.28 ON 28-29 TO 1/4 MILE OR LESS
LOWEST: 7 ON 30 3 = THUNDER
SNOW, ICE PELLETS, HAIL 4 = ICE PELLETS
TOTAL MONTH: M 5 = HAIL
GRTST 24HR M ON M 6 = FREEZING RAIN OR DRIZZLE
GRTST DEPTH: M ON M 7 = DUSTSTORM OR SANDSTORM:
VSBY 1/2 MILE OR LESS
8 = SMOKE OR HAZE
[NO. OF DAYS WITH] [WEATHER - DAYS WITH] 9 = BLOWING SNOW
X = TORNADO
MAX 32 OR BELOW: 9 0.01 INCH OR MORE: 8
MAX 90 OR ABOVE: 0 0.10 INCH OR MORE: 2
MIN 32 OR BELOW: 30 0.50 INCH OR MORE: 0
MIN 0 OR BELOW: 0 1.00 INCH OR MORE: 0
[HDD (BASE 65) ]
TOTAL THIS MO. 1077 CLEAR (SCALE 0-3) 19
DPTR FM NORMAL -212 PTCLDY (SCALE 4-7) 10
TOTAL FM JUL 1 3045 CLOUDY (SCALE 8-10) 2
DPTR FM NORMAL -426
[CDD (BASE 65) ]
TOTAL THIS MO. 0
DPTR FM NORMAL 0 [PRESSURE DATA]
TOTAL FM JAN 1 277 HIGHEST SLP 30.58 ON 2
DPTR FM NORMAL 100 LOWEST SLP 29.28 ON 22
[REMARKS]
#FINAL-12-20#