000
CXUS54 KFWD 280046
CF6DAL
PRELIMINARY LOCAL CLIMATOLOGICAL DATA (WS FORM: F-6)
STATION: DALLAS LOVE FIELD
MONTH: OCTOBER
YEAR: 2021
LATITUDE: 32 50 N
LONGITUDE: 96 51 W
TEMPERATURE IN F: :PCPN: SNOW: WIND :SUNSHINE: SKY :PK WND
================================================================================
1 2 3 4 5 6A 6B 7 8 9 10 11 12 13 14 15 16 17 18
12Z AVG MX 2MIN
DY MAX MIN AVG DEP HDD CDD WTR SNW DPTH SPD SPD DIR MIN PSBL S-S WX SPD DR
================================================================================
1 80 69 75 0 0 10 0.89 0.0 0 4.4 13 160 M M 9 13 18 160
2 87 71 79 5 0 14 T 0.0 0 4.6 15 290 M M 7 19 300
3 89 67 78 4 0 13 0.00 0.0 0 4.9 15 330 M M 3 33 50
4 91 63 77 3 0 12 0.00 0.0 0 6.3 17 350 M M 1 29 40
5 89 61 75 2 0 10 0.00 0.0 0 5.4 12 360 M M 1 27 340
6 89 62 76 3 0 11 0.00 0.0 0 2.2 10 320 M M 1 16 40
7 92 63 78 5 0 13 0.00 0.0 0 6.0 14 180 M M 2 22 180
8 92 72 82 10 0 17 0.00 0.0 0 9.5 17 170 M M 4 28 210
9 92 70 81 9 0 16 0.00 0.0 0 11.0 17 180 M M 4 27 170
10 92 64 78 6 0 13 0.67 0.0 0 14.5 40 290 M M 6 13 56 300
11 83 62 73 2 0 8 0.00 0.0 0 5.8 18 280 M M 1 29 290
12 83 64 74 3 0 9 T 0.0 0 10.6 20 130 M M 8 29 140
13 87 65 76 6 0 11 1.66 0.0 0 11.7 26 320 M M 10 13 33 360
14 84 67 76 6 0 11 0.13 0.0 0 6.2 18 100 M M 7 1 30 110
15 76 58 67 -3 0 2 0.00 0.0 0 11.4 25 320 M M 3 40 340
16 73 49 61 -8 4 0 0.00 0.0 0 6.0 17 360 M M 1 26 240
17 74 47 61 -8 4 0 0.00 0.0 0 2.8 10 130 M M 5 15 120
18 75 49 62 -6 3 0 0.00 0.0 0 7.5 15 150 M M 3 23 150
19 80 58 69 1 0 4 0.00 0.0 0 11.4 18 160 M M 4 26 130
20 83 65 74 6 0 9 0.00 0.0 0 6.7 15 160 M M 6 22 160
21 83 64 74 7 0 9 0.00 0.0 0 4.9 12 30 M M 3 22 60
22 84 60 72 5 0 7 0.00 0.0 0 5.9 12 160 M M 2 19 130
23 86 67 77 11 0 12 0.00 0.0 0 10.5 20 170 M M 4 31 160
24 84 68 76 10 0 11 0.00 0.0 0 10.2 20 180 M M 6 13 29 170
25 87 64 76 10 0 11 0.00 0.0 0 6.4 12 80 M M 1 19 150
26 84 70 77 12 0 12 0.00 0.0 0 12.7 26 160 M M 6 1 41 150
27 76 60 68 3 0 3 0.79 0.0 0 12.5 29 290 M M 7 138 41 290
28 72 58 65 1 0 0 0.00 0.0 0 23.0 41 330 M M 1 57 330
29 71 49 60 -4 5 0 0.00 0.0 0 17.1 32 320 M M 0 46 350
30 74 42 58 -6 7 0 0.00 0.0 0 2.8 7 120 M M 0 11 40
31 79 52 66 3 0 1 0.00 0.0 0 6.2 13 130 M M 1 17 120
================================================================================
SM 2571 1900 23 249 4.14 0.0 261.1 M 117
================================================================================
AV 82.9 61.3 8.4 FASTST M M 4 MAX(MPH)
MISC ----> 41 330 57 330
================================================================================
NOTES:
# LAST OF SEVERAL OCCURRENCES
COLUMN 17 PEAK WIND IN M.P.H.
PRELIMINARY LOCAL CLIMATOLOGICAL DATA (WS FORM: F-6) , PAGE 2
STATION: DALLAS LOVE FIELD
MONTH: OCTOBER
YEAR: 2021
LATITUDE: 32 50 N
LONGITUDE: 96 51 W
[TEMPERATURE DATA] [PRECIPITATION DATA] SYMBOLS USED IN COLUMN 16
AVERAGE MONTHLY: 72.1 TOTAL FOR MONTH: 4.14 1 = FOG OR MIST
DPTR FM NORMAL: 3.0 DPTR FM NORMAL: -0.65 2 = FOG REDUCING VISIBILITY
HIGHEST: 92 ON 10, 9 GRTST 24HR 1.79 ON 13-14 TO 1/4 MILE OR LESS
LOWEST: 42 ON 30 3 = THUNDER
SNOW, ICE PELLETS, HAIL 4 = ICE PELLETS
TOTAL MONTH: 0.0 INCH 5 = HAIL
GRTST 24HR 0.0 6 = FREEZING RAIN OR DRIZZLE
GRTST DEPTH: 0 7 = DUSTSTORM OR SANDSTORM:
VSBY 1/2 MILE OR LESS
8 = SMOKE OR HAZE
[NO. OF DAYS WITH] [WEATHER - DAYS WITH] 9 = BLOWING SNOW
X = TORNADO
MAX 32 OR BELOW: 0 0.01 INCH OR MORE: 5
MAX 90 OR ABOVE: 5 0.10 INCH OR MORE: 5
MIN 32 OR BELOW: 0 0.50 INCH OR MORE: 4
MIN 0 OR BELOW: 0 1.00 INCH OR MORE: 1
[HDD (BASE 65) ]
TOTAL THIS MO. 23 CLEAR (SCALE 0-3) 14
DPTR FM NORMAL -33 PTCLDY (SCALE 4-7) 15
TOTAL FM JUL 1 23 CLOUDY (SCALE 8-10) 2
DPTR FM NORMAL -33
[CDD (BASE 65) ]
TOTAL THIS MO. 249
DPTR FM NORMAL 66 [PRESSURE DATA]
TOTAL FM JAN 1 2975 HIGHEST SLP 30.39 ON 16
DPTR FM NORMAL -111 LOWEST SLP 29.51 ON 10
[REMARKS]
#FINAL-10-21#