000
CXUS54 KFWD 251720
CF6DAL
PRELIMINARY LOCAL CLIMATOLOGICAL DATA (WS FORM: F-6)
STATION: DALLAS LOVE FIELD
MONTH: MARCH
YEAR: 2021
LATITUDE: 32 50 N
LONGITUDE: 96 51 W
TEMPERATURE IN F: :PCPN: SNOW: WIND :SUNSHINE: SKY :PK WND
================================================================================
1 2 3 4 5 6A 6B 7 8 9 10 11 12 13 14 15 16 17 18
12Z AVG MX 2MIN
DY MAX MIN AVG DEP HDD CDD WTR SNW DPTH SPD SPD DIR MIN PSBL S-S WX SPD DR
================================================================================
1 59 45 52 -3 13 0 0.13 0.0 0 7.8 20 360 M M 8 32 230
2 64 40 52 -4 13 0 0.00 0.0 0 3.6 14 300 M M 2 19 310
3 70 41 56 0 9 0 0.00 0.0 0 6.6 14 140 M M 1 19 150
4 74 49 62 6 3 0 0.00 0.0 0 9.9 18 150 M M 2 28 170
5 72 53 63 7 2 0 0.00 0.0 0 10.2 18 160 M M 8 27 40
6 66 44 55 -2 10 0 0.00 0.0 0 6.9 14 100 M M 1 29 180
7 67 45 56 -1 9 0 0.00 0.0 0 8.1 18 150 M M 3 24 160
8 71 47 59 2 6 0 0.00 0.0 0 10.2 20 160 M M 4 26 160
9 72 57 65 7 0 0 0.00 0.0 0 12.6 23 180 M M 9 33 180
10 76 63 70 12 0 5 0.00 0.0 0 14.6 25 180 M M 9 39 160
11 78 69 74 16 0 9 0.00 0.0 0 13.1 24 180 M M 10 37 180
12 79 68 74 16 0 9 T 0.0 0 11.6 18 150 M M 9 1 28 140
13 79 67 73 14 0 8 0.00 0.0 0 12.6 23 160 M M 7 37 150
14 75 56 66 7 0 1 0.07 0.0 0 7.5 20 160 M M 6 1 26 170
15 82 52 67 8 0 2 0.00 0.0 0 7.8 22 250 M M 2 31 240
16 81 63 72 12 0 7 0.00 0.0 0 9.7 20 150 M M 9 29 160
17 72 47 60 0 5 0 1.04 0.0 0 17.8 36 260 M M 6 138 56 260
18 64 43 54 -6 11 0 0.00 0.0 M 16.0 28 330 M M 3 39 320
19 67 42 55 -6 10 0 0.00 0.0 0 7.5 18 360 M M 1 26 240
20 70 43 57 -4 8 0 0.00 0.0 0 6.3 17 130 M M 1 24 130
21 69 46 58 -3 7 0 0.00 0.0 0 12.5 20 150 M M 4 29 130
22 65 56 61 0 4 0 1.51 0.0 M 10.9 26 190 M M 10 1358 41 190
23 74 51 63 1 2 0 0.00 0.0 0 8.4 20 260 M M 1 30 270
24 79 51 65 3 0 0 0.01 0.0 0 10.2 23 340 M M 4 3 30 330
25 70 52 61 -1 4 0 0.59 0.0 0 8.3 21 310 M M 6 13 29 330
26 79 53 66 4 0 1 0.00 0.0 0 9.5 21 160 M M 1 31 140
27 81 61 71 8 0 6 0.00 0.0 0 9.3 28 340 M M 6 18 39 360
28 75 53 64 1 1 0 0.00 0.0 0 8.9 20 360 M M 1 32 360
29 77 49 63 0 2 0 0.00 0.0 0 10.1 18 180 M M 2 31 170
30 80 60 70 6 0 5 0.00 0.0 M 10.8 21 220 M M 8 33 190
31 68 54 61 -3 4 0 0.00 0.0 0 12.6 24 30 M M 6 41 60
================================================================================
SM 2255 1620 123 53 3.35 0.0 311.9 M 150
================================================================================
AV 72.7 52.3 10.1 FASTST M M 5 MAX(MPH)
MISC ----> 36 260 56 260
================================================================================
NOTES:
# LAST OF SEVERAL OCCURRENCES
COLUMN 17 PEAK WIND IN M.P.H.
PRELIMINARY LOCAL CLIMATOLOGICAL DATA (WS FORM: F-6) , PAGE 2
STATION: DALLAS LOVE FIELD
MONTH: MARCH
YEAR: 2021
LATITUDE: 32 50 N
LONGITUDE: 96 51 W
[TEMPERATURE DATA] [PRECIPITATION DATA] SYMBOLS USED IN COLUMN 16
AVERAGE MONTHLY: 62.5 TOTAL FOR MONTH: 3.35 1 = FOG OR MIST
DPTR FM NORMAL: 2.9 DPTR FM NORMAL: -0.10 2 = FOG REDUCING VISIBILITY
HIGHEST: 82 ON 15 GRTST 24HR 1.51 ON 22-22 TO 1/4 MILE OR LESS
LOWEST: 40 ON 2 3 = THUNDER
SNOW, ICE PELLETS, HAIL 4 = ICE PELLETS
TOTAL MONTH: 0.0 INCH 5 = HAIL
GRTST 24HR 0.0 6 = FREEZING RAIN OR DRIZZLE
GRTST DEPTH: 0 7 = DUSTSTORM OR SANDSTORM:
VSBY 1/2 MILE OR LESS
8 = SMOKE OR HAZE
[NO. OF DAYS WITH] [WEATHER - DAYS WITH] 9 = BLOWING SNOW
X = TORNADO
MAX 32 OR BELOW: 0 0.01 INCH OR MORE: 6
MAX 90 OR ABOVE: 0 0.10 INCH OR MORE: 4
MIN 32 OR BELOW: 0 0.50 INCH OR MORE: 3
MIN 0 OR BELOW: 0 1.00 INCH OR MORE: 2
[HDD (BASE 65) ]
TOTAL THIS MO. 123 CLEAR (SCALE 0-3) 13
DPTR FM NORMAL -90 PTCLDY (SCALE 4-7) 10
TOTAL FM JUL 1 1933 CLOUDY (SCALE 8-10) 8
DPTR FM NORMAL 13
[CDD (BASE 65) ]
TOTAL THIS MO. 53
DPTR FM NORMAL 6 [PRESSURE DATA]
TOTAL FM JAN 1 54 HIGHEST SLP 30.46 ON 31
DPTR FM NORMAL -8 LOWEST SLP 29.54 ON 17
[REMARKS]
#FINAL-03-21#