000
CXUS51 KRNK 240724
CF6DAN
PRELIMINARY LOCAL CLIMATOLOGICAL DATA (WS FORM: F-6)
STATION: DANVILLE VA
MONTH: APRIL
YEAR: 2024
LATITUDE: 36 34 N
LONGITUDE: 79 20 W
TEMPERATURE IN F: :PCPN: SNOW: WIND :SUNSHINE: SKY :PK WND
================================================================================
1 2 3 4 5 6A 6B 7 8 9 10 11 12 13 14 15 16 17 18
12Z AVG MX 2MIN
DY MAX MIN AVG DEP HDD CDD WTR SNW DPTH SPD SPD DIR MIN PSBL S-S WX SPD DR
================================================================================
1 83 55 69 15 0 4 0.00 0.0 0 6.3 16 230 M M 5 1 26 230
2 85 57 71 17 0 6 0.00 0.0 0 6.0 21 230 M M 8 31 230
3 79 48 64 10 1 0 0.02 0.0 0 9.5 28 220 M M 8 44 210
4 57 40 49 -6 16 0 T 0.0 0 10.1 26 240 M M 6 40 250
5 59 33 46 -9 19 0 0.00 0.0 0 9.6 21 350 M M 4 34 320
6 60 35 48 -7 17 0 0.00 0.0 0 8.2 20 340 M M 2 30 340
7 67 31 49 -7 16 0 0.00 0.0 0 2.3 12 250 M M 1 16 300
8 75 37 56 0 9 0 0.00 0.0 0 4.6 17 230 M M 3 24 220
9 65 53 59 3 6 0 0.01 0.0 0 6.2 20 240 M M 6 28 240
10 69 56 63 6 2 0 0.02 0.0 0 4.3 12 230 M M 8 16 260
11 72 61 67 10 0 2 0.37 0.0 0 4.8 17 250 M M 8 1 29 170
12 68 51 60 3 5 0 0.05 0.0 0 14.8 30 240 M M 6 45 240
13 71 45 58 1 7 0 0.00 0.0 0 11.2 31 320 M M 1 47 330
14 83 39 61 3 4 0 0.00 0.0 0 6.7 22 250 M M 0 32 210
15 86 52 69 11 0 4 0.00 0.0 0 7.2 21 240 M M 0 29 230
16 80 57 69 11 0 4 0.00 0.0 0 5.1 18 50 M M 0 26 40
17 81 57 69 10 0 4 T 0.0 0 5.5 16 220 M M 1 29 210
18 86 54 70 11 0 5 0.00 0.0 0 5.8 15 270 M M 0 20 270
19 69 55 62 3 3 0 0.00 0.0 0 3.8 10 60 M M 6 15 50
20 74 49 62 3 3 0 T 0.0 0 4.6 15 330 M M 5 1 22 300
21 53 40 47 -13 18 0 0.18 0.0 0 3.2 13 50 M M 8 19 50
22 62 37 50 -10 15 0 0.00 0.0 0 5.1 17 50 M M 2 26 70
23 72 32 52 -8 13 0 0.00 0.0 0 5.5 16 250 M M 0 26 230
================================================================================
SM 1656 1074 154 29 0.65 0.0 150.4 M 88
================================================================================
AV 72.0 46.7 6.5 FASTST M M 4 MAX(MPH)
MISC ----> 31 320 47 330
================================================================================
NOTES:
# LAST OF SEVERAL OCCURRENCES
COLUMN 17 PEAK WIND IN M.P.H.
PRELIMINARY LOCAL CLIMATOLOGICAL DATA (WS FORM: F-6) , PAGE 2
STATION: DANVILLE VA
MONTH: APRIL
YEAR: 2024
LATITUDE: 36 34 N
LONGITUDE: 79 20 W
[TEMPERATURE DATA] [PRECIPITATION DATA] SYMBOLS USED IN COLUMN 16
AVERAGE MONTHLY: 59.3 TOTAL FOR MONTH: 0.65 1 = FOG OR MIST
DPTR FM NORMAL: 2.3 DPTR FM NORMAL: -1.99 2 = FOG REDUCING VISIBILITY
HIGHEST: 86 ON 18,15 GRTST 24HR 0.42 ON 11-12 TO 1/4 MILE OR LESS
LOWEST: 31 ON 7 3 = THUNDER
SNOW, ICE PELLETS, HAIL 4 = ICE PELLETS
TOTAL MONTH: 0.0 INCH 5 = HAIL
GRTST 24HR 0.0 6 = FREEZING RAIN OR DRIZZLE
GRTST DEPTH: 0 7 = DUSTSTORM OR SANDSTORM:
VSBY 1/2 MILE OR LESS
8 = SMOKE OR HAZE
[NO. OF DAYS WITH] [WEATHER - DAYS WITH] 9 = BLOWING SNOW
X = TORNADO
MAX 32 OR BELOW: 0 0.01 INCH OR MORE: 6
MAX 90 OR ABOVE: 0 0.10 INCH OR MORE: 2
MIN 32 OR BELOW: 2 0.50 INCH OR MORE: 0
MIN 0 OR BELOW: 0 1.00 INCH OR MORE: 0
[HDD (BASE 65) ]
TOTAL THIS MO. 154 CLEAR (SCALE 0-3) 11
DPTR FM NORMAL -47 PTCLDY (SCALE 4-7) 9
TOTAL FM JUL 1 3241 CLOUDY (SCALE 8-10) 3
DPTR FM NORMAL -448
[CDD (BASE 65) ]
TOTAL THIS MO. 29
DPTR FM NORMAL 12 [PRESSURE DATA]
TOTAL FM JAN 1 29 HIGHEST SLP M ON M
DPTR FM NORMAL 6 LOWEST SLP 29.19 ON 3
[REMARKS]