000
CXUS51 KRNK 011232 CCA
CF6DAN
PRELIMINARY LOCAL CLIMATOLOGICAL DATA (WS FORM: F-6)
STATION: DANVILLE VA
MONTH: FEBRUARY
YEAR: 2023
LATITUDE: 36 34 N
LONGITUDE: 79 20 W
TEMPERATURE IN F: :PCPN: SNOW: WIND :SUNSHINE: SKY :PK WND
================================================================================
1 2 3 4 5 6A 6B 7 8 9 10 11 12 13 14 15 16 17 18
12Z AVG MX 2MIN
DY MAX MIN AVG DEP HDD CDD WTR SNW DPTH SPD SPD DIR MIN PSBL S-S WX SPD DR
================================================================================
1 42 37 40 1 25 0 0.08 0.0 0 5.5 12 50 M M 10 1 14 40
2 43 36 40 1 25 0 0.05 0.0 0 0.8 7 250 M M 10 1 9 230
3 45 26 36 -3 29 0 0.00 0.0 0 9.9 21 320 M M 2 32 280
4 40 18 29 -11 36 0 0.00 0.0 0 4.3 15 230 M M 0 20 230
5 57 26 42 2 23 0 0.00 0.0 0 5.1 13 230 M M 1 21 220
6 61 31 46 6 19 0 0.00 0.0 0 6.3 20 350 M M 1 26 350
7 63 28 46 6 19 0 0.00 0.0 0 3.9 17 250 M M 0 25 240
8 72 38 55 15 10 0 0.00 0.0 0 3.7 18 330 M M 3 22 330
9 70 48 59 19 6 0 0.00 0.0 0 6.9 23 220 M M 8 34 230
10 68 49 59 19 6 0 0.00 0.0 0 9.1 18 250 M M 3 24 230
11 57 40 49 8 16 0 0.00 0.0 0 4.7 15 350 M M 1 20 350
12 47 36 42 1 23 0 0.96 T 0 11.9 26 50 M M 10 14 31 70
13 59 32 46 5 19 0 T T 0 8.8 17 250 M M 2 4 23 240
14 67 33 50 9 15 0 0.00 0.0 0 3.6 8 250 M M 0 11 140
15 69 47 58 17 7 0 0.00 0.0 0 8.1 22 230 M M 4 32 230
16 76 51 64 22 1 0 0.00 0.0 0 8.4 28 230 M M 3 43 230
17 64 35 50 8 15 0 0.81 0.0 0 10.4 24 310 M M 6 1 35 320
18 52 24 38 -4 27 0 0.00 0.0 0 2.9 15 340 M M 0 22 350
19 63 29 46 4 19 0 0.00 0.0 0 5.4 20 230 M M 1 28 240
20 58 44 51 9 14 0 T 0.0 0 4.0 10 220 M M 6 16 240
21 73 42 58 15 7 0 0.00 0.0 0 6.9 25 260 M M 3 36 240
22 77 41 59 16 6 0 0.00 0.0 0 4.5 20 230 M M 4 24 230
23 79 56 68 25 0 3 T 0.0 0 9.0 22 240 M M 3 28 230
24 67 53 60 17 5 0 0.00 0.0 0 8.9 21 340 M M 1 1 26 350
25 54 42 48 4 17 0 T 0.0 0 5.0 13 60 M M 8 18 70
26 65 41 53 9 12 0 0.00 0.0 0 3.9 15 230 M M 7 1 20 240
27 64 40 52 8 13 0 0.07 0.0 0 2.6 10 330 M M 6 1 15 180
28 77 47 62 18 3 0 0.00 0.0 0 8.3 20 280 M M 1 1 27 280
================================================================================
SM 1729 1070 417 3 1.97 T 172.8 M 104
================================================================================
AV 61.8 38.2 6.2 FASTST M M 4 MAX(MPH)
MISC ----> 28 230 43 230
================================================================================
NOTES:
# LAST OF SEVERAL OCCURRENCES
COLUMN 17 PEAK WIND IN M.P.H.
PRELIMINARY LOCAL CLIMATOLOGICAL DATA (WS FORM: F-6) , PAGE 2
STATION: DANVILLE VA
MONTH: FEBRUARY
YEAR: 2023
LATITUDE: 36 34 N
LONGITUDE: 79 20 W
[TEMPERATURE DATA] [PRECIPITATION DATA] SYMBOLS USED IN COLUMN 16
AVERAGE MONTHLY: 50.0 TOTAL FOR MONTH: 1.97 1 = FOG OR MIST
DPTR FM NORMAL: 8.5 DPTR FM NORMAL: -0.76 2 = FOG REDUCING VISIBILITY
HIGHEST: 79 ON 23 GRTST 24HR 0.96 ON 12-12 TO 1/4 MILE OR LESS
LOWEST: 18 ON 4 3 = THUNDER
SNOW, ICE PELLETS, HAIL 4 = ICE PELLETS
TOTAL MONTH: T 5 = HAIL
GRTST 24HR T ON 12-12 6 = FREEZING RAIN OR DRIZZLE
GRTST DEPTH: 0 7 = DUSTSTORM OR SANDSTORM:
VSBY 1/2 MILE OR LESS
8 = SMOKE OR HAZE
[NO. OF DAYS WITH] [WEATHER - DAYS WITH] 9 = BLOWING SNOW
X = TORNADO
MAX 32 OR BELOW: 0 0.01 INCH OR MORE: 5
MAX 90 OR ABOVE: 0 0.10 INCH OR MORE: 2
MIN 32 OR BELOW: 8 0.50 INCH OR MORE: 2
MIN 0 OR BELOW: 0 1.00 INCH OR MORE: 0
[HDD (BASE 65) ]
TOTAL THIS MO. 417 CLEAR (SCALE 0-3) 17
DPTR FM NORMAL -243 PTCLDY (SCALE 4-7) 6
TOTAL FM JUL 1 2578 CLOUDY (SCALE 8-10) 5
DPTR FM NORMAL -409
[CDD (BASE 65) ]
TOTAL THIS MO. 3
DPTR FM NORMAL 2 [PRESSURE DATA]
TOTAL FM JAN 1 3 HIGHEST SLP M ON M
DPTR FM NORMAL 3 LOWEST SLP 29.46 ON 27
[REMARKS]
#FINAL-02-23#