000
CXUS51 KLWX 010815
CF6DCA
PRELIMINARY LOCAL CLIMATOLOGICAL DATA (WS FORM: F-6)
STATION: WASHINGTON NATIONAL DC
MONTH: AUGUST
YEAR: 2023
LATITUDE: 38 50 N
LONGITUDE: 77 2 W
TEMPERATURE IN F: :PCPN: SNOW: WIND :SUNSHINE: SKY :PK WND
================================================================================
1 2 3 4 5 6A 6B 7 8 9 10 11 12 13 14 15 16 17 18
12Z AVG MX 2MIN
DY MAX MIN AVG DEP HDD CDD WTR SNW DPTH SPD SPD DIR MIN PSBL S-S WX SPD DR
================================================================================
1 82 67 75 -6 0 10 0.00 0.0 0 6.9 14 20 M M 4 21 20
2 84 66 75 -6 0 10 0.00 0.0 0 5.8 15 130 M M 6 20 120
3 79 67 73 -8 0 8 0.08 0.0 0 13.0 24 220 M M 9 1 33 230
4 81 68 75 -6 0 10 T 0.0 0 6.0 20 170 M M 8 1 27 200
5 87 71 79 -1 0 14 0.00 0.0 0 4.0 10 350 M M 6 16 330
6 89 73 81 1 0 16 0.82 0.0 0 8.2 29 240 M M 7 13 38 240
7 89 72 81 1 0 16 0.91 0.0 0 10.6 38 300 M M 9 13 51 300
8 86 72 79 -1 0 14 0.00 0.0 0 11.2 24 300 M M 5 40 260
9 88 71 80 0 0 15 T 0.0 0 7.2 17 290 M M 4 3 25 290
10 84 73 79 -1 0 14 0.15 0.0 0 8.1 23 300 M M 8 3 38 290
11 88 69 79 -1 0 14 T 0.0 0 5.4 15 300 M M 6 21 250
12 91 74 83 3 0 18 0.00 0.0 0 7.7 16 170 M M 6 22 220
13 92 76 84 4 0 19 0.00 0.0 0 8.1 18 340 M M 7 26 330
14 91 74 83 3 0 18 0.90 0.0 0 5.6 44 220 M M 8 123 58 220
15 88 76 82 2 0 17 0.38 0.0 0 6.4 18 180 M M 7 3 23 220
16 87 71 79 -1 0 14 T 0.0 0 6.8 15 330 M M 5 20 340
17 90 72 81 1 0 16 0.00 0.0 M 7.7 16 170 M M 6 22 160
18 85 71 78 -1 0 13 T 0.0 0 9.4 20 330 M M 5 30 320
19 84 64 74 -5 0 9 0.00 0.0 M 6.3 16 330 M M 1 21 340
20 88 66 77 -2 0 12 0.00 0.0 0 6.1 14 170 M M 2 17 170
21 92 73 83 4 0 18 0.00 0.0 0 5.7 13 330 M M 7 19 320
22 84 70 77 -2 0 12 0.00 0.0 0 9.7 M M M M 6 M M
23 83 63 73 -6 0 8 0.00 0.0 0 6.4 14 170 M M 5 19 130
24 81 70 76 -3 0 11 T 0.0 0 9.6 16 200 M M 9 22 210
25 94 75 85 7 0 20 0.45 0.0 M 8.0 28 340 M M 8 138 44 350
26 92 75 84 6 0 19 0.00 0.0 M 8.4 17 360 M M 5 21 360
27 89 75 82 4 0 17 0.00 0.0 0 6.5 16 120 M M 7 20 120
28 78 74 76 -2 0 11 0.01 0.0 0 8.1 14 80 M M 10 20 90
29 82 73 78 0 0 13 T 0.0 M 5.8 17 40 M M 10 1 27 60
30 86 72 79 2 0 14 0.01 0.0 M 10.4 20 350 M M 8 26 350
31 83 67 75 -2 0 10 0.00 0.0 0 12.9 21 10 M M 5 28 30
================================================================================
SM 2677 2200 0 430 3.71 0.0 242.0 M 199
================================================================================
AV 86.4 71.0 7.8 FASTST M M 6 MAX(MPH)
MISC ----> 44 220 58 220
================================================================================
NOTES:
# LAST OF SEVERAL OCCURRENCES
COLUMN 17 PEAK WIND IN M.P.H.
PRELIMINARY LOCAL CLIMATOLOGICAL DATA (WS FORM: F-6) , PAGE 2
STATION: WASHINGTON NATIONAL DC
MONTH: AUGUST
YEAR: 2023
LATITUDE: 38 50 N
LONGITUDE: 77 2 W
[TEMPERATURE DATA] [PRECIPITATION DATA] SYMBOLS USED IN COLUMN 16
AVERAGE MONTHLY: 78.7 TOTAL FOR MONTH: 3.71 1 = FOG OR MIST
DPTR FM NORMAL: -0.7 DPTR FM NORMAL: 0.46 2 = FOG REDUCING VISIBILITY
HIGHEST: 94 ON 25 GRTST 24HR 1.07 ON 14-15 TO 1/4 MILE OR LESS
LOWEST: 63 ON 23 3 = THUNDER
SNOW, ICE PELLETS, HAIL 4 = ICE PELLETS
TOTAL MONTH: 0.0 INCH 5 = HAIL
GRTST 24HR 0.0 6 = FREEZING RAIN OR DRIZZLE
GRTST DEPTH: 0 7 = DUSTSTORM OR SANDSTORM:
VSBY 1/2 MILE OR LESS
8 = SMOKE OR HAZE
[NO. OF DAYS WITH] [WEATHER - DAYS WITH] 9 = BLOWING SNOW
X = TORNADO
MAX 32 OR BELOW: 0 0.01 INCH OR MORE: 9
MAX 90 OR ABOVE: 7 0.10 INCH OR MORE: 6
MIN 32 OR BELOW: 0 0.50 INCH OR MORE: 3
MIN 0 OR BELOW: 0 1.00 INCH OR MORE: 0
[HDD (BASE 65) ]
TOTAL THIS MO. 0 CLEAR (SCALE 0-3) 2
DPTR FM NORMAL 0 PTCLDY (SCALE 4-7) 21
TOTAL FM JUL 1 0 CLOUDY (SCALE 8-10) 8
DPTR FM NORMAL 0
[CDD (BASE 65) ]
TOTAL THIS MO. 430
DPTR FM NORMAL -16 [PRESSURE DATA]
TOTAL FM JAN 1 1366 HIGHEST SLP 30.24 ON 2
DPTR FM NORMAL -86 LOWEST SLP 29.62 ON 10
[REMARKS]
#FINAL-08-23#