000
CXUS55 KALY 010810
CF6DDH
PRELIMINARY LOCAL CLIMATOLOGICAL DATA (WS FORM: F-6)
STATION: BENNINGTON VT
MONTH: DECEMBER
YEAR: 2022
LATITUDE: 42 53 N
LONGITUDE: 73 15 W
TEMPERATURE IN F: :PCPN: SNOW: WIND :SUNSHINE: SKY :PK WND
================================================================================
1 2 3 4 5 6A 6B 7 8 9 10 11 12 13 14 15 16 17 18
12Z AVG MX 2MIN
DY MAX MIN AVG DEP HDD CDD WTR SNW DPTH SPD SPD DIR MIN PSBL S-S WX SPD DR
================================================================================
1 35 31 33 -1 32 0 T M M 9.2 20 260 M M 8 32 270
2 43 23 33 -1 32 0 0.00 M M 4.7 16 130 M M 6 24 100
3 56 36 46 13 19 0 0.35 M M 12.2 29 180 M M 10 42 180
4 37 22 30 -3 35 0 0.00 M M 6.3 15 280 M M 7 22 270
5 45 19 32 0 33 0 0.00 M M 3.9 14 120 M M 0 21 120
6 54 36 45 13 20 0 0.27 M M 12.7 25 140 M M 8 34 140
7 60 48 54 22 11 0 0.14 M M 6.8 25 160 M M 10 8 40 160
8 48 28 38 6 27 0 T M M 5.7 14 350 M M 5 20 330
9 38 19 29 -2 36 0 0.00 M M 2.8 13 330 M M 1 17 330
10 32 14 23 -8 42 0 0.00 M M 0.9 7 270 M M 2 12 280
11 32 23 28 -2 37 0 0.26 M M 5.0 13 90 M M 10 19 100
12 27 5 16 -14 49 0 T M M 3.5 12 320 M M 6 8 16 340
13 29 2 16 -14 49 0 0.00 M M 0.3 10 260 M M 3 8 12 260
14 28 13 21 -9 44 0 T M M 6.9 20 360 M M 5 26 360
15 39 10 25 -4 40 0 0.03 M M 6.3 18 120 M M 5 27 100
16 40 33 37 8 28 0 0.58 M M 8.5 25 100 M M 10 38 90
17 36 31 34 5 31 0 0.23 M M 5.8 12 260 M M 10 8 19 260
18 33 27 30 2 35 0 0.00 M M 5.3 15 280 M M 10 21 280
19 33 27 30 2 35 0 T M M 8.0 16 280 M M 9 26 280
20 33 15 24 -4 41 0 0.00 M M 5.0 13 350 M M 6 20 330
21 36 10 23 -4 42 0 0.00 M M 1.0 6 140 M M 0 8 6 140
22 39 17 28 1 37 0 0.04 M M 6.9 25 130 M M 4 39 90
23 58 7 33 6 32 0 0.52 M M 13.9 32 170 M M 10 8 47 200
24 10 3 7 -19 58 0 T M M 8.6 17 240 M M 7 23 240
25 21 8 15 -11 50 0 0.00 M M 7.1 15 230 M M 4 22 240
26 25 5 15 -11 50 0 0.00 M M 2.8 10 220 M M 4 15 220
27 29 13 21 -5 44 0 0.00 M M 3.3 12 250 M M 7 8 19 240
28 39 13 26 0 39 0 0.00 M M 1.7 9 200 M M 7 12 220
29 53 18 36 11 29 0 0.00 M M 0.9 6 150 M M 2 8 230
30 54 37 46 21 19 0 T M M 1.0 6 10 M M 9 8 7 350
31 56 40 48 23 17 0 0.10 M M 2.8 8 240 M M 7 8 11 230
================================================================================
SM 1198 633 1093 0 2.52 M 169.8 M 192
================================================================================
AV 38.6 20.4 5.5 FASTST M M 6 MAX(MPH)
MISC ----> 32 170 47 200
================================================================================
NOTES:
# LAST OF SEVERAL OCCURRENCES
COLUMN 17 PEAK WIND IN M.P.H.
PRELIMINARY LOCAL CLIMATOLOGICAL DATA (WS FORM: F-6) , PAGE 2
STATION: BENNINGTON VT
MONTH: DECEMBER
YEAR: 2022
LATITUDE: 42 53 N
LONGITUDE: 73 15 W
[TEMPERATURE DATA] [PRECIPITATION DATA] SYMBOLS USED IN COLUMN 16
AVERAGE MONTHLY: 29.5 TOTAL FOR MONTH: 2.52 1 = FOG OR MIST
DPTR FM NORMAL: 0.4 DPTR FM NORMAL: -0.38 2 = FOG REDUCING VISIBILITY
HIGHEST: 60 ON 7 GRTST 24HR 0.66 ON 16-17 TO 1/4 MILE OR LESS
LOWEST: 2 ON 13 3 = THUNDER
SNOW, ICE PELLETS, HAIL 4 = ICE PELLETS
TOTAL MONTH: M 5 = HAIL
GRTST 24HR M ON M 6 = FREEZING RAIN OR DRIZZLE
GRTST DEPTH: M ON M 7 = DUSTSTORM OR SANDSTORM:
VSBY 1/2 MILE OR LESS
8 = SMOKE OR HAZE
[NO. OF DAYS WITH] [WEATHER - DAYS WITH] 9 = BLOWING SNOW
X = TORNADO
MAX 32 OR BELOW: 9 0.01 INCH OR MORE: 10
MAX 90 OR ABOVE: 0 0.10 INCH OR MORE: 8
MIN 32 OR BELOW: 25 0.50 INCH OR MORE: 2
MIN 0 OR BELOW: 0 1.00 INCH OR MORE: 0
[HDD (BASE 65) ]
TOTAL THIS MO. 1093 CLEAR (SCALE 0-3) 6
DPTR FM NORMAL -21 PTCLDY (SCALE 4-7) 16
TOTAL FM JUL 1 2397 CLOUDY (SCALE 8-10) 9
DPTR FM NORMAL -243
[CDD (BASE 65) ]
TOTAL THIS MO. 0
DPTR FM NORMAL 0 [PRESSURE DATA]
TOTAL FM JAN 1 539 HIGHEST SLP 30.52 ON 21
DPTR FM NORMAL 168 LOWEST SLP 28.84 ON 23
[REMARKS]
#FINAL-12-22#