000
CXUS55 KALY 010710
CF6DDH
PRELIMINARY LOCAL CLIMATOLOGICAL DATA (WS FORM: F-6)
STATION: BENNINGTON VT
MONTH: JULY
YEAR: 2020
LATITUDE: 42 53 N
LONGITUDE: 73 15 W
TEMPERATURE IN F: :PCPN: SNOW: WIND :SUNSHINE: SKY :PK WND
================================================================================
1 2 3 4 5 6A 6B 7 8 9 10 11 12 13 14 15 16 17 18
12Z AVG MX 2MIN
DY MAX MIN AVG DEP HDD CDD WTR SNW DPTH SPD SPD DIR MIN PSBL S-S WX SPD DR
================================================================================
1 80 59 70 3 0 5 0.92 M M 3.1 14 150 M M 9 12 22 90
2 88 59 74 7 0 9 0.01 M M 0.7 22 350 M M 5 12 29 350
3 79 62 71 3 0 6 0.26 M M 2.2 18 70 M M 7 1 23 90
4 86 58 72 4 0 7 0.00 M M 3.0 12 310 M M 2 12 17 320
5 86 57 72 4 0 7 0.00 M M 3.5 10 250 M M 2 1 16 240
6 85 57 71 3 0 6 0.00 M M 2.3 12 140 M M 0 1 15 140
7 80 63 72 4 0 7 0.00 M M 5.4 14 150 M M 2 20 190
8 86 65 76 8 0 11 0.28 M M 3.4 13 250 M M 7 12 18 210
9 90 62 76 8 0 11 T M M 1.7 10 230 M M 4 12 13 210
10 86 67 77 9 0 12 0.10 M M 5.2 16 130 M M 3 1 22 120
11 87 71 79 11 0 14 0.11 M M 11.2 20 150 M M 6 13 28 150
12 84 66 75 7 0 10 0.00 M M 6.8 16 210 M M 6 24 200
13 84 63 74 6 0 9 T M M 2.5 14 340 M M 3 17 320
14 79 61 70 2 0 5 0.57 M M 2.6 12 90 M M 6 13 17 340
15 81 57 69 1 0 4 0.00 M M 2.6 12 130 M M 5 12 18 140
16 78 64 71 3 0 6 0.12 M M 7.7 15 170 M M 9 20 140
17 80 60 70 2 0 5 0.21 M M 3.9 14 140 M M 7 1 27 270
18 87 57 72 4 0 7 0.00 M M 2.3 12 240 M M 0 12 16 250
19 92 60 76 8 0 11 0.00 M M 5.3 20 190 M M 2 1 27 190
20 86 67 77 9 0 12 0.02 M M 5.8 15 270 M M 3 18 22 260
21 82 59 71 3 0 6 0.00 M M 4.1 13 280 M M 2 19 310
22 83 61 72 4 0 7 1.14 M M 2.3 14 220 M M 8 123 19 220
23 83 65 74 6 0 9 0.01 M M 2.7 10 250 M M 6 12 15 260
24 84 62 73 5 0 8 0.00 M M 2.2 8 320 M M 2 12 12 310
25 85 59 72 4 0 7 0.00 M M 2.8 9 270 M M 2 1 17 290
26 86 58 72 4 0 7 0.00 M M 4.3 15 290 M M 0 22 220
27 92 64 78 10 0 13 0.00 M M 4.6 13 250 M M 2 20 250
28 81 59 70 2 0 5 0.73 M M 4.1 18 220 M M 3 1238 25 240
29 87 55 71 3 0 6 0.03 M M 2.4 10 260 M M 3 1 15 210
30 82 61 72 4 0 7 0.07 M M 3.2 10 220 M M 6 1 15 300
31 85 56 71 3 0 6 0.00 M M 2.1 10 320 M M 0 1 16 270
================================================================================
SM 2614 1894 0 245 4.58 M 116.0 M 122
================================================================================
AV 84.3 61.1 3.7 FASTST M M 4 MAX(MPH)
MISC ----> 22 350 29 350
================================================================================
NOTES:
# LAST OF SEVERAL OCCURRENCES
COLUMN 17 PEAK WIND IN M.P.H.
PRELIMINARY LOCAL CLIMATOLOGICAL DATA (WS FORM: F-6) , PAGE 2
STATION: BENNINGTON VT
MONTH: JULY
YEAR: 2020
LATITUDE: 42 53 N
LONGITUDE: 73 15 W
[TEMPERATURE DATA] [PRECIPITATION DATA] SYMBOLS USED IN COLUMN 16
AVERAGE MONTHLY: 72.7 TOTAL FOR MONTH: 4.58 1 = FOG OR MIST
DPTR FM NORMAL: 4.5 DPTR FM NORMAL: 0.24 2 = FOG REDUCING VISIBILITY
HIGHEST: 92 ON 27,19 GRTST 24HR 1.71 ON 30- 1 TO 1/4 MILE OR LESS
LOWEST: 55 ON 29 3 = THUNDER
SNOW, ICE PELLETS, HAIL 4 = ICE PELLETS
TOTAL MONTH: M 5 = HAIL
GRTST 24HR M ON M 6 = FREEZING RAIN OR DRIZZLE
GRTST DEPTH: M ON M 7 = DUSTSTORM OR SANDSTORM:
VSBY 1/2 MILE OR LESS
8 = SMOKE OR HAZE
[NO. OF DAYS WITH] [WEATHER - DAYS WITH] 9 = BLOWING SNOW
X = TORNADO
MAX 32 OR BELOW: 0 0.01 INCH OR MORE: 15
MAX 90 OR ABOVE: 3 0.10 INCH OR MORE: 10
MIN 32 OR BELOW: 0 0.50 INCH OR MORE: 4
MIN 0 OR BELOW: 0 1.00 INCH OR MORE: 1
[HDD (BASE 65) ]
TOTAL THIS MO. 0 CLEAR (SCALE 0-3) 15
DPTR FM NORMAL -24 PTCLDY (SCALE 4-7) 14
TOTAL FM JUL 1 0 CLOUDY (SCALE 8-10) 2
DPTR FM NORMAL -31
[CDD (BASE 65) ]
TOTAL THIS MO. 245
DPTR FM NORMAL 122 [PRESSURE DATA]
TOTAL FM JAN 1 397 HIGHEST SLP M ON M
DPTR FM NORMAL 202 LOWEST SLP 29.54 ON 12
[REMARKS]
#FINAL-07-20#