000
CXUS55 KBOU 010900
CF6DEN
PRELIMINARY LOCAL CLIMATOLOGICAL DATA (WS FORM: F-6)
STATION: DENVER CO
MONTH: OCTOBER
YEAR: 2023
LATITUDE: 39 52 N
LONGITUDE: 104 40 W
TEMPERATURE IN F: :PCPN: SNOW: WIND :SUNSHINE: SKY :PK WND
================================================================================
1 2 3 4 5 6A 6B 7 8 9 10 11 12 13 14 15 16 17 18
12Z AVG MX 2MIN
DY MAX MIN AVG DEP HDD CDD WTR SNW DPTH SPD SPD DIR MIN PSBL S-S WX SPD DR
================================================================================
1 86 58 72 14 0 7 0.00 0.0 0 19.3 29 200 M M 4 39 170
2 85 50 68 10 0 3 T 0.0 0 12.1 35 190 M M 5 3 47 210
3 71 42 57 0 8 0 0.00 0.0 0 9.9 24 320 M M 5 12 35 300
4 71 43 57 1 8 0 0.00 0.0 0 8.5 18 140 M M 5 30 110
5 70 40 55 -1 10 0 0.00 0.0 0 8.2 14 60 M M 3 23 110
6 56 36 46 -10 19 0 0.00 0.0 0 7.9 16 180 M M 5 21 210
7 73 38 56 1 9 0 0.00 0.0 0 7.5 17 210 M M 1 3 23 210
8 78 44 61 7 4 0 0.00 0.0 0 8.3 16 30 M M 1 23 30
9 80 43 62 8 3 0 0.00 0.0 0 7.1 15 200 M M 2 8 21 200
10 80 48 64 10 1 0 0.00 0.0 0 8.7 16 270 M M 3 24 270
11 76 45 61 8 4 0 0.01 0.0 0 10.7 29 300 M M 5 3 39 300
12 60 38 49 -4 16 0 T 0.0 0 14.2 37 10 M M 8 51 10
13 55 29 42 -10 23 0 0.00 0.0 0 14.4 29 340 M M 4 43 360
14 54 29 42 -10 23 0 0.00 0.0 0 6.3 12 160 M M 6 15 70
15 67 33 50 -1 15 0 0.00 0.0 0 8.6 15 360 M M 2 21 40
16 75 40 58 7 7 0 0.00 0.0 0 8.1 14 180 M M 2 17 170
17 85 47 66 16 0 1 0.00 0.0 0 9.8 22 280 M M 3 29 280
18 72 40 56 6 9 0 0.00 0.0 0 8.3 20 30 M M 3 27 20
19 80 44 62 12 3 0 0.00 0.0 0 7.2 14 170 M M 0 18 40
20 86 46 66 17 0 1 0.00 0.0 0 9.2 15 220 M M 0 19 220
21 82 42 62 13 3 0 0.00 0.0 0 8.8 22 200 M M 3 28 200
22 74 43 59 11 6 0 0.00 0.0 0 9.5 16 180 M M 2 20 180
23 81 42 62 14 3 0 0.00 0.0 0 7.8 21 40 M M 2 28 50
24 70 42 56 8 9 0 T 0.0 0 5.9 18 80 M M 6 3 24 70
25 69 39 54 7 11 0 0.00 0.0 0 7.2 18 340 M M 3 128 22 350
26 49 30 40 -7 25 0 T 0.0 0 7.2 23 30 M M 8 128 30 20
27 50 24 37 -10 28 0 0.00 0.0 0 13.1 24 310 M M 6 30 310
28 31 21 26 -20 39 0 0.39 5.3 T 6.8 14 130 M M 9 12 17 130
29 30 17 24 -22 41 0 0.12 2.2 6 6.6 14 210 M M 7 18 17 210
30 45 11 28 -18 37 0 0.00 0.0 4 7.3 17 200 M M 0 20 190
31 51 17 34 -11 31 0 0.00 0.0 2 7.8 15 200 M M 1 23 200
================================================================================
SM 2092 1161 395 12 0.52 7.5 282.3 M 114
================================================================================
AV 67.5 37.5 9.1 FASTST M M 4 MAX(MPH)
MISC ----> 37 10 51 10
================================================================================
NOTES:
# LAST OF SEVERAL OCCURRENCES
COLUMN 17 PEAK WIND IN M.P.H.
PRELIMINARY LOCAL CLIMATOLOGICAL DATA (WS FORM: F-6) , PAGE 2
STATION: DENVER CO
MONTH: OCTOBER
YEAR: 2023
LATITUDE: 39 52 N
LONGITUDE: 104 40 W
[TEMPERATURE DATA] [PRECIPITATION DATA] SYMBOLS USED IN COLUMN 16
AVERAGE MONTHLY: 52.5 TOTAL FOR MONTH: 0.52 1 = FOG OR MIST
DPTR FM NORMAL: 1.4 DPTR FM NORMAL: -0.47 2 = FOG REDUCING VISIBILITY
HIGHEST: 86 ON 20, 1 GRTST 24HR 0.43 ON 28-29 TO 1/4 MILE OR LESS
LOWEST: 11 ON 30 3 = THUNDER
SNOW, ICE PELLETS, HAIL 4 = ICE PELLETS
TOTAL MONTH: 7.5 INCHES 5 = HAIL
GRTST 24HR 5.3 ON 28-28 6 = FREEZING RAIN OR DRIZZLE
GRTST DEPTH: 6 ON 29 7 = DUSTSTORM OR SANDSTORM:
VSBY 1/2 MILE OR LESS
8 = SMOKE OR HAZE
[NO. OF DAYS WITH] [WEATHER - DAYS WITH] 9 = BLOWING SNOW
X = TORNADO
MAX 32 OR BELOW: 2 0.01 INCH OR MORE: 3
MAX 90 OR ABOVE: 0 0.10 INCH OR MORE: 2
MIN 32 OR BELOW: 8 0.50 INCH OR MORE: 0
MIN 0 OR BELOW: 0 1.00 INCH OR MORE: 0
[HDD (BASE 65) ]
TOTAL THIS MO. 395 CLEAR (SCALE 0-3) 15
DPTR FM NORMAL -41 PTCLDY (SCALE 4-7) 15
TOTAL FM JUL 1 432 CLOUDY (SCALE 8-10) 1
DPTR FM NORMAL -123
[CDD (BASE 65) ]
TOTAL THIS MO. 12
DPTR FM NORMAL 5 [PRESSURE DATA]
TOTAL FM JAN 1 791 HIGHEST SLP M ON M
DPTR FM NORMAL -58 LOWEST SLP 29.19 ON 11
[REMARKS]
#FINAL-10-23#