585
CXUS54 KSHV 011400
CF6DEQ
PRELIMINARY LOCAL CLIMATOLOGICAL DATA (WS FORM: F-6)
STATION: DE QUEEN
MONTH: DECEMBER
YEAR: 2020
LATITUDE: 34 2 N
LONGITUDE: 94 24 W
TEMPERATURE IN F: :PCPN: SNOW: WIND :SUNSHINE: SKY :PK WND
================================================================================
1 2 3 4 5 6A 6B 7 8 9 10 11 12 13 14 15 16 17 18
12Z AVG MX 2MIN
DY MAX MIN AVG DEP HDD CDD WTR SNW DPTH SPD SPD DIR MIN PSBL S-S WX SPD DR
================================================================================
1 57 21 39 -7 26 0 0.00 0.0 0 3.3 12 170 M M 2 12 15 170
2 44 40 42 -3 23 0 0.24 0.0 0 6.8 16 90 M M 10 1 21 90
3 48 43 46 1 19 0 T 0.0 0 3.3 12 270 M M 10 1 15 90
4 55 33 44 -1 21 0 0.00 0.0 0 4.8 12 230 M M 4 12 15 250
5 64 30 47 2 18 0 0.00 0.0 0 1.7 12 250 M M 2 12 16 270
6 61 34 48 4 17 0 0.00 0.0 0 2.8 12 360 M M 2 12 17 360
7 62 29 46 2 19 0 0.00 0.0 0 2.6 12 280 M M 1 12 15 270
8 71 29 50 6 15 0 0.00 0.0 0 2.0 10 260 M M 0 18 12 250
9 73 31 52 8 13 0 0.00 0.0 0 1.8 8 240 M M 0 1 9 230
10 75 32 54 11 11 0 0.00 0.0 0 2.9 13 180 M M 0 18 17 180
11 62 42 52 9 13 0 0.66 0.0 0 3.5 15 270 M M 7 1 19 180
12 54 36 45 2 20 0 0.00 0.0 0 4.6 12 270 M M 1 1 18 280
13 42 34 38 -5 27 0 1.06 T 0 7.1 17 70 M M 9 1 24 70
14 50 29 40 -3 25 0 0.00 0.0 0 4.0 12 120 M M 0 15 100
15 36 29 33 -10 32 0 0.05 T 0 4.9 13 90 M M 7 1 18 60
16 43 31 37 -5 28 0 0.04 0.0 0 5.0 14 300 M M 9 1 18 310
17 54 25 40 -2 25 0 0.00 0.0 0 1.6 10 250 M M 0 1 15 280
18 58 28 43 1 22 0 0.00 0.0 0 4.2 15 170 M M 2 1 22 180
19 51 42 47 5 18 0 0.02 0.0 0 2.6 8 70 M M 10 12 10 110
20 59 32 46 4 19 0 0.00 0.0 0 3.1 14 250 M M 5 128 17 260
21 68 29 49 7 16 0 0.00 0.0 0 2.1 14 250 M M 0 128 17 240
22 68 33 51 9 14 0 0.00 0.0 0 4.8 15 170 M M 1 1 20 150
23 72 37 55 13 10 0 0.00 0.0 0 11.6 25 320 M M 6 39 330
24 45 23 34 -8 31 0 0.00 0.0 0 7.3 25 300 M M 0 35 300
25 51 21 36 -6 29 0 0.00 0.0 0 3.4 12 290 M M 0 16 280
26 64 25 45 3 20 0 0.00 0.0 0 1.7 8 170 M M 0 18 12 170
27 71 33 52 10 13 0 T 0.0 0 6.0 23 230 M M 3 128 32 240
28 64 32 48 6 17 0 0.00 0.0 0 5.9 15 100 M M 2 12 22 100
29 59 45 52 10 13 0 T 0.0 0 9.7 20 100 M M 7 1 26 100
30 62 45 54 12 11 0 1.70 0.0 0 5.3 15 20 M M 10 1 23 30
31 46 38 42 0 23 0 3.24 0.0 0 11.3 26 80 M M 10 1 34 90
================================================================================
SM 1789 1011 608 0 7.01 T 141.7 M 120
================================================================================
AV 57.7 32.6 4.6 FASTST M M 4 MAX(MPH)
MISC ----> 26 80 39 330
================================================================================
NOTES:
# LAST OF SEVERAL OCCURRENCES
COLUMN 17 PEAK WIND IN M.P.H.
PRELIMINARY LOCAL CLIMATOLOGICAL DATA (WS FORM: F-6) , PAGE 2
STATION: DE QUEEN
MONTH: DECEMBER
YEAR: 2020
LATITUDE: 34 2 N
LONGITUDE: 94 24 W
[TEMPERATURE DATA] [PRECIPITATION DATA] SYMBOLS USED IN COLUMN 16
AVERAGE MONTHLY: 45.2 TOTAL FOR MONTH: 7.01 1 = FOG OR MIST
DPTR FM NORMAL: 2.2 DPTR FM NORMAL: 2.65 2 = FOG REDUCING VISIBILITY
HIGHEST: 75 ON 10 GRTST 24HR 3.24 ON 31-31 TO 1/4 MILE OR LESS
LOWEST: 21 ON 25, 1 3 = THUNDER
SNOW, ICE PELLETS, HAIL 4 = ICE PELLETS
TOTAL MONTH: T 5 = HAIL
GRTST 24HR T ON 13-13 6 = FREEZING RAIN OR DRIZZLE
GRTST DEPTH: 0 7 = DUSTSTORM OR SANDSTORM:
VSBY 1/2 MILE OR LESS
8 = SMOKE OR HAZE
[NO. OF DAYS WITH] [WEATHER - DAYS WITH] 9 = BLOWING SNOW
X = TORNADO
MAX 32 OR BELOW: 0 0.01 INCH OR MORE: 8
MAX 90 OR ABOVE: 0 0.10 INCH OR MORE: 5
MIN 32 OR BELOW: 17 0.50 INCH OR MORE: 4
MIN 0 OR BELOW: 0 1.00 INCH OR MORE: 3
[HDD (BASE 65) ]
TOTAL THIS MO. 608 CLEAR (SCALE 0-3) 17
DPTR FM NORMAL -75 PTCLDY (SCALE 4-7) 7
TOTAL FM JUL 1 1048 CLOUDY (SCALE 8-10) 7
DPTR FM NORMAL -160
[CDD (BASE 65) ]
TOTAL THIS MO. 0
DPTR FM NORMAL 0 [PRESSURE DATA]
TOTAL FM JAN 1 2041 HIGHEST SLP 30.35 ON 14
DPTR FM NORMAL 100 LOWEST SLP 29.59 ON 31
[REMARKS]
#FINAL-12-20#